{"id":10085,"date":"2019-03-19T11:29:38","date_gmt":"2019-03-19T11:29:38","guid":{"rendered":"http:\/\/www.wallamascotas.com\/web3\/?post_type=product&#038;p=10085"},"modified":"2026-03-25T18:20:09","modified_gmt":"2026-03-25T18:20:09","slug":"max-2-anos-cadiz","status":"publish","type":"product","link":"https:\/\/www.wallamascotas.com\/web3\/mascota\/max-2-anos-cadiz\/","title":{"rendered":"MAX \u2013 3 A\u00d1OS"},"content":{"rendered":"<p><a href=\"http:\/\/www.wallamascotas.com\/web3\/wp-content\/uploads\/2018\/10\/banner_publicidad_wallamascotas_colabora2-1.jpg\"><img loading=\"lazy\" decoding=\"async\" class=\"alignnone size-full wp-image-7248\" src=\"http:\/\/www.wallamascotas.com\/web3\/wp-content\/uploads\/2018\/10\/banner_publicidad_wallamascotas_colabora2-1.jpg\" alt=\"\" width=\"750\" height=\"220\" \/><\/a><\/p>\n<div dir=\"auto\"><span style=\"color: #33cccc;\"><strong>ADOPTADO<\/strong><\/span><\/div>\n<div dir=\"auto\"><\/div>\n<div dir=\"auto\">MAX&#8230;AGUARDA TU LLEGADA<\/div>\n<div dir=\"auto\"><\/div>\n<div dir=\"auto\">Es un bomb\u00f3n en toda regla..<\/div>\n<div dir=\"auto\">Tod@ aquel que lo roza coinciden en lo mismo..se hace querer por su car\u00e1cter tan dulce.<\/div>\n<div dir=\"auto\">Es cari\u00f1oso, amigable, bueno, tranquilo y se muere por una caricia.<\/div>\n<div dir=\"auto\">Este coraz\u00f3n carece del calor de un hogar y por ello vamos a ayudarlo y no vamos a parar hasta conseguir su \u00fanica meta ahora mismo; que forme parte de tu familia.<\/div>\n<div dir=\"auto\">Despu\u00e9s de 7 meses sigue aguardando t\u00fa llegada.<\/div>\n<div dir=\"auto\">An\u00edmate y escr\u00edbenos; el est\u00e1 ansioso de formar parte de tu vida.<\/div>\n<div dir=\"auto\">-Raza: cruce de Ca de bestiar.<\/div>\n<div dir=\"auto\">-Fecha de nacimiento: 28\/12\/16.<\/div>\n<div dir=\"auto\">-Peso : 25 kg.<\/div>\n<div dir=\"auto\">-Tama\u00f1o : mediano.<\/div>\n<div dir=\"auto\">-Car\u00e1cter: cari\u00f1oso,sociable, tranquilo, bien con otros perros, gatos y le chifla los ni\u00f1os.<\/div>\n<div dir=\"auto\">-Situaci\u00f3n actual: se encuentra en Sevilla.<\/div>\n<p><a href=\"http:\/\/www.wallamascotas.com\/web3\/wp-content\/uploads\/2018\/10\/banner_publicidad_wallamascotas_no_compres-1.jpg\"><img loading=\"lazy\" decoding=\"async\" class=\"alignnone size-full wp-image-7183\" src=\"http:\/\/www.wallamascotas.com\/web3\/wp-content\/uploads\/2018\/10\/banner_publicidad_wallamascotas_no_compres-1.jpg\" alt=\"\" width=\"750\" height=\"140\" srcset=\"https:\/\/www.wallamascotas.com\/web3\/wp-content\/uploads\/2018\/10\/banner_publicidad_wallamascotas_no_compres-1.jpg 750w, https:\/\/www.wallamascotas.com\/web3\/wp-content\/uploads\/2018\/10\/banner_publicidad_wallamascotas_no_compres-1-300x56.jpg 300w, https:\/\/www.wallamascotas.com\/web3\/wp-content\/uploads\/2018\/10\/banner_publicidad_wallamascotas_no_compres-1-600x112.jpg 600w\" sizes=\"auto, (max-width: 750px) 100vw, 750px\" \/><\/a><\/p>\n<p><a href=\"http:\/\/www.wallamascotas.com\/web3\/wp-content\/uploads\/2018\/10\/banner_colabora.jpg\"><img loading=\"lazy\" decoding=\"async\" class=\"alignnone size-full wp-image-7179\" src=\"http:\/\/www.wallamascotas.com\/web3\/wp-content\/uploads\/2018\/10\/banner_colabora.jpg\" alt=\"\" width=\"750\" height=\"140\" srcset=\"https:\/\/www.wallamascotas.com\/web3\/wp-content\/uploads\/2018\/10\/banner_colabora.jpg 750w, https:\/\/www.wallamascotas.com\/web3\/wp-content\/uploads\/2018\/10\/banner_colabora-300x56.jpg 300w, https:\/\/www.wallamascotas.com\/web3\/wp-content\/uploads\/2018\/10\/banner_colabora-600x112.jpg 600w\" sizes=\"auto, (max-width: 750px) 100vw, 750px\" \/><\/a><\/p>\n<div class=\"fb-page\" data-href=\"https:\/\/www.facebook.com\/wallamascotas\" data-width=\"340\" data-hide-cover=\"false\" data-show-facepile=\"true\"><\/div>\n","protected":false},"excerpt":{"rendered":"<p style=\"text-align: justify;\"><span style=\"color: #33cccc;\"><strong>ADOPTADO.<\/strong><\/span> ES UN BOMBON<\/p>\n","protected":false},"featured_media":0,"template":"","meta":{"_acf_changed":false},"product_brand":[],"product_cat":[51,1000],"product_tag":[],"class_list":{"0":"post-10085","1":"product","2":"type-product","3":"status-publish","5":"product_cat-adoptados","6":"product_cat-adoptar-perro-gato-adoptar-mascota-es","7":"pa_fecha_nacimiento-2-anos","8":"pa_fecha-alta-19-03-2019","9":"pa_origen-asociacion-maskeperros","10":"pa_provincia-cadiz","11":"pa_tamano-c","13":"first","14":"instock","15":"taxable","16":"shipping-taxable","17":"product-type-simple"},"acf":[],"_links":{"self":[{"href":"https:\/\/www.wallamascotas.com\/web3\/wp-json\/wp\/v2\/product\/10085","targetHints":{"allow":["GET"]}}],"collection":[{"href":"https:\/\/www.wallamascotas.com\/web3\/wp-json\/wp\/v2\/product"}],"about":[{"href":"https:\/\/www.wallamascotas.com\/web3\/wp-json\/wp\/v2\/types\/product"}],"wp:attachment":[{"href":"https:\/\/www.wallamascotas.com\/web3\/wp-json\/wp\/v2\/media?parent=10085"}],"wp:term":[{"taxonomy":"product_brand","embeddable":true,"href":"https:\/\/www.wallamascotas.com\/web3\/wp-json\/wp\/v2\/product_brand?post=10085"},{"taxonomy":"product_cat","embeddable":true,"href":"https:\/\/www.wallamascotas.com\/web3\/wp-json\/wp\/v2\/product_cat?post=10085"},{"taxonomy":"product_tag","embeddable":true,"href":"https:\/\/www.wallamascotas.com\/web3\/wp-json\/wp\/v2\/product_tag?post=10085"}],"curies":[{"name":"wp","href":"https:\/\/api.w.org\/{rel}","templated":true}]}}

MAX – 3 AÑOS

<p><a href="http://www.wallamascotas.com/web3/wp-content/uploads/2018/10/banner_publicidad_wallamascotas_colabora2-1.jpg"><img loading="lazy" decoding="async" class="alignnone size-full wp-image-7248" src="http://www.wallamascotas.com/web3/wp-content/uploads/2018/10/banner_publicidad_wallamascotas_colabora2-1.jpg" alt="" width="750" height="220" /></a></p>
<div dir="auto"><span style="color: #33cccc;"><strong>ADOPTADO</strong></span></div>
<div dir="auto"></div>
<div dir="auto">MAX&#8230;AGUARDA TU LLEGADA</div>
<div dir="auto"></div>
<div dir="auto">Es un bombón en toda regla..</div>
<div dir="auto">Tod@ aquel que lo roza coinciden en lo mismo..se hace querer por su carácter tan dulce.</div>
<div dir="auto">Es cariñoso, amigable, bueno, tranquilo y se muere por una caricia.</div>
<div dir="auto">Este corazón carece del calor de un hogar y por ello vamos a ayudarlo y no vamos a parar hasta conseguir su única meta ahora mismo; que forme parte de tu familia.</div>
<div dir="auto">Después de 7 meses sigue aguardando tú llegada.</div>
<div dir="auto">Anímate y escríbenos; el está ansioso de formar parte de tu vida.</div>
<div dir="auto">-Raza: cruce de Ca de bestiar.</div>
<div dir="auto">-Fecha de nacimiento: 28/12/16.</div>
<div dir="auto">-Peso : 25 kg.</div>
<div dir="auto">-Tamaño : mediano.</div>
<div dir="auto">-Carácter: cariñoso,sociable, tranquilo, bien con otros perros, gatos y le chifla los niños.</div>
<div dir="auto">-Situación actual: se encuentra en Sevilla.</div>
<p><a href="http://www.wallamascotas.com/web3/wp-content/uploads/2018/10/banner_publicidad_wallamascotas_no_compres-1.jpg"><img loading="lazy" decoding="async" class="alignnone size-full wp-image-7183" src="http://www.wallamascotas.com/web3/wp-content/uploads/2018/10/banner_publicidad_wallamascotas_no_compres-1.jpg" alt="" width="750" height="140" srcset="https://www.wallamascotas.com/web3/wp-content/uploads/2018/10/banner_publicidad_wallamascotas_no_compres-1.jpg 750w, https://www.wallamascotas.com/web3/wp-content/uploads/2018/10/banner_publicidad_wallamascotas_no_compres-1-300x56.jpg 300w, https://www.wallamascotas.com/web3/wp-content/uploads/2018/10/banner_publicidad_wallamascotas_no_compres-1-600x112.jpg 600w" sizes="auto, (max-width: 750px) 100vw, 750px" /></a></p>
<p><a href="http://www.wallamascotas.com/web3/wp-content/uploads/2018/10/banner_colabora.jpg"><img loading="lazy" decoding="async" class="alignnone size-full wp-image-7179" src="http://www.wallamascotas.com/web3/wp-content/uploads/2018/10/banner_colabora.jpg" alt="" width="750" height="140" srcset="https://www.wallamascotas.com/web3/wp-content/uploads/2018/10/banner_colabora.jpg 750w, https://www.wallamascotas.com/web3/wp-content/uploads/2018/10/banner_colabora-300x56.jpg 300w, https://www.wallamascotas.com/web3/wp-content/uploads/2018/10/banner_colabora-600x112.jpg 600w" sizes="auto, (max-width: 750px) 100vw, 750px" /></a></p>
<div class="fb-page" data-href="https://www.facebook.com/wallamascotas" data-width="340" data-hide-cover="false" data-show-facepile="true"></div>
