{"id":10187,"date":"2019-03-29T09:24:01","date_gmt":"2019-03-29T09:24:01","guid":{"rendered":"http:\/\/www.wallamascotas.com\/web3\/?post_type=product&#038;p=10187"},"modified":"2026-03-25T18:20:09","modified_gmt":"2026-03-25T18:20:09","slug":"sira-3-anos-granada","status":"publish","type":"product","link":"https:\/\/www.wallamascotas.com\/web3\/mascota\/sira-3-anos-granada\/","title":{"rendered":"SIRA \u2013 3 A\u00d1OS"},"content":{"rendered":"<p><a href=\"http:\/\/www.wallamascotas.com\/web3\/wp-content\/uploads\/2018\/10\/banner_publicidad_wallamascotas_colabora2-1.jpg\"><img loading=\"lazy\" decoding=\"async\" class=\"alignnone size-full wp-image-7248\" src=\"http:\/\/www.wallamascotas.com\/web3\/wp-content\/uploads\/2018\/10\/banner_publicidad_wallamascotas_colabora2-1.jpg\" alt=\"\" width=\"750\" height=\"220\" \/><\/a><\/p>\n<div class=\"fb-page\" data-href=\"https:\/\/www.facebook.com\/wallamascotas\" data-width=\"340\" data-hide-cover=\"false\" data-show-facepile=\"true\">\n<p><span style=\"color: #33cccc; font-size: 130%;\"><strong>ADOPTADA<\/strong><\/span><\/p>\n<p>Me voy a presentar yo s\u00f3la aunque soy bastante t\u00edmida, pero har\u00e9 el esfuerzo. Me llamo Sira, que as\u00ed es como me puso mi madre de acogida al sacarme de la calle cuando corr\u00eda un gran peligro ya que viv\u00eda en un vertedero en la rotonda de un centro comercial \u00bf imagin\u00e1is el tr\u00e1fico que hay? Peligro total. Tengo apr\u00f3x. 2&#8217;5 a\u00f1os, soy negativa en leucemia e inmuno y estoy esterilizada porque al recogerme mam\u00e1 iba con regalito ( tres bebes que nacieron y se dieron en adopci\u00f3n) pero a ella no le import\u00f3. Bueno llevo ya 14 meses en su casa y a\u00fan tengo un poquito de miedo cuando se me acercan bruscamente . No recuerdo que pudieron hacerme para estar as\u00ed pero con paciencia, terapia y mucho cari\u00f1o estoy avanzando lentamente. Quiero un hogar con alg\u00fan gatito noble ya que yo no doy ruido, soy muy tranquila y nada territorial . Me llevo muy bien con los machos y mi Romeo ( Sirius ) lo confirmar\u00e1.no puedo quedarme en esta casa porque mi mam\u00e1 es cada de acogida y hay muchos gatines, no puede con todos.<\/p>\n<\/div>\n","protected":false},"excerpt":{"rendered":"<p><span style=\"color: #33cccc;\"><strong>ADOPTADA.<\/strong><\/span> Muy tranquila<\/p>\n","protected":false},"featured_media":0,"template":"","meta":{"_acf_changed":false},"product_brand":[],"product_cat":[51,1000],"product_tag":[],"class_list":{"0":"post-10187","1":"product","2":"type-product","3":"status-publish","5":"product_cat-adoptados","6":"product_cat-adoptar-perro-gato-adoptar-mascota-es","7":"pa_fecha_nacimiento-3-anos","8":"pa_fecha-alta-6-3-2019","9":"pa_origen-maullidos-invisibles","10":"pa_pais-espana","11":"pa_provincia-granada","12":"pa_sexo-hembra","14":"first","15":"instock","16":"taxable","17":"shipping-taxable","18":"product-type-simple"},"acf":[],"_links":{"self":[{"href":"https:\/\/www.wallamascotas.com\/web3\/wp-json\/wp\/v2\/product\/10187","targetHints":{"allow":["GET"]}}],"collection":[{"href":"https:\/\/www.wallamascotas.com\/web3\/wp-json\/wp\/v2\/product"}],"about":[{"href":"https:\/\/www.wallamascotas.com\/web3\/wp-json\/wp\/v2\/types\/product"}],"wp:attachment":[{"href":"https:\/\/www.wallamascotas.com\/web3\/wp-json\/wp\/v2\/media?parent=10187"}],"wp:term":[{"taxonomy":"product_brand","embeddable":true,"href":"https:\/\/www.wallamascotas.com\/web3\/wp-json\/wp\/v2\/product_brand?post=10187"},{"taxonomy":"product_cat","embeddable":true,"href":"https:\/\/www.wallamascotas.com\/web3\/wp-json\/wp\/v2\/product_cat?post=10187"},{"taxonomy":"product_tag","embeddable":true,"href":"https:\/\/www.wallamascotas.com\/web3\/wp-json\/wp\/v2\/product_tag?post=10187"}],"curies":[{"name":"wp","href":"https:\/\/api.w.org\/{rel}","templated":true}]}}