{"id":10190,"date":"2019-03-29T09:30:09","date_gmt":"2019-03-29T09:30:09","guid":{"rendered":"http:\/\/www.wallamascotas.com\/web3\/?post_type=product&#038;p=10190"},"modified":"2026-03-25T18:20:09","modified_gmt":"2026-03-25T18:20:09","slug":"maddie-y-ruddy-1-ano-granada-2","status":"publish","type":"product","link":"https:\/\/www.wallamascotas.com\/web3\/mascota\/maddie-y-ruddy-1-ano-granada-2\/","title":{"rendered":"MADDIE \u2013 1 A\u00d1O"},"content":{"rendered":"<p><a href=\"http:\/\/www.wallamascotas.com\/web3\/wp-content\/uploads\/2018\/10\/banner_publicidad_wallamascotas_colabora2-1.jpg\"><img loading=\"lazy\" decoding=\"async\" class=\"alignnone size-full wp-image-7248\" src=\"http:\/\/www.wallamascotas.com\/web3\/wp-content\/uploads\/2018\/10\/banner_publicidad_wallamascotas_colabora2-1.jpg\" alt=\"\" width=\"750\" height=\"220\" \/><\/a><\/p>\n<div class=\"fb-page\" data-href=\"https:\/\/www.facebook.com\/wallamascotas\" data-width=\"340\" data-hide-cover=\"false\" data-show-facepile=\"true\">\n<p>&nbsp;<\/p>\n<p>MADDIE<br \/>\nHola maullideros!! \u00bfSab\u00e9is lo que es la lealtad? Pues os la voy a mostrar con estos peque\u00f1os. Nos llamamos Maddie y Rudy y venimos de un pueblecito de Ciudad Real, donde fuimos rescatados de la calle por las que ahora son nuestras mamis de acogida. Est\u00e1bamos cansados de estar all\u00ed, por lo que cuando nuestras mamis nos dijeron que nos meti\u00e9ramos en el trasport\u00edn no dudamos ni un segundo, sab\u00edamos que ir\u00edamos a un sitio mucho mejor. Y aqu\u00ed estamos, en una ciudad tan bonita como nosotros.<\/p>\n<p>Somos hermanitos y, como tal, nos cuidamos el uno al otro, y a donde va mi hermanito voy yo. He de decir que yo soy un poquito m\u00e1s t\u00edmida, pero cuando me dan mimitos me suelto enseguida; en cambio mi hermanito es m\u00e1s abierto y conf\u00eda en todo el mundo. Alguna que otra vez le han fallado, pero es lo que tiene tener el coraz\u00f3n tan grande, que sigues confiando porque no todo el mundo va a ser malo \u00bfno? Y a \u00e9l le gusta arriesgarse. Tenemos muchas cualidades, ya nos lo dijo la chica del vete, y es que somos una muestra de que el mundo tambi\u00e9n es bonito, pero s\u00f3lo en la compa\u00f1\u00eda adecuada y, nosotros, somos esa compa\u00f1\u00eda. Vivir a nuestro lado es una alegr\u00eda constante ya que damos amor, paz, felicidad y, sobre todo, mucho juego porque somos peques y tenemos toda una vida para jugar.<\/p>\n<p>Nos queremos mucho much\u00edsimo, por eso nos gustar\u00eda que la adopci\u00f3n sea conjunta, ya que si me quit\u00e1is a mi hermanito me quit\u00e1is a mi otra mitad. Con \u00e9l he vivido momentos buenos y malos, me ha ayudado a soportar el duro invierno en la calle y me gustar\u00eda agradec\u00e9rselo. Porque queridos Maullideros&#8230;\u00a1\u00a1El gato posee belleza sin vanidad, fuerza sin insolencia, coraje sin ferocidad y todas las virtudes del hombre sin sus vicios!!<\/p>\n<\/div>\n","protected":false},"excerpt":{"rendered":"<p><span style=\"color: #33cccc;\"><strong>ADOPTADA<\/strong><\/span><\/p>\n","protected":false},"featured_media":0,"template":"","meta":{"_acf_changed":false},"product_brand":[],"product_cat":[51,1000],"product_tag":[],"class_list":{"0":"post-10190","1":"product","2":"type-product","3":"status-publish","5":"product_cat-adoptados","6":"product_cat-adoptar-perro-gato-adoptar-mascota-es","7":"pa_fecha_nacimiento-1-ano","8":"pa_fecha-alta-6-3-2019","9":"pa_origen-maullidos-invisibles","10":"pa_pais-espana","11":"pa_provincia-granada","12":"pa_sexo-hembra","13":"pa_sexo-macho","15":"first","16":"instock","17":"taxable","18":"shipping-taxable","19":"product-type-simple"},"acf":[],"_links":{"self":[{"href":"https:\/\/www.wallamascotas.com\/web3\/wp-json\/wp\/v2\/product\/10190","targetHints":{"allow":["GET"]}}],"collection":[{"href":"https:\/\/www.wallamascotas.com\/web3\/wp-json\/wp\/v2\/product"}],"about":[{"href":"https:\/\/www.wallamascotas.com\/web3\/wp-json\/wp\/v2\/types\/product"}],"wp:attachment":[{"href":"https:\/\/www.wallamascotas.com\/web3\/wp-json\/wp\/v2\/media?parent=10190"}],"wp:term":[{"taxonomy":"product_brand","embeddable":true,"href":"https:\/\/www.wallamascotas.com\/web3\/wp-json\/wp\/v2\/product_brand?post=10190"},{"taxonomy":"product_cat","embeddable":true,"href":"https:\/\/www.wallamascotas.com\/web3\/wp-json\/wp\/v2\/product_cat?post=10190"},{"taxonomy":"product_tag","embeddable":true,"href":"https:\/\/www.wallamascotas.com\/web3\/wp-json\/wp\/v2\/product_tag?post=10190"}],"curies":[{"name":"wp","href":"https:\/\/api.w.org\/{rel}","templated":true}]}}