{"id":10634,"date":"2019-05-02T07:33:18","date_gmt":"2019-05-02T07:33:18","guid":{"rendered":"http:\/\/www.wallamascotas.com\/web3\/?post_type=product&#038;p=10634"},"modified":"2026-03-25T18:20:09","modified_gmt":"2026-03-25T18:20:09","slug":"marshall-2-meses-granada","status":"publish","type":"product","link":"https:\/\/www.wallamascotas.com\/web3\/mascota\/marshall-2-meses-granada\/","title":{"rendered":"MARSHALL \u2013 2 MESES"},"content":{"rendered":"<p>Marshall, como sus hermanos Katie, Jax, Lisa, Sandra y Zuma, pertenece a una camada no deseada. Su padre, es peque\u00f1o. ADOPCI\u00d3N S\u00d3LO EN GRANADA.<\/p>\n<p><a href=\"http:\/\/www.wallamascotas.com\/web3\/wp-content\/uploads\/2018\/10\/banner_publicidad_wallamascotas_no_compres-1.jpg\"><img loading=\"lazy\" decoding=\"async\" class=\"alignnone size-full wp-image-7183\" src=\"http:\/\/www.wallamascotas.com\/web3\/wp-content\/uploads\/2018\/10\/banner_publicidad_wallamascotas_no_compres-1.jpg\" alt=\"\" width=\"750\" height=\"140\" srcset=\"https:\/\/www.wallamascotas.com\/web3\/wp-content\/uploads\/2018\/10\/banner_publicidad_wallamascotas_no_compres-1.jpg 750w, https:\/\/www.wallamascotas.com\/web3\/wp-content\/uploads\/2018\/10\/banner_publicidad_wallamascotas_no_compres-1-300x56.jpg 300w, https:\/\/www.wallamascotas.com\/web3\/wp-content\/uploads\/2018\/10\/banner_publicidad_wallamascotas_no_compres-1-600x112.jpg 600w\" sizes=\"auto, (max-width: 750px) 100vw, 750px\" \/><\/a><\/p>\n<p><a href=\"http:\/\/www.wallamascotas.com\/web3\/wp-content\/uploads\/2018\/10\/banner_colabora.jpg\"><img loading=\"lazy\" decoding=\"async\" class=\"alignnone size-full wp-image-7179\" src=\"http:\/\/www.wallamascotas.com\/web3\/wp-content\/uploads\/2018\/10\/banner_colabora.jpg\" alt=\"\" width=\"750\" height=\"140\" srcset=\"https:\/\/www.wallamascotas.com\/web3\/wp-content\/uploads\/2018\/10\/banner_colabora.jpg 750w, https:\/\/www.wallamascotas.com\/web3\/wp-content\/uploads\/2018\/10\/banner_colabora-300x56.jpg 300w, https:\/\/www.wallamascotas.com\/web3\/wp-content\/uploads\/2018\/10\/banner_colabora-600x112.jpg 600w\" sizes=\"auto, (max-width: 750px) 100vw, 750px\" \/><\/a><\/p>\n<div class=\"fb-page\" data-href=\"https:\/\/www.facebook.com\/wallamascotas\" data-width=\"340\" data-hide-cover=\"false\" data-show-facepile=\"true\"><\/div>\n","protected":false},"excerpt":{"rendered":"<p style=\"text-align: justify;\"><span style=\"color: #33cccc;\"><strong>ADOPTADO.<\/strong><\/span> Busca un hogar<\/p>\n","protected":false},"featured_media":0,"template":"","meta":{"_acf_changed":false},"product_brand":[],"product_cat":[51,1000],"product_tag":[],"class_list":{"0":"post-10634","1":"product","2":"type-product","3":"status-publish","5":"product_cat-adoptados","6":"product_cat-adoptar-perro-gato-adoptar-mascota-es","7":"pa_chip-si","8":"pa_fecha_nacimiento-2-meses","9":"pa_fecha-alta-29-04-2019","10":"pa_origen-asociacion-ladridos-vagabundos","11":"pa_pais-espana","12":"pa_provincia-granada","13":"pa_sexo-macho","14":"pa_tamano-b","16":"first","17":"instock","18":"taxable","19":"shipping-taxable","20":"product-type-simple"},"acf":[],"_links":{"self":[{"href":"https:\/\/www.wallamascotas.com\/web3\/wp-json\/wp\/v2\/product\/10634","targetHints":{"allow":["GET"]}}],"collection":[{"href":"https:\/\/www.wallamascotas.com\/web3\/wp-json\/wp\/v2\/product"}],"about":[{"href":"https:\/\/www.wallamascotas.com\/web3\/wp-json\/wp\/v2\/types\/product"}],"wp:attachment":[{"href":"https:\/\/www.wallamascotas.com\/web3\/wp-json\/wp\/v2\/media?parent=10634"}],"wp:term":[{"taxonomy":"product_brand","embeddable":true,"href":"https:\/\/www.wallamascotas.com\/web3\/wp-json\/wp\/v2\/product_brand?post=10634"},{"taxonomy":"product_cat","embeddable":true,"href":"https:\/\/www.wallamascotas.com\/web3\/wp-json\/wp\/v2\/product_cat?post=10634"},{"taxonomy":"product_tag","embeddable":true,"href":"https:\/\/www.wallamascotas.com\/web3\/wp-json\/wp\/v2\/product_tag?post=10634"}],"curies":[{"name":"wp","href":"https:\/\/api.w.org\/{rel}","templated":true}]}}

<p>Marshall, como sus hermanos Katie, Jax, Lisa, Sandra y Zuma, pertenece a una camada no deseada. Su padre, es pequeño. ADOPCIÓN SÓLO EN GRANADA.</p>
<p><a href="http://www.wallamascotas.com/web3/wp-content/uploads/2018/10/banner_publicidad_wallamascotas_no_compres-1.jpg"><img loading="lazy" decoding="async" class="alignnone size-full wp-image-7183" src="http://www.wallamascotas.com/web3/wp-content/uploads/2018/10/banner_publicidad_wallamascotas_no_compres-1.jpg" alt="" width="750" height="140" srcset="https://www.wallamascotas.com/web3/wp-content/uploads/2018/10/banner_publicidad_wallamascotas_no_compres-1.jpg 750w, https://www.wallamascotas.com/web3/wp-content/uploads/2018/10/banner_publicidad_wallamascotas_no_compres-1-300x56.jpg 300w, https://www.wallamascotas.com/web3/wp-content/uploads/2018/10/banner_publicidad_wallamascotas_no_compres-1-600x112.jpg 600w" sizes="auto, (max-width: 750px) 100vw, 750px" /></a></p>
<p><a href="http://www.wallamascotas.com/web3/wp-content/uploads/2018/10/banner_colabora.jpg"><img loading="lazy" decoding="async" class="alignnone size-full wp-image-7179" src="http://www.wallamascotas.com/web3/wp-content/uploads/2018/10/banner_colabora.jpg" alt="" width="750" height="140" srcset="https://www.wallamascotas.com/web3/wp-content/uploads/2018/10/banner_colabora.jpg 750w, https://www.wallamascotas.com/web3/wp-content/uploads/2018/10/banner_colabora-300x56.jpg 300w, https://www.wallamascotas.com/web3/wp-content/uploads/2018/10/banner_colabora-600x112.jpg 600w" sizes="auto, (max-width: 750px) 100vw, 750px" /></a></p>
<div class="fb-page" data-href="https://www.facebook.com/wallamascotas" data-width="340" data-hide-cover="false" data-show-facepile="true"></div>
