{"id":10699,"date":"2019-05-07T10:03:32","date_gmt":"2019-05-07T10:03:32","guid":{"rendered":"http:\/\/www.wallamascotas.com\/web3\/?post_type=product&#038;p=10699"},"modified":"2026-03-25T18:20:09","modified_gmt":"2026-03-25T18:20:09","slug":"peque-8-meses-cadiz","status":"publish","type":"product","link":"https:\/\/www.wallamascotas.com\/web3\/mascota\/peque-8-meses-cadiz\/","title":{"rendered":"PEQUE \u2013 8 MESES"},"content":{"rendered":"<p><a href=\"http:\/\/www.wallamascotas.com\/web3\/wp-content\/uploads\/2018\/10\/banner_publicidad_wallamascotas_colabora2-1.jpg\"><img loading=\"lazy\" decoding=\"async\" class=\"alignnone size-full wp-image-7248\" src=\"http:\/\/www.wallamascotas.com\/web3\/wp-content\/uploads\/2018\/10\/banner_publicidad_wallamascotas_colabora2-1.jpg\" alt=\"\" width=\"750\" height=\"220\" \/><\/a><\/p>\n<p><span style=\"color: #33cccc; font-size: 130%;\"><strong>ADOPTADO<\/strong><\/span><\/p>\n<p>UNA NUEVA LLEGADA HASTA NOSOTRAS, ES UN NUEVO COMIENZO<\/p>\n<p>PEQUE<\/p>\n<p>Peque , un cachorro con falta de oportunidades llega para dar y recibir.<br \/>\nEn su peque\u00f1a y t\u00edmida carita ; en su interior &#8230;. aguarda un precioso ser con un coraz\u00f3n que triplica su tama\u00f1o.,<br \/>\nSolo pide car\u00edcias y arrumacos; su forma de querer es \u00a0aduladora.<br \/>\nFiel y bu\u00e9n compa\u00f1ero si le muestras cari\u00f1o.<br \/>\nEl \u00e9s as\u00ed&#8230;dulce y amoroso aunque l principio \u00a0algo t\u00edmido.<br \/>\nSolo y \u00fanicamente \u00a0necesita tener a alguien que le acompa\u00f1e en su camino.<br \/>\nAnimate y escribenos !!!!!<\/p>\n<p>-Raza: cruce de Pincher con Yorkshire.<br \/>\n-Fecha de nacimiento: 1\/9\/18<br \/>\n-Peso actual: 3\u00b4200kg<br \/>\n-Tama\u00f1o de adulto: Peque\u00f1o<br \/>\n-Caracter : \u00a0Muy cari\u00f1oso y sociable.Bien con otros perros , no comprobado con gatos., y le chifla los ni\u00f1os.<br \/>\n-Situacion actual: Se encuentra en Jerez, Cadiz.<br \/>\n-Condiciones para adoptarlo: Se entrega con contrato de adopcion, vacuna , chip, pasaporte, compromiso de castraci\u00f3n , seguimiento, desparasitado,se envia por todas las provincias de Espa\u00f1a , excepto las Canarias y las Baleares.<\/p>\n<p><a href=\"http:\/\/www.wallamascotas.com\/web3\/wp-content\/uploads\/2018\/10\/banner_publicidad_wallamascotas_no_compres-1.jpg\"><img loading=\"lazy\" decoding=\"async\" class=\"alignnone size-full wp-image-7183\" src=\"http:\/\/www.wallamascotas.com\/web3\/wp-content\/uploads\/2018\/10\/banner_publicidad_wallamascotas_no_compres-1.jpg\" alt=\"\" width=\"750\" height=\"140\" srcset=\"https:\/\/www.wallamascotas.com\/web3\/wp-content\/uploads\/2018\/10\/banner_publicidad_wallamascotas_no_compres-1.jpg 750w, https:\/\/www.wallamascotas.com\/web3\/wp-content\/uploads\/2018\/10\/banner_publicidad_wallamascotas_no_compres-1-300x56.jpg 300w, https:\/\/www.wallamascotas.com\/web3\/wp-content\/uploads\/2018\/10\/banner_publicidad_wallamascotas_no_compres-1-600x112.jpg 600w\" sizes=\"auto, (max-width: 750px) 100vw, 750px\" \/><\/a><\/p>\n<p><a href=\"http:\/\/www.wallamascotas.com\/web3\/wp-content\/uploads\/2018\/10\/banner_colabora.jpg\"><img loading=\"lazy\" decoding=\"async\" class=\"alignnone size-full wp-image-7179\" src=\"http:\/\/www.wallamascotas.com\/web3\/wp-content\/uploads\/2018\/10\/banner_colabora.jpg\" alt=\"\" width=\"750\" height=\"140\" srcset=\"https:\/\/www.wallamascotas.com\/web3\/wp-content\/uploads\/2018\/10\/banner_colabora.jpg 750w, https:\/\/www.wallamascotas.com\/web3\/wp-content\/uploads\/2018\/10\/banner_colabora-300x56.jpg 300w, https:\/\/www.wallamascotas.com\/web3\/wp-content\/uploads\/2018\/10\/banner_colabora-600x112.jpg 600w\" sizes=\"auto, (max-width: 750px) 100vw, 750px\" \/><\/a><\/p>\n<div class=\"fb-page\" data-href=\"https:\/\/www.facebook.com\/wallamascotas\" data-width=\"340\" data-hide-cover=\"false\" data-show-facepile=\"true\"><\/div>\n","protected":false},"excerpt":{"rendered":"<p style=\"text-align: JUSTIFY;\"><span style=\"color: #33cccc;\"><strong>ADOPTADO.<\/strong><\/span> Muy cari\u00f1oso<\/p>\n","protected":false},"featured_media":0,"template":"","meta":{"_acf_changed":false},"product_brand":[],"product_cat":[51],"product_tag":[],"class_list":{"0":"post-10699","1":"product","2":"type-product","3":"status-publish","5":"product_cat-adoptados","6":"pa_fecha_nacimiento-2-meses","7":"pa_fecha-alta-02-05-19","8":"pa_origen-asociacion-maskeperros","9":"pa_provincia-cadiz","10":"pa_tamano-b","12":"first","13":"instock","14":"taxable","15":"shipping-taxable","16":"product-type-simple"},"acf":[],"_links":{"self":[{"href":"https:\/\/www.wallamascotas.com\/web3\/wp-json\/wp\/v2\/product\/10699","targetHints":{"allow":["GET"]}}],"collection":[{"href":"https:\/\/www.wallamascotas.com\/web3\/wp-json\/wp\/v2\/product"}],"about":[{"href":"https:\/\/www.wallamascotas.com\/web3\/wp-json\/wp\/v2\/types\/product"}],"wp:attachment":[{"href":"https:\/\/www.wallamascotas.com\/web3\/wp-json\/wp\/v2\/media?parent=10699"}],"wp:term":[{"taxonomy":"product_brand","embeddable":true,"href":"https:\/\/www.wallamascotas.com\/web3\/wp-json\/wp\/v2\/product_brand?post=10699"},{"taxonomy":"product_cat","embeddable":true,"href":"https:\/\/www.wallamascotas.com\/web3\/wp-json\/wp\/v2\/product_cat?post=10699"},{"taxonomy":"product_tag","embeddable":true,"href":"https:\/\/www.wallamascotas.com\/web3\/wp-json\/wp\/v2\/product_tag?post=10699"}],"curies":[{"name":"wp","href":"https:\/\/api.w.org\/{rel}","templated":true}]}}

<p><a href="http://www.wallamascotas.com/web3/wp-content/uploads/2018/10/banner_publicidad_wallamascotas_colabora2-1.jpg"><img loading="lazy" decoding="async" class="alignnone size-full wp-image-7248" src="http://www.wallamascotas.com/web3/wp-content/uploads/2018/10/banner_publicidad_wallamascotas_colabora2-1.jpg" alt="" width="750" height="220" /></a></p>
<p><span style="color: #33cccc; font-size: 130%;"><strong>ADOPTADO</strong></span></p>
<p>UNA NUEVA LLEGADA HASTA NOSOTRAS, ES UN NUEVO COMIENZO</p>
<p>PEQUE</p>
<p>Peque , un cachorro con falta de oportunidades llega para dar y recibir.<br />
En su pequeña y tímida carita ; en su interior &#8230;. aguarda un precioso ser con un corazón que triplica su tamaño.,<br />
Solo pide carícias y arrumacos; su forma de querer es  aduladora.<br />
Fiel y buén compañero si le muestras cariño.<br />
El és así&#8230;dulce y amoroso aunque l principio  algo tímido.<br />
Solo y únicamente  necesita tener a alguien que le acompañe en su camino.<br />
Animate y escribenos !!!!!</p>
<p>-Raza: cruce de Pincher con Yorkshire.<br />
-Fecha de nacimiento: 1/9/18<br />
-Peso actual: 3´200kg<br />
-Tamaño de adulto: Pequeño<br />
-Caracter :  Muy cariñoso y sociable.Bien con otros perros , no comprobado con gatos., y le chifla los niños.<br />
-Situacion actual: Se encuentra en Jerez, Cadiz.<br />
-Condiciones para adoptarlo: Se entrega con contrato de adopcion, vacuna , chip, pasaporte, compromiso de castración , seguimiento, desparasitado,se envia por todas las provincias de España , excepto las Canarias y las Baleares.</p>
<p><a href="http://www.wallamascotas.com/web3/wp-content/uploads/2018/10/banner_publicidad_wallamascotas_no_compres-1.jpg"><img loading="lazy" decoding="async" class="alignnone size-full wp-image-7183" src="http://www.wallamascotas.com/web3/wp-content/uploads/2018/10/banner_publicidad_wallamascotas_no_compres-1.jpg" alt="" width="750" height="140" srcset="https://www.wallamascotas.com/web3/wp-content/uploads/2018/10/banner_publicidad_wallamascotas_no_compres-1.jpg 750w, https://www.wallamascotas.com/web3/wp-content/uploads/2018/10/banner_publicidad_wallamascotas_no_compres-1-300x56.jpg 300w, https://www.wallamascotas.com/web3/wp-content/uploads/2018/10/banner_publicidad_wallamascotas_no_compres-1-600x112.jpg 600w" sizes="auto, (max-width: 750px) 100vw, 750px" /></a></p>
<p><a href="http://www.wallamascotas.com/web3/wp-content/uploads/2018/10/banner_colabora.jpg"><img loading="lazy" decoding="async" class="alignnone size-full wp-image-7179" src="http://www.wallamascotas.com/web3/wp-content/uploads/2018/10/banner_colabora.jpg" alt="" width="750" height="140" srcset="https://www.wallamascotas.com/web3/wp-content/uploads/2018/10/banner_colabora.jpg 750w, https://www.wallamascotas.com/web3/wp-content/uploads/2018/10/banner_colabora-300x56.jpg 300w, https://www.wallamascotas.com/web3/wp-content/uploads/2018/10/banner_colabora-600x112.jpg 600w" sizes="auto, (max-width: 750px) 100vw, 750px" /></a></p>
<div class="fb-page" data-href="https://www.facebook.com/wallamascotas" data-width="340" data-hide-cover="false" data-show-facepile="true"></div>

<p style="text-align: JUSTIFY;"><span style="color: #33cccc;"><strong>ADOPTADO.</strong></span> Muy cariñoso</p>
