{"id":1100,"date":"2017-10-30T22:32:28","date_gmt":"2017-10-30T22:32:28","guid":{"rendered":"http:\/\/www.wallamascotas.com\/web3\/?post_type=product&#038;p=1100"},"modified":"2026-03-25T18:20:09","modified_gmt":"2026-03-25T18:20:09","slug":"mona-3-anos-granada","status":"publish","type":"product","link":"https:\/\/www.wallamascotas.com\/web3\/mascota\/mona-3-anos-granada\/","title":{"rendered":"MONA \u2013 3 A\u00d1OS"},"content":{"rendered":"<p style=\"text-align: justify;\"><span style=\"color: #33cccc; font-size: 140%;\"><strong>ADOPTADA<\/strong><\/span><\/p>\n<p style=\"text-align: justify;\">Se encuentra en el refugio de la Asociaci\u00f3n de Huellas Accitanas. \u00a1NOS DESALOJAN! Necesitamos buscarle una adopci\u00f3n urgente antes para evitar que acabe en la perrera. \u00a0Es peque\u00f1a para su raza, robusta. Muy sociable, simp\u00e1tica y activa. Unas personas la llevaban por la calle arrastrando con una cuerda y como no quer\u00eda levantarse y andar (porque ten\u00eda miedo) pues le daban patadas. Afortunadamente una compa\u00f1era de la asociaci\u00f3n estaba cerca y despu\u00e9s de un rato de discusi\u00f3n con estas personas, nos la dieron.<br \/>\nEmail contacto:\u00a0<a href=\"mailto:huellasaccitanasayuda@gmail.com\">huellasaccitanasayuda@gmail.com<\/a><br \/>\nTel\u00e9fono contacto: 645469335 Sandra<\/p>\n","protected":false},"excerpt":{"rendered":"<p style=\"text-align: justify;\"><span style=\"color: #33cccc;\"><strong>ADOPTADA.\u00a0<\/strong><\/span>Muy sociable, simp\u00e1tica y activa<\/p>\n","protected":false},"featured_media":1101,"template":"","meta":{"_acf_changed":false},"product_brand":[],"product_cat":[51],"product_tag":[],"class_list":{"0":"post-1100","1":"product","2":"type-product","3":"status-publish","4":"has-post-thumbnail","6":"product_cat-adoptados","7":"pa_chip-no","8":"pa_fecha_nacimiento-3-anos","9":"pa_fecha-alta-298","10":"pa_pelo-corto","11":"pa_provincia-granada","12":"pa_sexo-hembra","13":"pa_tamano-d","15":"first","16":"instock","17":"taxable","18":"shipping-taxable","19":"product-type-simple"},"acf":[],"_links":{"self":[{"href":"https:\/\/www.wallamascotas.com\/web3\/wp-json\/wp\/v2\/product\/1100","targetHints":{"allow":["GET"]}}],"collection":[{"href":"https:\/\/www.wallamascotas.com\/web3\/wp-json\/wp\/v2\/product"}],"about":[{"href":"https:\/\/www.wallamascotas.com\/web3\/wp-json\/wp\/v2\/types\/product"}],"wp:featuredmedia":[{"embeddable":true,"href":"https:\/\/www.wallamascotas.com\/web3\/wp-json\/wp\/v2\/media\/1101"}],"wp:attachment":[{"href":"https:\/\/www.wallamascotas.com\/web3\/wp-json\/wp\/v2\/media?parent=1100"}],"wp:term":[{"taxonomy":"product_brand","embeddable":true,"href":"https:\/\/www.wallamascotas.com\/web3\/wp-json\/wp\/v2\/product_brand?post=1100"},{"taxonomy":"product_cat","embeddable":true,"href":"https:\/\/www.wallamascotas.com\/web3\/wp-json\/wp\/v2\/product_cat?post=1100"},{"taxonomy":"product_tag","embeddable":true,"href":"https:\/\/www.wallamascotas.com\/web3\/wp-json\/wp\/v2\/product_tag?post=1100"}],"curies":[{"name":"wp","href":"https:\/\/api.w.org\/{rel}","templated":true}]}}

MONA – 3 AÑOS

<p style="text-align: justify;"><span style="color: #33cccc; font-size: 140%;"><strong>ADOPTADA</strong></span></p>
<p style="text-align: justify;">Se encuentra en el refugio de la Asociación de Huellas Accitanas. ¡NOS DESALOJAN! Necesitamos buscarle una adopción urgente antes para evitar que acabe en la perrera.  Es pequeña para su raza, robusta. Muy sociable, simpática y activa. Unas personas la llevaban por la calle arrastrando con una cuerda y como no quería levantarse y andar (porque tenía miedo) pues le daban patadas. Afortunadamente una compañera de la asociación estaba cerca y después de un rato de discusión con estas personas, nos la dieron.<br />
Email contacto: <a href="mailto:huellasaccitanasayuda@gmail.com">huellasaccitanasayuda@gmail.com</a><br />
Teléfono contacto: 645469335 Sandra</p>

<p style="text-align: justify;"><span style="color: #33cccc;"><strong>ADOPTADA. </strong></span>Muy sociable, simpática y activa</p>
