{"id":1113,"date":"2017-10-31T09:33:22","date_gmt":"2017-10-31T09:33:22","guid":{"rendered":"http:\/\/www.wallamascotas.com\/web3\/?post_type=product&#038;p=1113"},"modified":"2026-03-25T18:20:09","modified_gmt":"2026-03-25T18:20:09","slug":"bandolero-9-meses-granada","status":"publish","type":"product","link":"https:\/\/www.wallamascotas.com\/web3\/mascota\/bandolero-9-meses-granada\/","title":{"rendered":"BANDOLERO \u2013 9 MESES"},"content":{"rendered":"<p><span style=\"color: #33cccc; font-size: 140%;\"><strong>ADOPTADO<\/strong><\/span><\/p>\n<p style=\"text-align: justify;\">Se encuentra en el refugio de la Asociaci\u00f3n Huellas Accitanas de Guadix (Granada). \u00a1NOS DESALOJAN! Necesitamos una adopci\u00f3n o acogida urgente para \u00e9l y que no acabe en la perrera. Es s\u00faper fiel y agradecido, nobleza en estado puro, su cara lo dice todo. Rescatamos a su mam\u00e1 que estaba embarazada y han sido adoptados todos menos \u00e9l.<br \/>\nEmail contacto:\u00a0<a href=\"mailto:huellasaccitanasayuda@gmail.com\">huellasaccitanasayuda@gmail.com<\/a><br \/>\nTel\u00e9fono contacto: 645469335 Sandra<\/p>\n","protected":false},"excerpt":{"rendered":"<p style=\"text-align: justify;\"><span style=\"color: #33cccc;\"><strong>ADOPTADO.<\/strong> <\/span>Es s\u00faper fiel y agradecido<\/p>\n","protected":false},"featured_media":1114,"template":"","meta":{"_acf_changed":false},"product_brand":[],"product_cat":[51],"product_tag":[],"class_list":{"0":"post-1113","1":"product","2":"type-product","3":"status-publish","4":"has-post-thumbnail","6":"product_cat-adoptados","7":"pa_chip-no","8":"pa_fecha_nacimiento-9-meses","9":"pa_fecha-alta-310","10":"pa_origen-asociacion-huellas-accitanas-de-guadix","11":"pa_pelo-corto","12":"pa_provincia-granada","13":"pa_sexo-macho","14":"pa_tamano-c","16":"first","17":"instock","18":"taxable","19":"shipping-taxable","20":"product-type-simple"},"acf":[],"_links":{"self":[{"href":"https:\/\/www.wallamascotas.com\/web3\/wp-json\/wp\/v2\/product\/1113","targetHints":{"allow":["GET"]}}],"collection":[{"href":"https:\/\/www.wallamascotas.com\/web3\/wp-json\/wp\/v2\/product"}],"about":[{"href":"https:\/\/www.wallamascotas.com\/web3\/wp-json\/wp\/v2\/types\/product"}],"wp:featuredmedia":[{"embeddable":true,"href":"https:\/\/www.wallamascotas.com\/web3\/wp-json\/wp\/v2\/media\/1114"}],"wp:attachment":[{"href":"https:\/\/www.wallamascotas.com\/web3\/wp-json\/wp\/v2\/media?parent=1113"}],"wp:term":[{"taxonomy":"product_brand","embeddable":true,"href":"https:\/\/www.wallamascotas.com\/web3\/wp-json\/wp\/v2\/product_brand?post=1113"},{"taxonomy":"product_cat","embeddable":true,"href":"https:\/\/www.wallamascotas.com\/web3\/wp-json\/wp\/v2\/product_cat?post=1113"},{"taxonomy":"product_tag","embeddable":true,"href":"https:\/\/www.wallamascotas.com\/web3\/wp-json\/wp\/v2\/product_tag?post=1113"}],"curies":[{"name":"wp","href":"https:\/\/api.w.org\/{rel}","templated":true}]}}

<p><span style="color: #33cccc; font-size: 140%;"><strong>ADOPTADO</strong></span></p>
<p style="text-align: justify;">Se encuentra en el refugio de la Asociación Huellas Accitanas de Guadix (Granada). ¡NOS DESALOJAN! Necesitamos una adopción o acogida urgente para él y que no acabe en la perrera. Es súper fiel y agradecido, nobleza en estado puro, su cara lo dice todo. Rescatamos a su mamá que estaba embarazada y han sido adoptados todos menos él.<br />
Email contacto: <a href="mailto:huellasaccitanasayuda@gmail.com">huellasaccitanasayuda@gmail.com</a><br />
Teléfono contacto: 645469335 Sandra</p>

<p style="text-align: justify;"><span style="color: #33cccc;"><strong>ADOPTADO.</strong> </span>Es súper fiel y agradecido</p>
