{"id":1140,"date":"2017-11-01T13:47:44","date_gmt":"2017-11-01T13:47:44","guid":{"rendered":"http:\/\/www.wallamascotas.com\/web3\/?post_type=product&#038;p=1140"},"modified":"2026-03-25T18:20:09","modified_gmt":"2026-03-25T18:20:09","slug":"yuca-granada","status":"publish","type":"product","link":"https:\/\/www.wallamascotas.com\/web3\/mascota\/yuca-granada\/","title":{"rendered":"YUCA"},"content":{"rendered":"<p><span style=\"color: #33cccc; font-size: 140%;\"><strong>ADOPTADO<\/strong><\/span><\/p>\n<p style=\"text-align: justify;\">Se encuentra en el refugio de la Asociaci\u00f3n Huellas Accitanas de Guadix (Granada). \u00a1NOS DESALOJAN! Necesitamos una adopci\u00f3n o acogida para \u00e9l y evitar que se lo lleven a la perrera. Es la cosa m\u00e1s tierna que puedes ver. Te da besitos cuando la acaricias como agradeciendo tu cari\u00f1o. Se lleva bien con todos los perros. Estaba vagando por unas minas abandonadas y unos soldados que estaban descansando all\u00ed, se encari\u00f1aron con ella y nos buscaron para que la ayud\u00e1ramos porque ellos ya se iban de misi\u00f3n. Ten\u00eda heridas claras de maltrato y las orejas rajadas (no sabemos por qu\u00e9). A\u00fan as\u00ed no a dudado de nadie y acept\u00f3 el cari\u00f1o de los soldados y despu\u00e9s el nuestro desde que nos vi\u00f3.<br \/>\nEmail contacto:\u00a0<a href=\"mailto:huellasaccitanasayuda@gmail.com\">huellasaccitanasayuda@gmail.com<\/a><br \/>\nTel\u00e9fono contacto: 645469335 Sandra<\/p>\n","protected":false},"excerpt":{"rendered":"<p style=\"text-align: justify;\"><span style=\"color: #33cccc;\"><strong>ADOPTADO.<\/strong> <\/span>Te da besitos cuando la acaricias<\/p>\n","protected":false},"featured_media":1141,"template":"","meta":{"_acf_changed":false},"product_brand":[],"product_cat":[51],"product_tag":[],"class_list":{"0":"post-1140","1":"product","2":"type-product","3":"status-publish","4":"has-post-thumbnail","6":"product_cat-adoptados","7":"pa_origen-asociacion-huellas-accitanas-de-guadix","8":"pa_provincia-granada","9":"pa_sexo-hembra","10":"pa_tamano-c","12":"first","13":"instock","14":"taxable","15":"shipping-taxable","16":"product-type-simple"},"acf":[],"_links":{"self":[{"href":"https:\/\/www.wallamascotas.com\/web3\/wp-json\/wp\/v2\/product\/1140","targetHints":{"allow":["GET"]}}],"collection":[{"href":"https:\/\/www.wallamascotas.com\/web3\/wp-json\/wp\/v2\/product"}],"about":[{"href":"https:\/\/www.wallamascotas.com\/web3\/wp-json\/wp\/v2\/types\/product"}],"wp:featuredmedia":[{"embeddable":true,"href":"https:\/\/www.wallamascotas.com\/web3\/wp-json\/wp\/v2\/media\/1141"}],"wp:attachment":[{"href":"https:\/\/www.wallamascotas.com\/web3\/wp-json\/wp\/v2\/media?parent=1140"}],"wp:term":[{"taxonomy":"product_brand","embeddable":true,"href":"https:\/\/www.wallamascotas.com\/web3\/wp-json\/wp\/v2\/product_brand?post=1140"},{"taxonomy":"product_cat","embeddable":true,"href":"https:\/\/www.wallamascotas.com\/web3\/wp-json\/wp\/v2\/product_cat?post=1140"},{"taxonomy":"product_tag","embeddable":true,"href":"https:\/\/www.wallamascotas.com\/web3\/wp-json\/wp\/v2\/product_tag?post=1140"}],"curies":[{"name":"wp","href":"https:\/\/api.w.org\/{rel}","templated":true}]}}

<p><span style="color: #33cccc; font-size: 140%;"><strong>ADOPTADO</strong></span></p>
<p style="text-align: justify;">Se encuentra en el refugio de la Asociación Huellas Accitanas de Guadix (Granada). ¡NOS DESALOJAN! Necesitamos una adopción o acogida para él y evitar que se lo lleven a la perrera. Es la cosa más tierna que puedes ver. Te da besitos cuando la acaricias como agradeciendo tu cariño. Se lleva bien con todos los perros. Estaba vagando por unas minas abandonadas y unos soldados que estaban descansando allí, se encariñaron con ella y nos buscaron para que la ayudáramos porque ellos ya se iban de misión. Tenía heridas claras de maltrato y las orejas rajadas (no sabemos por qué). Aún así no a dudado de nadie y aceptó el cariño de los soldados y después el nuestro desde que nos vió.<br />
Email contacto: <a href="mailto:huellasaccitanasayuda@gmail.com">huellasaccitanasayuda@gmail.com</a><br />
Teléfono contacto: 645469335 Sandra</p>
