{"id":11724,"date":"2019-08-09T18:24:35","date_gmt":"2019-08-09T18:24:35","guid":{"rendered":"http:\/\/www.wallamascotas.com\/web3\/?post_type=product&#038;p=11724"},"modified":"2026-03-25T18:20:09","modified_gmt":"2026-03-25T18:20:09","slug":"bobby-3-anos-y-medio-cadiz","status":"publish","type":"product","link":"https:\/\/www.wallamascotas.com\/web3\/mascota\/bobby-3-anos-y-medio-cadiz\/","title":{"rendered":"BOBBY \u2013 3 A\u00d1OS Y MEDIO"},"content":{"rendered":"<p><a href=\"http:\/\/www.wallamascotas.com\/web3\/wp-content\/uploads\/2018\/10\/banner_publicidad_wallamascotas_colabora2-1.jpg\"><img loading=\"lazy\" decoding=\"async\" class=\"alignnone size-full wp-image-7248\" src=\"http:\/\/www.wallamascotas.com\/web3\/wp-content\/uploads\/2018\/10\/banner_publicidad_wallamascotas_colabora2-1.jpg\" alt=\"\" width=\"750\" height=\"220\" \/><\/a><\/p>\n<p><span style=\"color: #33cccc; font-size: 130%;\"><strong>ADOPTADO<\/strong><\/span><\/p>\n<p>Nuestro grandull\u00f3n ha tenido que luchar much\u00edsimo para llegar hasta aqu\u00ed.<br \/>\nLleg\u00f3 a nuestra Asociaci\u00f3n con leishmania en niveles muy altos, el veterinario no nos daba muchas esperanzas, el autoestima por los suelos y su piel en muy malas condiciones.<br \/>\nGracias a su casa de acogida que se ha desvivido por \u00e9l cada segundo, por conseguir que pueda ver la vida desde otro punto de vista y sacar la belleza que es a fecha de hoy.<br \/>\nTambi\u00e9n por supuesto a todas aquellas personas que nos han ayudado con su tratamiento, anal\u00edticas&#8230; todo en conjunto a hecho esto posible.<br \/>\nTras la \u00faltima anal\u00edtica, sus niveles en leishmania est\u00e1n bastante bajos, est\u00e1 fuera de peligro, Bobby y\u00e1 est\u00e1 preparado para dar el siguiente y tan anhelado paso; encontrar una verdadera familia que lo cuide.<br \/>\nDeber\u00e1 seguir con Alopurinol como mantenimiento, simplemente es una pastilla al d\u00eda, con sus tratamientos IRC y Dialix durante los pr\u00f3ximos 6 meses que ser\u00e1 cuando haya que repetir anal\u00edtica.<br \/>\nAs\u00ed que&#8230; qui\u00e9n se anima en tener como compa\u00f1ero a esta preciosidad ???<br \/>\nSu belleza atrae, pero su personalidad captura el alma.<br \/>\nARRI\u00c9SGATE !!!!<br \/>\nPOR QUE TODO LO BUENO COMIENZA CON UN POCO DE MIEDO.<\/p>\n<p>-Raza: Labrador.<br \/>\n-Fecha de nacimiento: 04\/04\/16.<br \/>\n-Car\u00e1cter : cari\u00f1oso, sociable, es estupendo con ni\u00f1os, no comprobado con gatos y tiene un car\u00e1cter estupendo con otros perros.<br \/>\n-Situaci\u00f3n actual : se encuentra en Cadiz.<br \/>\n-Condiciones para adoptar: se entrega con contrato de adopci\u00f3n, vacuna,chip, pasaporte, desparasitado, castrado, seguimiento, se env\u00eda por todas las provincias de Espa\u00f1a excepto Canarias y Baleares.<\/p>\n<p><a href=\"http:\/\/www.wallamascotas.com\/web3\/wp-content\/uploads\/2018\/10\/banner_publicidad_wallamascotas_no_compres-1.jpg\"><img loading=\"lazy\" decoding=\"async\" class=\"alignnone size-full wp-image-7183\" src=\"http:\/\/www.wallamascotas.com\/web3\/wp-content\/uploads\/2018\/10\/banner_publicidad_wallamascotas_no_compres-1.jpg\" alt=\"\" width=\"750\" height=\"140\" srcset=\"https:\/\/www.wallamascotas.com\/web3\/wp-content\/uploads\/2018\/10\/banner_publicidad_wallamascotas_no_compres-1.jpg 750w, https:\/\/www.wallamascotas.com\/web3\/wp-content\/uploads\/2018\/10\/banner_publicidad_wallamascotas_no_compres-1-300x56.jpg 300w, https:\/\/www.wallamascotas.com\/web3\/wp-content\/uploads\/2018\/10\/banner_publicidad_wallamascotas_no_compres-1-600x112.jpg 600w\" sizes=\"auto, (max-width: 750px) 100vw, 750px\" \/><\/a><\/p>\n<p><a href=\"http:\/\/www.wallamascotas.com\/web3\/wp-content\/uploads\/2018\/10\/banner_colabora.jpg\"><img loading=\"lazy\" decoding=\"async\" class=\"alignnone size-full wp-image-7179\" src=\"http:\/\/www.wallamascotas.com\/web3\/wp-content\/uploads\/2018\/10\/banner_colabora.jpg\" alt=\"\" width=\"750\" height=\"140\" srcset=\"https:\/\/www.wallamascotas.com\/web3\/wp-content\/uploads\/2018\/10\/banner_colabora.jpg 750w, https:\/\/www.wallamascotas.com\/web3\/wp-content\/uploads\/2018\/10\/banner_colabora-300x56.jpg 300w, https:\/\/www.wallamascotas.com\/web3\/wp-content\/uploads\/2018\/10\/banner_colabora-600x112.jpg 600w\" sizes=\"auto, (max-width: 750px) 100vw, 750px\" \/><\/a><\/p>\n<div class=\"fb-page\" data-href=\"https:\/\/www.facebook.com\/wallamascotas\" data-width=\"340\" data-hide-cover=\"false\" data-show-facepile=\"true\"><\/div>\n","protected":false},"excerpt":{"rendered":"<p><span style=\"color: #33cccc;\"><strong>ADOPTADO.<\/strong><\/span> Busca un hogar<\/p>\n","protected":false},"featured_media":0,"template":"","meta":{"_acf_changed":false},"product_brand":[],"product_cat":[51],"product_tag":[],"class_list":{"0":"post-11724","1":"product","2":"type-product","3":"status-publish","5":"product_cat-adoptados","6":"pa_fecha_nacimiento-3-anos-y-medio","7":"pa_fecha-alta-21-07-19","8":"pa_origen-asociacion-maskeperros","9":"pa_provincia-cadiz","10":"pa_tamano-d","12":"first","13":"instock","14":"taxable","15":"shipping-taxable","16":"product-type-simple"},"acf":[],"_links":{"self":[{"href":"https:\/\/www.wallamascotas.com\/web3\/wp-json\/wp\/v2\/product\/11724","targetHints":{"allow":["GET"]}}],"collection":[{"href":"https:\/\/www.wallamascotas.com\/web3\/wp-json\/wp\/v2\/product"}],"about":[{"href":"https:\/\/www.wallamascotas.com\/web3\/wp-json\/wp\/v2\/types\/product"}],"wp:attachment":[{"href":"https:\/\/www.wallamascotas.com\/web3\/wp-json\/wp\/v2\/media?parent=11724"}],"wp:term":[{"taxonomy":"product_brand","embeddable":true,"href":"https:\/\/www.wallamascotas.com\/web3\/wp-json\/wp\/v2\/product_brand?post=11724"},{"taxonomy":"product_cat","embeddable":true,"href":"https:\/\/www.wallamascotas.com\/web3\/wp-json\/wp\/v2\/product_cat?post=11724"},{"taxonomy":"product_tag","embeddable":true,"href":"https:\/\/www.wallamascotas.com\/web3\/wp-json\/wp\/v2\/product_tag?post=11724"}],"curies":[{"name":"wp","href":"https:\/\/api.w.org\/{rel}","templated":true}]}}

BOBBY – 3 AÑOS Y MEDIO

<p><a href="http://www.wallamascotas.com/web3/wp-content/uploads/2018/10/banner_publicidad_wallamascotas_colabora2-1.jpg"><img loading="lazy" decoding="async" class="alignnone size-full wp-image-7248" src="http://www.wallamascotas.com/web3/wp-content/uploads/2018/10/banner_publicidad_wallamascotas_colabora2-1.jpg" alt="" width="750" height="220" /></a></p>
<p><span style="color: #33cccc; font-size: 130%;"><strong>ADOPTADO</strong></span></p>
<p>Nuestro grandullón ha tenido que luchar muchísimo para llegar hasta aquí.<br />
Llegó a nuestra Asociación con leishmania en niveles muy altos, el veterinario no nos daba muchas esperanzas, el autoestima por los suelos y su piel en muy malas condiciones.<br />
Gracias a su casa de acogida que se ha desvivido por él cada segundo, por conseguir que pueda ver la vida desde otro punto de vista y sacar la belleza que es a fecha de hoy.<br />
También por supuesto a todas aquellas personas que nos han ayudado con su tratamiento, analíticas&#8230; todo en conjunto a hecho esto posible.<br />
Tras la última analítica, sus niveles en leishmania están bastante bajos, está fuera de peligro, Bobby yá está preparado para dar el siguiente y tan anhelado paso; encontrar una verdadera familia que lo cuide.<br />
Deberá seguir con Alopurinol como mantenimiento, simplemente es una pastilla al día, con sus tratamientos IRC y Dialix durante los próximos 6 meses que será cuando haya que repetir analítica.<br />
Así que&#8230; quién se anima en tener como compañero a esta preciosidad ???<br />
Su belleza atrae, pero su personalidad captura el alma.<br />
ARRIÉSGATE !!!!<br />
POR QUE TODO LO BUENO COMIENZA CON UN POCO DE MIEDO.</p>
<p>-Raza: Labrador.<br />
-Fecha de nacimiento: 04/04/16.<br />
-Carácter : cariñoso, sociable, es estupendo con niños, no comprobado con gatos y tiene un carácter estupendo con otros perros.<br />
-Situación actual : se encuentra en Cadiz.<br />
-Condiciones para adoptar: se entrega con contrato de adopción, vacuna,chip, pasaporte, desparasitado, castrado, seguimiento, se envía por todas las provincias de España excepto Canarias y Baleares.</p>
<p><a href="http://www.wallamascotas.com/web3/wp-content/uploads/2018/10/banner_publicidad_wallamascotas_no_compres-1.jpg"><img loading="lazy" decoding="async" class="alignnone size-full wp-image-7183" src="http://www.wallamascotas.com/web3/wp-content/uploads/2018/10/banner_publicidad_wallamascotas_no_compres-1.jpg" alt="" width="750" height="140" srcset="https://www.wallamascotas.com/web3/wp-content/uploads/2018/10/banner_publicidad_wallamascotas_no_compres-1.jpg 750w, https://www.wallamascotas.com/web3/wp-content/uploads/2018/10/banner_publicidad_wallamascotas_no_compres-1-300x56.jpg 300w, https://www.wallamascotas.com/web3/wp-content/uploads/2018/10/banner_publicidad_wallamascotas_no_compres-1-600x112.jpg 600w" sizes="auto, (max-width: 750px) 100vw, 750px" /></a></p>
<p><a href="http://www.wallamascotas.com/web3/wp-content/uploads/2018/10/banner_colabora.jpg"><img loading="lazy" decoding="async" class="alignnone size-full wp-image-7179" src="http://www.wallamascotas.com/web3/wp-content/uploads/2018/10/banner_colabora.jpg" alt="" width="750" height="140" srcset="https://www.wallamascotas.com/web3/wp-content/uploads/2018/10/banner_colabora.jpg 750w, https://www.wallamascotas.com/web3/wp-content/uploads/2018/10/banner_colabora-300x56.jpg 300w, https://www.wallamascotas.com/web3/wp-content/uploads/2018/10/banner_colabora-600x112.jpg 600w" sizes="auto, (max-width: 750px) 100vw, 750px" /></a></p>
<div class="fb-page" data-href="https://www.facebook.com/wallamascotas" data-width="340" data-hide-cover="false" data-show-facepile="true"></div>
