{"id":11794,"date":"2019-08-21T11:18:56","date_gmt":"2019-08-21T11:18:56","guid":{"rendered":"http:\/\/www.wallamascotas.com\/web3\/?post_type=product&#038;p=11794"},"modified":"2026-03-25T18:20:09","modified_gmt":"2026-03-25T18:20:09","slug":"lolito-1-ano-cadiz","status":"publish","type":"product","link":"https:\/\/www.wallamascotas.com\/web3\/mascota\/lolito-1-ano-cadiz\/","title":{"rendered":"LOLITO \u2013 1 A\u00d1O"},"content":{"rendered":"<p><a href=\"http:\/\/www.wallamascotas.com\/web3\/wp-content\/uploads\/2018\/10\/banner_publicidad_wallamascotas_colabora2-1.jpg\"><img loading=\"lazy\" decoding=\"async\" class=\"alignnone size-full wp-image-7248\" src=\"http:\/\/www.wallamascotas.com\/web3\/wp-content\/uploads\/2018\/10\/banner_publicidad_wallamascotas_colabora2-1.jpg\" alt=\"\" width=\"750\" height=\"220\" \/><\/a><\/p>\n<p><span style=\"color: #33cccc; font-size: 130%;\"><strong>ADOPTADO<\/strong><\/span><\/p>\n<p>LOLITO, NECESITA AYUDA<\/p>\n<p>ANTE TODO NECESITAMOS S\u00daPER URGENTE UNA CASA DE ACOGIDA, PARA HACERLE UNA PRIMERA REVISI\u00d3N, VACUNAR,&#8230;<br \/>\nESTO ES AHORA MISMO LO PRIMORDIAL, PARA LO QUE LO SIGUIENTE PUEDA SER COMPLEMENTAR SU VIDA JUNTO A UNA FAMILIA.<br \/>\nSI TE ENCUENTRAS EN JEREZ, CHICLANA, SAN FERNANDO, PUERTO REAL O PUERTO DE SANTA MARIA LOCALIDADES DE LA PROVINCIA DE CADIZ Y PUEDES OFRECERLE UN ACOGIDA TEMPORAL D\u00c9JANOS TU MENSAJE POR PRIVADO A NUESTRA P\u00c1GINA:<br \/>\n@asociacion_maskeperros<\/p>\n<p>?PARA ADOPCI\u00d3N HABR\u00cdA QUE ESPERAR PERO PARA AGILIZAR LOS TR\u00c1MITES DE ADOPCI\u00d3N :<\/p>\n<p>-Raza: Yorkshire.<br \/>\n-Fecha de nacimiento: 10\/09\/18.<br \/>\n-Tama\u00f1o de adulto : peque\u00f1o.<br \/>\n-Car\u00e1cter: sociable, convive con otros perros y no comprobado con gatos.<br \/>\n-Situaci\u00f3n actual donde se encuentra : Jerez (Cadiz).<br \/>\n-Condiciones para adoptar : se entregar\u00e1 con contrato de adopci\u00f3n,<br \/>\nvacuna,chip,pasaporte, castrado, seguimiento, desparasitado, se enviar\u00e1 por todas las provincias de Espa\u00f1a excepto Canarias y Baleares.<\/p>\n<p><a href=\"http:\/\/www.wallamascotas.com\/web3\/wp-content\/uploads\/2018\/10\/banner_publicidad_wallamascotas_no_compres-1.jpg\"><img loading=\"lazy\" decoding=\"async\" class=\"alignnone size-full wp-image-7183\" src=\"http:\/\/www.wallamascotas.com\/web3\/wp-content\/uploads\/2018\/10\/banner_publicidad_wallamascotas_no_compres-1.jpg\" alt=\"\" width=\"750\" height=\"140\" srcset=\"https:\/\/www.wallamascotas.com\/web3\/wp-content\/uploads\/2018\/10\/banner_publicidad_wallamascotas_no_compres-1.jpg 750w, https:\/\/www.wallamascotas.com\/web3\/wp-content\/uploads\/2018\/10\/banner_publicidad_wallamascotas_no_compres-1-300x56.jpg 300w, https:\/\/www.wallamascotas.com\/web3\/wp-content\/uploads\/2018\/10\/banner_publicidad_wallamascotas_no_compres-1-600x112.jpg 600w\" sizes=\"auto, (max-width: 750px) 100vw, 750px\" \/><\/a><\/p>\n<p><a href=\"http:\/\/www.wallamascotas.com\/web3\/wp-content\/uploads\/2018\/10\/banner_colabora.jpg\"><img loading=\"lazy\" decoding=\"async\" class=\"alignnone size-full wp-image-7179\" src=\"http:\/\/www.wallamascotas.com\/web3\/wp-content\/uploads\/2018\/10\/banner_colabora.jpg\" alt=\"\" width=\"750\" height=\"140\" srcset=\"https:\/\/www.wallamascotas.com\/web3\/wp-content\/uploads\/2018\/10\/banner_colabora.jpg 750w, https:\/\/www.wallamascotas.com\/web3\/wp-content\/uploads\/2018\/10\/banner_colabora-300x56.jpg 300w, https:\/\/www.wallamascotas.com\/web3\/wp-content\/uploads\/2018\/10\/banner_colabora-600x112.jpg 600w\" sizes=\"auto, (max-width: 750px) 100vw, 750px\" \/><\/a><\/p>\n<div class=\"fb-page\" data-href=\"https:\/\/www.facebook.com\/wallamascotas\" data-width=\"340\" data-hide-cover=\"false\" data-show-facepile=\"true\"><\/div>\n","protected":false},"excerpt":{"rendered":"<p><span style=\"color: #33cccc;\"><strong>ADOPTADO<\/strong><\/span>. Busca un hogar<\/p>\n","protected":false},"featured_media":0,"template":"","meta":{"_acf_changed":false},"product_brand":[],"product_cat":[51,1000],"product_tag":[],"class_list":{"0":"post-11794","1":"product","2":"type-product","3":"status-publish","5":"product_cat-adoptados","6":"product_cat-adoptar-perro-gato-adoptar-mascota-es","7":"pa_fecha_nacimiento-1-ano","8":"pa_fecha-alta-21-08-2019","9":"pa_origen-asociacion-maskeperros","10":"pa_provincia-cadiz","11":"pa_tamano-b","13":"first","14":"instock","15":"taxable","16":"shipping-taxable","17":"product-type-simple"},"acf":[],"_links":{"self":[{"href":"https:\/\/www.wallamascotas.com\/web3\/wp-json\/wp\/v2\/product\/11794","targetHints":{"allow":["GET"]}}],"collection":[{"href":"https:\/\/www.wallamascotas.com\/web3\/wp-json\/wp\/v2\/product"}],"about":[{"href":"https:\/\/www.wallamascotas.com\/web3\/wp-json\/wp\/v2\/types\/product"}],"wp:attachment":[{"href":"https:\/\/www.wallamascotas.com\/web3\/wp-json\/wp\/v2\/media?parent=11794"}],"wp:term":[{"taxonomy":"product_brand","embeddable":true,"href":"https:\/\/www.wallamascotas.com\/web3\/wp-json\/wp\/v2\/product_brand?post=11794"},{"taxonomy":"product_cat","embeddable":true,"href":"https:\/\/www.wallamascotas.com\/web3\/wp-json\/wp\/v2\/product_cat?post=11794"},{"taxonomy":"product_tag","embeddable":true,"href":"https:\/\/www.wallamascotas.com\/web3\/wp-json\/wp\/v2\/product_tag?post=11794"}],"curies":[{"name":"wp","href":"https:\/\/api.w.org\/{rel}","templated":true}]}}

LOLITO – 1 AÑO

<p><a href="http://www.wallamascotas.com/web3/wp-content/uploads/2018/10/banner_publicidad_wallamascotas_colabora2-1.jpg"><img loading="lazy" decoding="async" class="alignnone size-full wp-image-7248" src="http://www.wallamascotas.com/web3/wp-content/uploads/2018/10/banner_publicidad_wallamascotas_colabora2-1.jpg" alt="" width="750" height="220" /></a></p>
<p><span style="color: #33cccc; font-size: 130%;"><strong>ADOPTADO</strong></span></p>
<p>LOLITO, NECESITA AYUDA</p>
<p>ANTE TODO NECESITAMOS SÚPER URGENTE UNA CASA DE ACOGIDA, PARA HACERLE UNA PRIMERA REVISIÓN, VACUNAR,&#8230;<br />
ESTO ES AHORA MISMO LO PRIMORDIAL, PARA LO QUE LO SIGUIENTE PUEDA SER COMPLEMENTAR SU VIDA JUNTO A UNA FAMILIA.<br />
SI TE ENCUENTRAS EN JEREZ, CHICLANA, SAN FERNANDO, PUERTO REAL O PUERTO DE SANTA MARIA LOCALIDADES DE LA PROVINCIA DE CADIZ Y PUEDES OFRECERLE UN ACOGIDA TEMPORAL DÉJANOS TU MENSAJE POR PRIVADO A NUESTRA PÁGINA:<br />
@asociacion_maskeperros</p>
<p>?PARA ADOPCIÓN HABRÍA QUE ESPERAR PERO PARA AGILIZAR LOS TRÁMITES DE ADOPCIÓN :</p>
<p>-Raza: Yorkshire.<br />
-Fecha de nacimiento: 10/09/18.<br />
-Tamaño de adulto : pequeño.<br />
-Carácter: sociable, convive con otros perros y no comprobado con gatos.<br />
-Situación actual donde se encuentra : Jerez (Cadiz).<br />
-Condiciones para adoptar : se entregará con contrato de adopción,<br />
vacuna,chip,pasaporte, castrado, seguimiento, desparasitado, se enviará por todas las provincias de España excepto Canarias y Baleares.</p>
<p><a href="http://www.wallamascotas.com/web3/wp-content/uploads/2018/10/banner_publicidad_wallamascotas_no_compres-1.jpg"><img loading="lazy" decoding="async" class="alignnone size-full wp-image-7183" src="http://www.wallamascotas.com/web3/wp-content/uploads/2018/10/banner_publicidad_wallamascotas_no_compres-1.jpg" alt="" width="750" height="140" srcset="https://www.wallamascotas.com/web3/wp-content/uploads/2018/10/banner_publicidad_wallamascotas_no_compres-1.jpg 750w, https://www.wallamascotas.com/web3/wp-content/uploads/2018/10/banner_publicidad_wallamascotas_no_compres-1-300x56.jpg 300w, https://www.wallamascotas.com/web3/wp-content/uploads/2018/10/banner_publicidad_wallamascotas_no_compres-1-600x112.jpg 600w" sizes="auto, (max-width: 750px) 100vw, 750px" /></a></p>
<p><a href="http://www.wallamascotas.com/web3/wp-content/uploads/2018/10/banner_colabora.jpg"><img loading="lazy" decoding="async" class="alignnone size-full wp-image-7179" src="http://www.wallamascotas.com/web3/wp-content/uploads/2018/10/banner_colabora.jpg" alt="" width="750" height="140" srcset="https://www.wallamascotas.com/web3/wp-content/uploads/2018/10/banner_colabora.jpg 750w, https://www.wallamascotas.com/web3/wp-content/uploads/2018/10/banner_colabora-300x56.jpg 300w, https://www.wallamascotas.com/web3/wp-content/uploads/2018/10/banner_colabora-600x112.jpg 600w" sizes="auto, (max-width: 750px) 100vw, 750px" /></a></p>
<div class="fb-page" data-href="https://www.facebook.com/wallamascotas" data-width="340" data-hide-cover="false" data-show-facepile="true"></div>
