{"id":11960,"date":"2019-09-16T10:40:15","date_gmt":"2019-09-16T10:40:15","guid":{"rendered":"http:\/\/www.wallamascotas.com\/web3\/?post_type=product&#038;p=11960"},"modified":"2026-03-25T18:20:09","modified_gmt":"2026-03-25T18:20:09","slug":"withie-1-mes-cadiz","status":"publish","type":"product","link":"https:\/\/www.wallamascotas.com\/web3\/mascota\/withie-1-mes-cadiz\/","title":{"rendered":"WITHIE \u2013 1 MES"},"content":{"rendered":"<p><a href=\"http:\/\/www.wallamascotas.com\/web3\/wp-content\/uploads\/2018\/10\/banner_publicidad_wallamascotas_colabora2-1.jpg\"><img loading=\"lazy\" decoding=\"async\" class=\"alignnone size-full wp-image-7248\" src=\"http:\/\/www.wallamascotas.com\/web3\/wp-content\/uploads\/2018\/10\/banner_publicidad_wallamascotas_colabora2-1.jpg\" alt=\"\" width=\"750\" height=\"220\" \/><\/a><\/p>\n<div class=\"fb-page\" data-href=\"https:\/\/www.facebook.com\/wallamascotas\" data-width=\"340\" data-hide-cover=\"false\" data-show-facepile=\"true\">\n<p><span style=\"color: #33cccc; font-size: 130%;\"><strong>ADOPTADA<\/strong><\/span><\/p>\n<p>?WHITIE?<\/p>\n<p>Pues os presentamos a una de las peques que tanta necesidad ten\u00edan de encontrar una casita de acogida.<br \/>\nAgradecer ante todo a aquellas personas que les ha brindado un hueco en su hogar hasta que tengan la suya propia.<br \/>\nVienen de una mala vida, mala alimentaci\u00f3n y con un destino que ser\u00eda para todos ellos totalmente oscuro.<br \/>\nNosotras no pudimos volver la vista a un lado y a\u00fan menos tras ser conocedoras de sus historias; siempre dentro de nuestras posibilidades tendemos nuestra mano a como d\u00e9 lugar.<br \/>\nHemos conocido tras estas caritas unas miradas rotas, temblorosas y sin luz.<br \/>\nPero vamos a cambiar el rumbo de sus vidas, ofrecerles una oportunidad pues tod@s tienen derecho a tenerla y conseguirles una familia.<br \/>\nLo \u00fanico que necesitan es tener qui\u00e9n pueda adentrarles en sus vidas, que se queden en ella y entregar su coraz\u00f3n; pero sin darle una oportunidad ser\u00e1 imposible demostrarlo.<br \/>\nReconocer de esta forma entre tus brazos que no existir\u00e1 m\u00e1s espera, llegaron a su destino porque y\u00e1 tienen una familia.<br \/>\n#TuDecisionEsLaQueEspera<br \/>\n#LaUnicaQueCambiaraSuRumbo<\/p>\n<p>-Raza: cruce de Bodeguero.<br \/>\n-Fecha de nacimiento: 20\/07\/19.<br \/>\n&#8211; Peso aproximado de adulta : 10 kg.<br \/>\n-Car\u00e1cter: cari\u00f1osa, sociable, bien con otros perros, gatos y le chifla los ni\u00f1os.<br \/>\n-Situaci\u00f3n actual: se encuentra en Jerez (Cadiz).<br \/>\n-Condiciones para adoptar : se entrega con contrato de adopci\u00f3n,<br \/>\nvacuna, chip, pasaporte, compromiso de esterilizaci\u00f3n, seguimiento, desparasitada, se env\u00eda por todas las provincias de Espa\u00f1a excepto Canarias y Baleares.<br \/>\n-Si deseas adoptar puedes contactar con nosotras de estas formas:<br \/>\n-Escribenos un correo electr\u00f3nico indicando adoptar a Whitie a esta direcci\u00f3n:<br \/>\n<a href=\"mailto:Contacto@maskeperros.es\">Contacto@maskeperros.es<\/a><\/p>\n<p>-Puedes visitarla a trav\u00e9s de nuestra p\u00e1gina web y dejarnos tu mensaje:<br \/>\n<a href=\"http:\/\/secure-web.cisco.com\/1K2U39Zqsouvltpj4lPiciWQ8BUO9Atcjgw413nbWKRj_BoTkoU_GkcJlmOD40PW9r3b1z_QXaXYJPF-XT-Bjkeh1YCNkiXdcppEN-xo6GL0Ot1QPahDo9mT0E6vy-yw3ujW5WJ3BQEB4It_fgaLynBlBUrLr5jM49EysCmc33JD5B2oLvQR1meTl9cqTqG6kFZXFxkWjC_BfSPGHvGLoi4avbPqqN2bRd5ELnRFps1sp0GBHazwo4FjB99VAkfLfdOYL-fJWDpwRnqzxNdzV3tWfVvBdBpikWUp8Zk4qWHbkWgwLgFHgXDcqQDp7OD3ForlSs3GFn9cqmJaQ0qXktnk1sbn0SRMiDoDgyJrC2ayM-oLcm53_o0jeTeNxjyTnuiPPk4oux6e3dlWdwzIuLg\/http%3A%2F%2Fwww.maskeperros.es\">http:\/\/secure-web.cisco.com\/1K2U39Zqsouvltpj4lPiciWQ8BUO9Atcjgw413nbWKRj_BoTkoU_GkcJlmOD40PW9r3b1z_QXaXYJPF-XT-Bjkeh1YCNkiXdcppEN-xo6GL0Ot1QPahDo9mT0E6vy-yw3ujW5WJ3BQEB4It_fgaLynBlBUrLr5jM49EysCmc33JD5B2oLvQR1meTl9cqTqG6kFZXFxkWjC_BfSPGHvGLoi4avbPqqN2bRd5ELnRFps1sp0GBHazwo4FjB99VAkfLfdOYL-fJWDpwRnqzxNdzV3tWfVvBdBpikWUp8Zk4qWHbkWgwLgFHgXDcqQDp7OD3ForlSs3GFn9cqmJaQ0qXktnk1sbn0SRMiDoDgyJrC2ayM-oLcm53_o0jeTeNxjyTnuiPPk4oux6e3dlWdwzIuLg\/http%3A%2F%2Fwww.maskeperros.es<\/a><\/p>\n<p>-O rellenar nuestro cuestionario directamente:<br \/>\n<a href=\"http:\/\/secure-web.cisco.com\/1He_dovP0qV48KjcOA8bYpZe9Z5mnPXRQiJyYfQzaIRbDo1sySJCAbQUcQ9I0d4jfXnrZc3wzcFuIDVgZHDJAWkD7Tep1TxPMuJl4Xl_Hi-S7IcTt0wbr6wbVINSyAT4TD5V5m5yWak9CId3uAWlb1LaljgirXAI6WIiIOAMZecdp7StJOEgiBHp-pqHOJqwt-7c5Hx4t-6AqpBtSWXm1n54ZMoX-js06FBrbf_T4TKkfY6uuJ2lyrHeno1mPj-zZe2-z7dFmJRMEwix8qoz_a_SdlLdVaAFxpcPXIL89bcehh2RFVm0ov5Nnr3uXvOJB8WVlKih9q39sIkikqQS9ul12gyxSre0EoBVi6Dj9Gp-XcUqqmiqziEcuHSsVT8jFMDkG4hpgJpBv5ZkTUIYYtw\/http%3A%2F%2Fwww.maskeperros.es%2Fformulario.php\">http:\/\/secure-web.cisco.com\/1He_dovP0qV48KjcOA8bYpZe9Z5mnPXRQiJyYfQzaIRbDo1sySJCAbQUcQ9I0d4jfXnrZc3wzcFuIDVgZHDJAWkD7Tep1TxPMuJl4Xl_Hi-S7IcTt0wbr6wbVINSyAT4TD5V5m5yWak9CId3uAWlb1LaljgirXAI6WIiIOAMZecdp7StJOEgiBHp-pqHOJqwt-7c5Hx4t-6AqpBtSWXm1n54ZMoX-js06FBrbf_T4TKkfY6uuJ2lyrHeno1mPj-zZe2-z7dFmJRMEwix8qoz_a_SdlLdVaAFxpcPXIL89bcehh2RFVm0ov5Nnr3uXvOJB8WVlKih9q39sIkikqQS9ul12gyxSre0EoBVi6Dj9Gp-XcUqqmiqziEcuHSsVT8jFMDkG4hpgJpBv5ZkTUIYYtw\/http%3A%2F%2Fwww.maskeperros.es%2Fformulario.php<\/a><\/p>\n<p>ENLACE DE SU PUBLICACI\u00d3N<br \/>\n<a href=\"https:\/\/www.facebook.com\/319914701479005\/posts\/1582863711850758\/\">https:\/\/www.facebook.com\/319914701479005\/posts\/1582863711850758\/<\/a><\/p>\n<p>? VISITA NUESTRO CANAL?<br \/>\n<a href=\"https:\/\/www.youtube.com\/channel\/UCPhUQI_XFe2BSUqVHchTaDw\">https:\/\/www.youtube.com\/channel\/UCPhUQI_XFe2BSUqVHchTaDw<\/a><\/p>\n<p>&#8220;AYUDAR ES OFRECER UNA SEGUNDA OPORTUNIDAD DE VIDA&#8221;<\/p>\n<p><a href=\"https:\/\/www.facebook.com\/319914701479005\/posts\/1582863711850758\/\">\/<\/a><\/p>\n<\/div>\n","protected":false},"excerpt":{"rendered":"<p><span style=\"color: #33cccc;\"><strong>ADOPTADA.<\/strong><\/span> Busca un hogar<\/p>\n","protected":false},"featured_media":0,"template":"","meta":{"_acf_changed":false},"product_brand":[],"product_cat":[51],"product_tag":[],"class_list":{"0":"post-11960","1":"product","2":"type-product","3":"status-publish","5":"product_cat-adoptados","6":"pa_fecha-alta-16-09-2019","7":"pa_origen-asociacion-maskeperros","8":"pa_provincia-cadiz","9":"pa_tamano-b","11":"first","12":"instock","13":"taxable","14":"shipping-taxable","15":"product-type-simple"},"acf":[],"_links":{"self":[{"href":"https:\/\/www.wallamascotas.com\/web3\/wp-json\/wp\/v2\/product\/11960","targetHints":{"allow":["GET"]}}],"collection":[{"href":"https:\/\/www.wallamascotas.com\/web3\/wp-json\/wp\/v2\/product"}],"about":[{"href":"https:\/\/www.wallamascotas.com\/web3\/wp-json\/wp\/v2\/types\/product"}],"wp:attachment":[{"href":"https:\/\/www.wallamascotas.com\/web3\/wp-json\/wp\/v2\/media?parent=11960"}],"wp:term":[{"taxonomy":"product_brand","embeddable":true,"href":"https:\/\/www.wallamascotas.com\/web3\/wp-json\/wp\/v2\/product_brand?post=11960"},{"taxonomy":"product_cat","embeddable":true,"href":"https:\/\/www.wallamascotas.com\/web3\/wp-json\/wp\/v2\/product_cat?post=11960"},{"taxonomy":"product_tag","embeddable":true,"href":"https:\/\/www.wallamascotas.com\/web3\/wp-json\/wp\/v2\/product_tag?post=11960"}],"curies":[{"name":"wp","href":"https:\/\/api.w.org\/{rel}","templated":true}]}}