{"id":11972,"date":"2019-09-16T10:47:25","date_gmt":"2019-09-16T10:47:25","guid":{"rendered":"http:\/\/www.wallamascotas.com\/web3\/?post_type=product&#038;p=11972"},"modified":"2026-03-25T18:20:09","modified_gmt":"2026-03-25T18:20:09","slug":"motitas-3-meses-cadiz","status":"publish","type":"product","link":"https:\/\/www.wallamascotas.com\/web3\/mascota\/motitas-3-meses-cadiz\/","title":{"rendered":"MOTITAS \u2013 3 MESES"},"content":{"rendered":"<p><a href=\"http:\/\/www.wallamascotas.com\/web3\/wp-content\/uploads\/2018\/10\/banner_publicidad_wallamascotas_colabora2-1.jpg\"><img loading=\"lazy\" decoding=\"async\" class=\"alignnone size-full wp-image-7248\" src=\"http:\/\/www.wallamascotas.com\/web3\/wp-content\/uploads\/2018\/10\/banner_publicidad_wallamascotas_colabora2-1.jpg\" alt=\"\" width=\"750\" height=\"220\" \/><\/a><\/p>\n<div class=\"fb-page\" data-href=\"https:\/\/www.facebook.com\/wallamascotas\" data-width=\"340\" data-hide-cover=\"false\" data-show-facepile=\"true\">\n<p><span style=\"color: #33cccc; font-size: 130%;\"><strong>ADOPTADO<\/strong><\/span><\/p>\n<p>MOTITAS\u26ab<\/p>\n<p>Abre bien los ojos, despierta tus sentidos y ser\u00e1s capaz de observar en \u00e9l, que no es el color de sus ojos; si no la forma tan dulce de como mira.<br \/>\nLo m\u00e1s grande que le podr\u00eda suceder es tener qui\u00e9n lo ame y que no tengan la menor duda porque ese amor ser\u00e1 correspondido.<br \/>\nSe os garantiza mimos, risas,&#8230; Lograr\u00e1 hacerte imposible sobrevivir sin \u00e9l.<br \/>\n#ponuninvisibleentuvida<br \/>\n-Raza: Com\u00fan Europea.<br \/>\n-Fecha de nacimiento: 02\/05\/19.<br \/>\n-Car\u00e1cter : cari\u00f1oso, sociable,es estupendo con ni\u00f1os, puede convivir con otros gatos y perros.<br \/>\n-Situaci\u00f3n actual : se encuentra en Chiclana (Cadiz).<br \/>\n-Condiciones para adoptar: se entrega con contrato de adopci\u00f3n, vacuna,chip,pasaporte,desparasitado, castrado, seguimiento, se env\u00eda por todas las provincias de Espa\u00f1a excepto Canarias y Baleares.<\/p>\n<\/div>\n","protected":false},"excerpt":{"rendered":"<p><span style=\"color: #33cccc;\"><strong>ADOPTADO.<\/strong><\/span> Busca un hogar<\/p>\n","protected":false},"featured_media":0,"template":"","meta":{"_acf_changed":false},"product_brand":[],"product_cat":[51],"product_tag":[],"class_list":{"0":"post-11972","1":"product","2":"type-product","3":"status-publish","5":"product_cat-adoptados","6":"pa_fecha-alta-16-09-2019","7":"pa_origen-asociacion-maskeperros","8":"pa_provincia-cadiz","9":"pa_tamano-b","11":"first","12":"instock","13":"taxable","14":"shipping-taxable","15":"product-type-simple"},"acf":[],"_links":{"self":[{"href":"https:\/\/www.wallamascotas.com\/web3\/wp-json\/wp\/v2\/product\/11972","targetHints":{"allow":["GET"]}}],"collection":[{"href":"https:\/\/www.wallamascotas.com\/web3\/wp-json\/wp\/v2\/product"}],"about":[{"href":"https:\/\/www.wallamascotas.com\/web3\/wp-json\/wp\/v2\/types\/product"}],"wp:attachment":[{"href":"https:\/\/www.wallamascotas.com\/web3\/wp-json\/wp\/v2\/media?parent=11972"}],"wp:term":[{"taxonomy":"product_brand","embeddable":true,"href":"https:\/\/www.wallamascotas.com\/web3\/wp-json\/wp\/v2\/product_brand?post=11972"},{"taxonomy":"product_cat","embeddable":true,"href":"https:\/\/www.wallamascotas.com\/web3\/wp-json\/wp\/v2\/product_cat?post=11972"},{"taxonomy":"product_tag","embeddable":true,"href":"https:\/\/www.wallamascotas.com\/web3\/wp-json\/wp\/v2\/product_tag?post=11972"}],"curies":[{"name":"wp","href":"https:\/\/api.w.org\/{rel}","templated":true}]}}

<p><a href="http://www.wallamascotas.com/web3/wp-content/uploads/2018/10/banner_publicidad_wallamascotas_colabora2-1.jpg"><img loading="lazy" decoding="async" class="alignnone size-full wp-image-7248" src="http://www.wallamascotas.com/web3/wp-content/uploads/2018/10/banner_publicidad_wallamascotas_colabora2-1.jpg" alt="" width="750" height="220" /></a></p>
<div class="fb-page" data-href="https://www.facebook.com/wallamascotas" data-width="340" data-hide-cover="false" data-show-facepile="true">
<p><span style="color: #33cccc; font-size: 130%;"><strong>ADOPTADO</strong></span></p>
<p>MOTITAS⚫</p>
<p>Abre bien los ojos, despierta tus sentidos y serás capaz de observar en él, que no es el color de sus ojos; si no la forma tan dulce de como mira.<br />
Lo más grande que le podría suceder es tener quién lo ame y que no tengan la menor duda porque ese amor será correspondido.<br />
Se os garantiza mimos, risas,&#8230; Logrará hacerte imposible sobrevivir sin él.<br />
#ponuninvisibleentuvida<br />
-Raza: Común Europea.<br />
-Fecha de nacimiento: 02/05/19.<br />
-Carácter : cariñoso, sociable,es estupendo con niños, puede convivir con otros gatos y perros.<br />
-Situación actual : se encuentra en Chiclana (Cadiz).<br />
-Condiciones para adoptar: se entrega con contrato de adopción, vacuna,chip,pasaporte,desparasitado, castrado, seguimiento, se envía por todas las provincias de España excepto Canarias y Baleares.</p>
</div>
