{"id":12266,"date":"2019-11-07T12:58:15","date_gmt":"2019-11-07T12:58:15","guid":{"rendered":"http:\/\/www.wallamascotas.com\/web3\/?post_type=product&#038;p=12266"},"modified":"2026-03-25T18:20:09","modified_gmt":"2026-03-25T18:20:09","slug":"daina-2-meses-cadiz","status":"publish","type":"product","link":"https:\/\/www.wallamascotas.com\/web3\/mascota\/daina-2-meses-cadiz\/","title":{"rendered":"DAINA \u2013 2 MESES"},"content":{"rendered":"<p><a href=\"http:\/\/www.wallamascotas.com\/web3\/wp-content\/uploads\/2018\/10\/banner_publicidad_wallamascotas_colabora2-1.jpg\"><img loading=\"lazy\" decoding=\"async\" class=\"alignnone size-full wp-image-7248\" src=\"http:\/\/www.wallamascotas.com\/web3\/wp-content\/uploads\/2018\/10\/banner_publicidad_wallamascotas_colabora2-1.jpg\" alt=\"\" width=\"750\" height=\"220\" \/><\/a><\/p>\n<div class=\"fb-page\" data-href=\"https:\/\/www.facebook.com\/wallamascotas\" data-width=\"340\" data-hide-cover=\"false\" data-show-facepile=\"true\">\n<p>&nbsp;<\/p>\n<p><span style=\"color: #33cccc; font-size: 130%;\"><strong>ADOPTADA<\/strong><\/span><\/p>\n<p>Esta cara tan dulce, dicharachera y preciosa quiere formar parte de vuestra familia.<br \/>\nMirar que orejotas encantadoras&#8230;que carota tan expresiva?<br \/>\nSi a nosotras con tan s\u00f3lo ver sus fotos nos da la risa floja de lo que nos entra de tan s\u00f3lo verla&#8230;morimos completamente de amooor.<br \/>\nMirarla bien y os tocar\u00e1 el corazoncito.<br \/>\nEste amorcete est\u00e1 preparada, abierta para recibir el calor definitivo de un hogar y si se lo ofreces te jurar\u00e1 amor eterno.<br \/>\n-Raza: mestiza.<br \/>\n-Fecha de nacimiento: 11\/09\/19.<br \/>\n-Tama\u00f1o de adulta : peque\/ medianita.<br \/>\n-Car\u00e1cter: cari\u00f1osa, sociable, bien con otros perros, gatos y le chifla los ni\u00f1os.<br \/>\n-Situaci\u00f3n actual: se encuentra en Jerez (Cadiz).<br \/>\n-Condiciones para adoptar : se entrega con contrato de adopci\u00f3n,<br \/>\nvacuna,chip,pasaporte, compromiso de esterilizaci\u00f3n, seguimiento, desparasitada,se env\u00eda por todas las provincias de Espa\u00f1a excepto Canarias y Baleares.<\/p>\n<\/div>\n","protected":false},"excerpt":{"rendered":"<p><span style=\"color: #33cccc;\"><strong>ADOPTADA.<\/strong><\/span> Busca un hogar<\/p>\n","protected":false},"featured_media":0,"template":"","meta":{"_acf_changed":false},"product_brand":[],"product_cat":[51],"product_tag":[],"class_list":{"0":"post-12266","1":"product","2":"type-product","3":"status-publish","5":"product_cat-adoptados","6":"pa_fecha-alta-07-11-2019","7":"pa_origen-asociacion-maskeperros","8":"pa_provincia-cadiz","9":"pa_tamano-c","11":"first","12":"instock","13":"taxable","14":"shipping-taxable","15":"product-type-simple"},"acf":[],"_links":{"self":[{"href":"https:\/\/www.wallamascotas.com\/web3\/wp-json\/wp\/v2\/product\/12266","targetHints":{"allow":["GET"]}}],"collection":[{"href":"https:\/\/www.wallamascotas.com\/web3\/wp-json\/wp\/v2\/product"}],"about":[{"href":"https:\/\/www.wallamascotas.com\/web3\/wp-json\/wp\/v2\/types\/product"}],"wp:attachment":[{"href":"https:\/\/www.wallamascotas.com\/web3\/wp-json\/wp\/v2\/media?parent=12266"}],"wp:term":[{"taxonomy":"product_brand","embeddable":true,"href":"https:\/\/www.wallamascotas.com\/web3\/wp-json\/wp\/v2\/product_brand?post=12266"},{"taxonomy":"product_cat","embeddable":true,"href":"https:\/\/www.wallamascotas.com\/web3\/wp-json\/wp\/v2\/product_cat?post=12266"},{"taxonomy":"product_tag","embeddable":true,"href":"https:\/\/www.wallamascotas.com\/web3\/wp-json\/wp\/v2\/product_tag?post=12266"}],"curies":[{"name":"wp","href":"https:\/\/api.w.org\/{rel}","templated":true}]}}

<p><a href="http://www.wallamascotas.com/web3/wp-content/uploads/2018/10/banner_publicidad_wallamascotas_colabora2-1.jpg"><img loading="lazy" decoding="async" class="alignnone size-full wp-image-7248" src="http://www.wallamascotas.com/web3/wp-content/uploads/2018/10/banner_publicidad_wallamascotas_colabora2-1.jpg" alt="" width="750" height="220" /></a></p>
<div class="fb-page" data-href="https://www.facebook.com/wallamascotas" data-width="340" data-hide-cover="false" data-show-facepile="true">
<p>&nbsp;</p>
<p><span style="color: #33cccc; font-size: 130%;"><strong>ADOPTADA</strong></span></p>
<p>Esta cara tan dulce, dicharachera y preciosa quiere formar parte de vuestra familia.<br />
Mirar que orejotas encantadoras&#8230;que carota tan expresiva?<br />
Si a nosotras con tan sólo ver sus fotos nos da la risa floja de lo que nos entra de tan sólo verla&#8230;morimos completamente de amooor.<br />
Mirarla bien y os tocará el corazoncito.<br />
Este amorcete está preparada, abierta para recibir el calor definitivo de un hogar y si se lo ofreces te jurará amor eterno.<br />
-Raza: mestiza.<br />
-Fecha de nacimiento: 11/09/19.<br />
-Tamaño de adulta : peque/ medianita.<br />
-Carácter: cariñosa, sociable, bien con otros perros, gatos y le chifla los niños.<br />
-Situación actual: se encuentra en Jerez (Cadiz).<br />
-Condiciones para adoptar : se entrega con contrato de adopción,<br />
vacuna,chip,pasaporte, compromiso de esterilización, seguimiento, desparasitada,se envía por todas las provincias de España excepto Canarias y Baleares.</p>
</div>
