{"id":12285,"date":"2019-11-12T13:29:51","date_gmt":"2019-11-12T13:29:51","guid":{"rendered":"http:\/\/www.wallamascotas.com\/web3\/?post_type=product&#038;p=12285"},"modified":"2026-03-25T18:20:09","modified_gmt":"2026-03-25T18:20:09","slug":"linda-6-anos-granada","status":"publish","type":"product","link":"https:\/\/www.wallamascotas.com\/web3\/mascota\/linda-6-anos-granada\/","title":{"rendered":"LINDA"},"content":{"rendered":"<p>Linda es sociable y cari\u00f1osa. Junto con\u00a0Tina y Canelo, ha sido abandonada por su due\u00f1o, al vender su casa. Los empleados de la empresa, los han estado cuidando un tiempo, pero al vender la propiedad, se han quedado en la calle. Ser\u00eda genial una adopci\u00f3n conjunta de Linda y Canelo, ya que \u00e9ste\u00a0\u00a0depende much\u00edsimo de Linda. En caso de que no hubiera otra opci\u00f3n, podr\u00edamos separarlos, aunque no es lo que nos gustar\u00eda ni desear\u00edamos por nada del mundo\u00a0 para ellos.<\/p>\n<p><a href=\"http:\/\/www.wallamascotas.com\/web3\/wp-content\/uploads\/2018\/10\/banner_publicidad_wallamascotas_no_compres-1.jpg\"><img loading=\"lazy\" decoding=\"async\" class=\"alignnone size-full wp-image-7183\" src=\"http:\/\/www.wallamascotas.com\/web3\/wp-content\/uploads\/2018\/10\/banner_publicidad_wallamascotas_no_compres-1.jpg\" alt=\"\" width=\"750\" height=\"140\" srcset=\"https:\/\/www.wallamascotas.com\/web3\/wp-content\/uploads\/2018\/10\/banner_publicidad_wallamascotas_no_compres-1.jpg 750w, https:\/\/www.wallamascotas.com\/web3\/wp-content\/uploads\/2018\/10\/banner_publicidad_wallamascotas_no_compres-1-300x56.jpg 300w, https:\/\/www.wallamascotas.com\/web3\/wp-content\/uploads\/2018\/10\/banner_publicidad_wallamascotas_no_compres-1-600x112.jpg 600w\" sizes=\"auto, (max-width: 750px) 100vw, 750px\" \/><\/a><\/p>\n<p><a href=\"http:\/\/www.wallamascotas.com\/web3\/wp-content\/uploads\/2018\/10\/banner_colabora.jpg\"><img loading=\"lazy\" decoding=\"async\" class=\"alignnone size-full wp-image-7179\" src=\"http:\/\/www.wallamascotas.com\/web3\/wp-content\/uploads\/2018\/10\/banner_colabora.jpg\" alt=\"\" width=\"750\" height=\"140\" srcset=\"https:\/\/www.wallamascotas.com\/web3\/wp-content\/uploads\/2018\/10\/banner_colabora.jpg 750w, https:\/\/www.wallamascotas.com\/web3\/wp-content\/uploads\/2018\/10\/banner_colabora-300x56.jpg 300w, https:\/\/www.wallamascotas.com\/web3\/wp-content\/uploads\/2018\/10\/banner_colabora-600x112.jpg 600w\" sizes=\"auto, (max-width: 750px) 100vw, 750px\" \/><\/a><\/p>\n<div class=\"fb-page\" data-href=\"https:\/\/www.facebook.com\/wallamascotas\" data-width=\"340\" data-hide-cover=\"false\" data-show-facepile=\"true\"><\/div>\n","protected":false},"excerpt":{"rendered":"<p style=\"text-align: justify;\"><span style=\"color: #33cccc;\"><strong>ADOPTADA<\/strong><\/span><\/p>\n","protected":false},"featured_media":0,"template":"","meta":{"_acf_changed":false},"product_brand":[],"product_cat":[51,1000],"product_tag":[],"class_list":{"0":"post-12285","1":"product","2":"type-product","3":"status-publish","5":"product_cat-adoptados","6":"product_cat-adoptar-perro-gato-adoptar-mascota-es","7":"pa_chip-si","8":"pa_fecha-alta-12-11-2019","9":"pa_origen-asociacion-ladridos-vagabundos","10":"pa_pais-espana","11":"pa_provincia-granada","12":"pa_sexo-hembra","13":"pa_tamano-c","15":"first","16":"instock","17":"taxable","18":"shipping-taxable","19":"product-type-simple"},"acf":[],"_links":{"self":[{"href":"https:\/\/www.wallamascotas.com\/web3\/wp-json\/wp\/v2\/product\/12285","targetHints":{"allow":["GET"]}}],"collection":[{"href":"https:\/\/www.wallamascotas.com\/web3\/wp-json\/wp\/v2\/product"}],"about":[{"href":"https:\/\/www.wallamascotas.com\/web3\/wp-json\/wp\/v2\/types\/product"}],"wp:attachment":[{"href":"https:\/\/www.wallamascotas.com\/web3\/wp-json\/wp\/v2\/media?parent=12285"}],"wp:term":[{"taxonomy":"product_brand","embeddable":true,"href":"https:\/\/www.wallamascotas.com\/web3\/wp-json\/wp\/v2\/product_brand?post=12285"},{"taxonomy":"product_cat","embeddable":true,"href":"https:\/\/www.wallamascotas.com\/web3\/wp-json\/wp\/v2\/product_cat?post=12285"},{"taxonomy":"product_tag","embeddable":true,"href":"https:\/\/www.wallamascotas.com\/web3\/wp-json\/wp\/v2\/product_tag?post=12285"}],"curies":[{"name":"wp","href":"https:\/\/api.w.org\/{rel}","templated":true}]}}

<p>Linda es sociable y cariñosa. Junto con Tina y Canelo, ha sido abandonada por su dueño, al vender su casa. Los empleados de la empresa, los han estado cuidando un tiempo, pero al vender la propiedad, se han quedado en la calle. Sería genial una adopción conjunta de Linda y Canelo, ya que éste  depende muchísimo de Linda. En caso de que no hubiera otra opción, podríamos separarlos, aunque no es lo que nos gustaría ni desearíamos por nada del mundo  para ellos.</p>
<p><a href="http://www.wallamascotas.com/web3/wp-content/uploads/2018/10/banner_publicidad_wallamascotas_no_compres-1.jpg"><img loading="lazy" decoding="async" class="alignnone size-full wp-image-7183" src="http://www.wallamascotas.com/web3/wp-content/uploads/2018/10/banner_publicidad_wallamascotas_no_compres-1.jpg" alt="" width="750" height="140" srcset="https://www.wallamascotas.com/web3/wp-content/uploads/2018/10/banner_publicidad_wallamascotas_no_compres-1.jpg 750w, https://www.wallamascotas.com/web3/wp-content/uploads/2018/10/banner_publicidad_wallamascotas_no_compres-1-300x56.jpg 300w, https://www.wallamascotas.com/web3/wp-content/uploads/2018/10/banner_publicidad_wallamascotas_no_compres-1-600x112.jpg 600w" sizes="auto, (max-width: 750px) 100vw, 750px" /></a></p>
<p><a href="http://www.wallamascotas.com/web3/wp-content/uploads/2018/10/banner_colabora.jpg"><img loading="lazy" decoding="async" class="alignnone size-full wp-image-7179" src="http://www.wallamascotas.com/web3/wp-content/uploads/2018/10/banner_colabora.jpg" alt="" width="750" height="140" srcset="https://www.wallamascotas.com/web3/wp-content/uploads/2018/10/banner_colabora.jpg 750w, https://www.wallamascotas.com/web3/wp-content/uploads/2018/10/banner_colabora-300x56.jpg 300w, https://www.wallamascotas.com/web3/wp-content/uploads/2018/10/banner_colabora-600x112.jpg 600w" sizes="auto, (max-width: 750px) 100vw, 750px" /></a></p>
<div class="fb-page" data-href="https://www.facebook.com/wallamascotas" data-width="340" data-hide-cover="false" data-show-facepile="true"></div>
