{"id":12440,"date":"2019-12-12T18:31:30","date_gmt":"2019-12-12T18:31:30","guid":{"rendered":"http:\/\/www.wallamascotas.com\/web3\/?post_type=product&#038;p=12440"},"modified":"2026-03-25T18:20:09","modified_gmt":"2026-03-25T18:20:09","slug":"tapon-3-meses-cadiz","status":"publish","type":"product","link":"https:\/\/www.wallamascotas.com\/web3\/mascota\/tapon-3-meses-cadiz\/","title":{"rendered":"TAP\u00d3N \u2013 3 MESES"},"content":{"rendered":"<p><a href=\"http:\/\/www.wallamascotas.com\/web3\/wp-content\/uploads\/2018\/10\/banner_publicidad_wallamascotas_colabora2-1.jpg\"><img loading=\"lazy\" decoding=\"async\" class=\"alignnone size-full wp-image-7248\" src=\"http:\/\/www.wallamascotas.com\/web3\/wp-content\/uploads\/2018\/10\/banner_publicidad_wallamascotas_colabora2-1.jpg\" alt=\"\" width=\"750\" height=\"220\" \/><\/a><\/p>\n<div class=\"fb-page\" data-href=\"https:\/\/www.facebook.com\/wallamascotas\" data-width=\"340\" data-hide-cover=\"false\" data-show-facepile=\"true\">\n<div dir=\"auto\">TAPON<\/div>\n<div dir=\"auto\">Os presentamos a 1 de los 8 peques que llegaron a nuestra tutela.<\/div>\n<div dir=\"auto\">As\u00ed de guapeton luce en estas fotos con esa cara\u00a0 tan tierna que va con un s\u00f3lo fin, ablandar un coraz\u00f3n que ser\u00e1 qui\u00e9n se ofrezca en darle a un hogar.<\/div>\n<div dir=\"auto\">Date la oportunidad con el y te jurar\u00e1 amor eterno.<\/div>\n<div dir=\"auto\"><\/div>\n<div dir=\"auto\">-Raza: mestizo.<\/div>\n<div dir=\"auto\">-Fecha de nacimiento: 23\/09\/19.<\/div>\n<div dir=\"auto\">-Tama\u00f1o de adulto : mediano.<\/div>\n<div dir=\"auto\">-Car\u00e1cter: cari\u00f1oso, sociable, bien con otros perros, gatos y le chifla los ni\u00f1os.<\/div>\n<div dir=\"auto\">-Situaci\u00f3n actual: se encuentra en Jerez (Cadiz).<\/div>\n<div dir=\"auto\">-Condiciones para adoptar : se entrega con contrato de adopci\u00f3n,<\/div>\n<div dir=\"auto\">vacuna,chip,pasaporte, compromiso de castraci\u00f3n, seguimiento, desparasitado,se env\u00eda por todas las provincias de Espa\u00f1a excepto Canarias y Baleares.<\/div>\n<\/div>\n","protected":false},"excerpt":{"rendered":"<p><span style=\"color: #33cccc;\"><strong>ADOPTADO<\/strong><\/span><\/p>\n","protected":false},"featured_media":0,"template":"","meta":{"_acf_changed":false},"product_brand":[],"product_cat":[51,1000],"product_tag":[],"class_list":{"0":"post-12440","1":"product","2":"type-product","3":"status-publish","5":"product_cat-adoptados","6":"product_cat-adoptar-perro-gato-adoptar-mascota-es","7":"pa_fecha-alta-02-12-2019","8":"pa_origen-asociacion-maskeperros","9":"pa_provincia-cadiz","10":"pa_tamano-c","12":"first","13":"instock","14":"taxable","15":"shipping-taxable","16":"product-type-simple"},"acf":[],"_links":{"self":[{"href":"https:\/\/www.wallamascotas.com\/web3\/wp-json\/wp\/v2\/product\/12440","targetHints":{"allow":["GET"]}}],"collection":[{"href":"https:\/\/www.wallamascotas.com\/web3\/wp-json\/wp\/v2\/product"}],"about":[{"href":"https:\/\/www.wallamascotas.com\/web3\/wp-json\/wp\/v2\/types\/product"}],"wp:attachment":[{"href":"https:\/\/www.wallamascotas.com\/web3\/wp-json\/wp\/v2\/media?parent=12440"}],"wp:term":[{"taxonomy":"product_brand","embeddable":true,"href":"https:\/\/www.wallamascotas.com\/web3\/wp-json\/wp\/v2\/product_brand?post=12440"},{"taxonomy":"product_cat","embeddable":true,"href":"https:\/\/www.wallamascotas.com\/web3\/wp-json\/wp\/v2\/product_cat?post=12440"},{"taxonomy":"product_tag","embeddable":true,"href":"https:\/\/www.wallamascotas.com\/web3\/wp-json\/wp\/v2\/product_tag?post=12440"}],"curies":[{"name":"wp","href":"https:\/\/api.w.org\/{rel}","templated":true}]}}

TAPÓN – 3 MESES

<p><a href="http://www.wallamascotas.com/web3/wp-content/uploads/2018/10/banner_publicidad_wallamascotas_colabora2-1.jpg"><img loading="lazy" decoding="async" class="alignnone size-full wp-image-7248" src="http://www.wallamascotas.com/web3/wp-content/uploads/2018/10/banner_publicidad_wallamascotas_colabora2-1.jpg" alt="" width="750" height="220" /></a></p>
<div class="fb-page" data-href="https://www.facebook.com/wallamascotas" data-width="340" data-hide-cover="false" data-show-facepile="true">
<div dir="auto">TAPON</div>
<div dir="auto">Os presentamos a 1 de los 8 peques que llegaron a nuestra tutela.</div>
<div dir="auto">Así de guapeton luce en estas fotos con esa cara  tan tierna que va con un sólo fin, ablandar un corazón que será quién se ofrezca en darle a un hogar.</div>
<div dir="auto">Date la oportunidad con el y te jurará amor eterno.</div>
<div dir="auto"></div>
<div dir="auto">-Raza: mestizo.</div>
<div dir="auto">-Fecha de nacimiento: 23/09/19.</div>
<div dir="auto">-Tamaño de adulto : mediano.</div>
<div dir="auto">-Carácter: cariñoso, sociable, bien con otros perros, gatos y le chifla los niños.</div>
<div dir="auto">-Situación actual: se encuentra en Jerez (Cadiz).</div>
<div dir="auto">-Condiciones para adoptar : se entrega con contrato de adopción,</div>
<div dir="auto">vacuna,chip,pasaporte, compromiso de castración, seguimiento, desparasitado,se envía por todas las provincias de España excepto Canarias y Baleares.</div>
</div>
