{"id":12495,"date":"2019-12-23T12:20:37","date_gmt":"2019-12-23T12:20:37","guid":{"rendered":"http:\/\/www.wallamascotas.com\/web3\/?post_type=product&#038;p=12495"},"modified":"2026-03-25T18:20:09","modified_gmt":"2026-03-25T18:20:09","slug":"cherry-1-ano-cadiz","status":"publish","type":"product","link":"https:\/\/www.wallamascotas.com\/web3\/mascota\/cherry-1-ano-cadiz\/","title":{"rendered":"CHERRY"},"content":{"rendered":"<p><a href=\"http:\/\/www.wallamascotas.com\/web3\/wp-content\/uploads\/2018\/10\/banner_publicidad_wallamascotas_colabora2-1.jpg\"><img loading=\"lazy\" decoding=\"async\" class=\"alignnone size-full wp-image-7248\" src=\"http:\/\/www.wallamascotas.com\/web3\/wp-content\/uploads\/2018\/10\/banner_publicidad_wallamascotas_colabora2-1.jpg\" alt=\"\" width=\"750\" height=\"220\" \/><\/a><\/p>\n<div class=\"fb-page\" data-href=\"https:\/\/www.facebook.com\/wallamascotas\" data-width=\"340\" data-hide-cover=\"false\" data-show-facepile=\"true\">\n<div dir=\"auto\"><span style=\"color: #33cccc; font-size: 130%;\"><strong>ADOPTADA<\/strong><\/span><\/div>\n<div dir=\"auto\"><\/div>\n<div dir=\"auto\">?CHERRY?<\/div>\n<div dir=\"auto\"><\/div>\n<div dir=\"auto\">Aqu\u00ed esta preciosa y elegante gatita que posa con esa belleza; y mirada fulminante que le caracteriza.<\/div>\n<div dir=\"auto\">Hasta hace muy poquito en lo que es ahora un precioso pelaje yac\u00eda barro, suciedad y par\u00e1sitos.<\/div>\n<div dir=\"auto\">En lo que es ahora una mirada penetrante y llena de vida se pod\u00eda palpar la tristeza y una conjuntivitis que los cubr\u00eda.<\/div>\n<div dir=\"auto\">Su recuperaci\u00f3n est\u00e1 al t\u00e9rmino pues lleg\u00f3 adem\u00e1s con una fuerte diarrea y a fecha de hoy \u00e9sta comienza a cesar.<\/div>\n<div dir=\"auto\">Aqu\u00ed la ten\u00e9is una gatuna que lleva 21 d\u00edas esperando ansiosamente que llegue a la recta final, poder tener unos brazos eternos y definitivos con los que pasar su vida.<\/div>\n<\/div>\n","protected":false},"excerpt":{"rendered":"<p><span style=\"color: #33cccc;\"><strong>ADOPTADA<\/strong><\/span><\/p>\n","protected":false},"featured_media":0,"template":"","meta":{"_acf_changed":false},"product_brand":[],"product_cat":[51,1000],"product_tag":[],"class_list":{"0":"post-12495","1":"product","2":"type-product","3":"status-publish","5":"product_cat-adoptados","6":"product_cat-adoptar-perro-gato-adoptar-mascota-es","7":"pa_fecha-alta-22-12-2019","8":"pa_origen-asociacion-maskeperros","9":"pa_provincia-cadiz","10":"pa_tamano-c","12":"first","13":"instock","14":"taxable","15":"shipping-taxable","16":"product-type-simple"},"acf":[],"_links":{"self":[{"href":"https:\/\/www.wallamascotas.com\/web3\/wp-json\/wp\/v2\/product\/12495","targetHints":{"allow":["GET"]}}],"collection":[{"href":"https:\/\/www.wallamascotas.com\/web3\/wp-json\/wp\/v2\/product"}],"about":[{"href":"https:\/\/www.wallamascotas.com\/web3\/wp-json\/wp\/v2\/types\/product"}],"wp:attachment":[{"href":"https:\/\/www.wallamascotas.com\/web3\/wp-json\/wp\/v2\/media?parent=12495"}],"wp:term":[{"taxonomy":"product_brand","embeddable":true,"href":"https:\/\/www.wallamascotas.com\/web3\/wp-json\/wp\/v2\/product_brand?post=12495"},{"taxonomy":"product_cat","embeddable":true,"href":"https:\/\/www.wallamascotas.com\/web3\/wp-json\/wp\/v2\/product_cat?post=12495"},{"taxonomy":"product_tag","embeddable":true,"href":"https:\/\/www.wallamascotas.com\/web3\/wp-json\/wp\/v2\/product_tag?post=12495"}],"curies":[{"name":"wp","href":"https:\/\/api.w.org\/{rel}","templated":true}]}}

<p><a href="http://www.wallamascotas.com/web3/wp-content/uploads/2018/10/banner_publicidad_wallamascotas_colabora2-1.jpg"><img loading="lazy" decoding="async" class="alignnone size-full wp-image-7248" src="http://www.wallamascotas.com/web3/wp-content/uploads/2018/10/banner_publicidad_wallamascotas_colabora2-1.jpg" alt="" width="750" height="220" /></a></p>
<div class="fb-page" data-href="https://www.facebook.com/wallamascotas" data-width="340" data-hide-cover="false" data-show-facepile="true">
<div dir="auto"><span style="color: #33cccc; font-size: 130%;"><strong>ADOPTADA</strong></span></div>
<div dir="auto"></div>
<div dir="auto">?CHERRY?</div>
<div dir="auto"></div>
<div dir="auto">Aquí esta preciosa y elegante gatita que posa con esa belleza; y mirada fulminante que le caracteriza.</div>
<div dir="auto">Hasta hace muy poquito en lo que es ahora un precioso pelaje yacía barro, suciedad y parásitos.</div>
<div dir="auto">En lo que es ahora una mirada penetrante y llena de vida se podía palpar la tristeza y una conjuntivitis que los cubría.</div>
<div dir="auto">Su recuperación está al término pues llegó además con una fuerte diarrea y a fecha de hoy ésta comienza a cesar.</div>
<div dir="auto">Aquí la tenéis una gatuna que lleva 21 días esperando ansiosamente que llegue a la recta final, poder tener unos brazos eternos y definitivos con los que pasar su vida.</div>
</div>
