{"id":12523,"date":"2019-12-23T13:20:22","date_gmt":"2019-12-23T13:20:22","guid":{"rendered":"http:\/\/www.wallamascotas.com\/web3\/?post_type=product&#038;p=12523"},"modified":"2026-03-25T18:20:09","modified_gmt":"2026-03-25T18:20:09","slug":"halie-3-meses-cadiz","status":"publish","type":"product","link":"https:\/\/www.wallamascotas.com\/web3\/mascota\/halie-3-meses-cadiz\/","title":{"rendered":"HALIE \u2013 3 MESES"},"content":{"rendered":"<p><a href=\"http:\/\/www.wallamascotas.com\/web3\/wp-content\/uploads\/2018\/10\/banner_publicidad_wallamascotas_colabora2-1.jpg\"><img loading=\"lazy\" decoding=\"async\" class=\"alignnone size-full wp-image-7248\" src=\"http:\/\/www.wallamascotas.com\/web3\/wp-content\/uploads\/2018\/10\/banner_publicidad_wallamascotas_colabora2-1.jpg\" alt=\"\" width=\"750\" height=\"220\" \/><\/a><\/p>\n<div class=\"fb-page\" data-href=\"https:\/\/www.facebook.com\/wallamascotas\" data-width=\"340\" data-hide-cover=\"false\" data-show-facepile=\"true\">\n<div dir=\"auto\">\n<div dir=\"auto\"><span style=\"color: #33cccc; font-size: 130%;\"><strong>ADOPTADA<\/strong><\/span><\/div>\n<div dir=\"auto\">?HALIE?<\/div>\n<div dir=\"auto\"><\/div>\n<div dir=\"auto\">Lleg\u00f3 a nuestra Asociaci\u00f3n una cachorrita verdaderamente preciosa buscando una persona o familia que sepa entenderla, responsable y le d\u00e9 una vida acorde a sus necesidades.<\/div>\n<div dir=\"auto\">Esta vez no ser\u00e1 el capricho de alguien inrresponsable, nosotras hemos decidido hacernos cargo y juramos que daremos con ese ser que le haga verdaderamente feliz.<\/div>\n<div dir=\"auto\">En primer lugar necesitamos una casa de acogida d\u00f3nde pueda estar en buenas manos y cuidada hasta que se adopte, no tenemos d\u00f3nde meterla y es urgente.<\/div>\n<div dir=\"auto\">Si puedes ofrecer un huequito a esta peque\u00f1a de forma temporal d\u00e9janos tu mensaje por privado a nuestra p\u00e1gina :<\/div>\n<div dir=\"auto\"><a href=\"https:\/\/www.facebook.com\/asociacionmaskeperros\/\" target=\"_blank\" rel=\"noopener noreferrer\">https:\/\/www.facebook.com\/asociacionmaskeperros\/<\/a><\/div>\n<div dir=\"auto\">Para adopcion buscamos un perfil conocedor\/a de esta raza, al ser activa necesita a lo largo de su vida trabajo y constancia; dispuest@ a ser consecuente de sus necesidades, que realice alg\u00fan deporte o tenga tiempo para dedicarle.<\/div>\n<div dir=\"auto\">&#8220;Abstenerse personas que quieran adoptarla para aguardar fincas&#8221;<\/div>\n<div dir=\"auto\">Si eres el perfil que andamos buscando para ella, est\u00e1s dispuest@ de hacerle feliz como ella a ti ni lo pienses porque ella te espera.<\/div>\n<div dir=\"auto\"><\/div>\n<div dir=\"auto\">-Raza: Pastor de Malinois.<\/div>\n<div dir=\"auto\">-Fecha de nacimiento: 21\/09\/19.<\/div>\n<div dir=\"auto\">-Tama\u00f1o de adulta : mediana.<\/div>\n<div dir=\"auto\">-Car\u00e1cter: activa y juguetona.<\/div>\n<div dir=\"auto\">-Situaci\u00f3n actual: se encuentra en Chiclana (Cadiz).<\/div>\n<div dir=\"auto\">-Condiciones para adoptar : los requisitos que mencionamos arriba primordialmente, se entrega con contrato de adopci\u00f3n,<\/div>\n<div dir=\"auto\">vacuna,chip,pasaporte, compromiso de esterilizaci\u00f3n, seguimiento, desparasitada,se env\u00eda por todas las provincias de Espa\u00f1a excepto Canarias y Baleares.<\/div>\n<\/div>\n<\/div>\n","protected":false},"excerpt":{"rendered":"<p><span style=\"color: #33cccc;\"><strong>ADOPTADA<\/strong><\/span><\/p>\n","protected":false},"featured_media":0,"template":"","meta":{"_acf_changed":false},"product_brand":[],"product_cat":[51,1000],"product_tag":[],"class_list":{"0":"post-12523","1":"product","2":"type-product","3":"status-publish","5":"product_cat-adoptados","6":"product_cat-adoptar-perro-gato-adoptar-mascota-es","7":"pa_fecha-alta-22-12-2019","8":"pa_origen-asociacion-maskeperros","9":"pa_provincia-cadiz","10":"pa_tamano-c","12":"first","13":"instock","14":"taxable","15":"shipping-taxable","16":"product-type-simple"},"acf":[],"_links":{"self":[{"href":"https:\/\/www.wallamascotas.com\/web3\/wp-json\/wp\/v2\/product\/12523","targetHints":{"allow":["GET"]}}],"collection":[{"href":"https:\/\/www.wallamascotas.com\/web3\/wp-json\/wp\/v2\/product"}],"about":[{"href":"https:\/\/www.wallamascotas.com\/web3\/wp-json\/wp\/v2\/types\/product"}],"wp:attachment":[{"href":"https:\/\/www.wallamascotas.com\/web3\/wp-json\/wp\/v2\/media?parent=12523"}],"wp:term":[{"taxonomy":"product_brand","embeddable":true,"href":"https:\/\/www.wallamascotas.com\/web3\/wp-json\/wp\/v2\/product_brand?post=12523"},{"taxonomy":"product_cat","embeddable":true,"href":"https:\/\/www.wallamascotas.com\/web3\/wp-json\/wp\/v2\/product_cat?post=12523"},{"taxonomy":"product_tag","embeddable":true,"href":"https:\/\/www.wallamascotas.com\/web3\/wp-json\/wp\/v2\/product_tag?post=12523"}],"curies":[{"name":"wp","href":"https:\/\/api.w.org\/{rel}","templated":true}]}}

<p><a href="http://www.wallamascotas.com/web3/wp-content/uploads/2018/10/banner_publicidad_wallamascotas_colabora2-1.jpg"><img loading="lazy" decoding="async" class="alignnone size-full wp-image-7248" src="http://www.wallamascotas.com/web3/wp-content/uploads/2018/10/banner_publicidad_wallamascotas_colabora2-1.jpg" alt="" width="750" height="220" /></a></p>
<div class="fb-page" data-href="https://www.facebook.com/wallamascotas" data-width="340" data-hide-cover="false" data-show-facepile="true">
<div dir="auto">
<div dir="auto"><span style="color: #33cccc; font-size: 130%;"><strong>ADOPTADA</strong></span></div>
<div dir="auto">?HALIE?</div>
<div dir="auto"></div>
<div dir="auto">Llegó a nuestra Asociación una cachorrita verdaderamente preciosa buscando una persona o familia que sepa entenderla, responsable y le dé una vida acorde a sus necesidades.</div>
<div dir="auto">Esta vez no será el capricho de alguien inrresponsable, nosotras hemos decidido hacernos cargo y juramos que daremos con ese ser que le haga verdaderamente feliz.</div>
<div dir="auto">En primer lugar necesitamos una casa de acogida dónde pueda estar en buenas manos y cuidada hasta que se adopte, no tenemos dónde meterla y es urgente.</div>
<div dir="auto">Si puedes ofrecer un huequito a esta pequeña de forma temporal déjanos tu mensaje por privado a nuestra página :</div>
<div dir="auto"><a href="https://www.facebook.com/asociacionmaskeperros/" target="_blank" rel="noopener noreferrer">https://www.facebook.com/asociacionmaskeperros/</a></div>
<div dir="auto">Para adopcion buscamos un perfil conocedor/a de esta raza, al ser activa necesita a lo largo de su vida trabajo y constancia; dispuest@ a ser consecuente de sus necesidades, que realice algún deporte o tenga tiempo para dedicarle.</div>
<div dir="auto">&#8220;Abstenerse personas que quieran adoptarla para aguardar fincas&#8221;</div>
<div dir="auto">Si eres el perfil que andamos buscando para ella, estás dispuest@ de hacerle feliz como ella a ti ni lo pienses porque ella te espera.</div>
<div dir="auto"></div>
<div dir="auto">-Raza: Pastor de Malinois.</div>
<div dir="auto">-Fecha de nacimiento: 21/09/19.</div>
<div dir="auto">-Tamaño de adulta : mediana.</div>
<div dir="auto">-Carácter: activa y juguetona.</div>
<div dir="auto">-Situación actual: se encuentra en Chiclana (Cadiz).</div>
<div dir="auto">-Condiciones para adoptar : los requisitos que mencionamos arriba primordialmente, se entrega con contrato de adopción,</div>
<div dir="auto">vacuna,chip,pasaporte, compromiso de esterilización, seguimiento, desparasitada,se envía por todas las provincias de España excepto Canarias y Baleares.</div>
</div>
</div>
