{"id":12565,"date":"2019-12-27T09:10:56","date_gmt":"2019-12-27T09:10:56","guid":{"rendered":"http:\/\/www.wallamascotas.com\/web3\/?post_type=product&#038;p=12565"},"modified":"2026-03-25T18:20:09","modified_gmt":"2026-03-25T18:20:09","slug":"tano-2-meses-cadiz","status":"publish","type":"product","link":"https:\/\/www.wallamascotas.com\/web3\/mascota\/tano-2-meses-cadiz\/","title":{"rendered":"TANO \u2013 2 MESES"},"content":{"rendered":"<p><a href=\"http:\/\/www.wallamascotas.com\/web3\/wp-content\/uploads\/2018\/10\/banner_publicidad_wallamascotas_colabora2-1.jpg\"><img loading=\"lazy\" decoding=\"async\" class=\"alignnone size-full wp-image-7248\" src=\"http:\/\/www.wallamascotas.com\/web3\/wp-content\/uploads\/2018\/10\/banner_publicidad_wallamascotas_colabora2-1.jpg\" alt=\"\" width=\"750\" height=\"220\" \/><\/a><\/p>\n<div class=\"fb-page\" data-href=\"https:\/\/www.facebook.com\/wallamascotas\" data-width=\"340\" data-hide-cover=\"false\" data-show-facepile=\"true\">\n<div dir=\"auto\">\n<div dir=\"auto\">\n<div dir=\"auto\"><\/div>\n<div dir=\"auto\">\n<div dir=\"auto\">\n<p><span style=\"color: #33cccc; font-size: 130%;\"><strong>ADOPTADO<\/strong><\/span><\/p>\n<p>TANO<\/p>\n<p>&nbsp;<\/p>\n<p>Qui\u00e9n se anima en dar una segunda oportunidad a este gamberrin ??<\/p>\n<p>C\u00f3mo recompensa obtendr\u00e1s el mejor amigo y en tu d\u00eda a d\u00eda llevar\u00e1s en tu rostro una sonrisa por bandera.<\/p>\n<p>No s\u00e9 repetir\u00e1 ni existir\u00e1 malos d\u00edas porque el aguardar\u00e1 tu regreso a casa.<\/p>\n<p>Eso s\u00ed&#8230;no tardes, sin ti&#8230;no es lo mismo.<\/p>\n<p>Porque a\u00fan no existe para \u00e9l todo eso que espera darte porque primero debe tenerte.<\/p>\n<p>C\u00f3mo tampoco a\u00fan existe esos s\u00e1bados o domingos molones hasta que no formes parte de su vida.<\/p>\n<p>&nbsp;<\/p>\n<p>??SIMPLEMENTE PERM\u00cdTELE QUE FORME PARTE T\u00cd Y TE MARQUE DE AMOR PARA SIEMPRE??<\/p>\n<p>&nbsp;<\/p>\n<p>-Raza: cruce de Galgo.<\/p>\n<p>-Fecha de nacimiento: 21\/10\/19.<\/p>\n<p>&#8211; Peso aproximado de adulto : 1&#8217;800 kg\u00a0 aproximadamente.<\/p>\n<p>-Tama\u00f1o de adulto : mediano.<\/p>\n<p>-Car\u00e1cter: cari\u00f1oso, sociable, bien con otros perros, gatos y el mejor compa\u00f1ero de los ni\u00f1os.<\/p>\n<p>-Situaci\u00f3n actual: se encuentra en Jerez (Cadiz).<\/p>\n<p>-Condiciones para adoptar : se entrega con contrato de adopci\u00f3n,<\/p>\n<p>vacuna, chip, pasaporte, compromiso de castraci\u00f3n, seguimiento, desparasitado, se env\u00eda por todas las provincias de Espa\u00f1a excepto Canarias y Baleares.<\/p>\n<\/div>\n<\/div>\n<\/div>\n<\/div>\n<\/div>\n","protected":false},"excerpt":{"rendered":"<p><span style=\"color: #33cccc;\"><strong>ADOPTADO<\/strong><\/span><\/p>\n","protected":false},"featured_media":0,"template":"","meta":{"_acf_changed":false},"product_brand":[],"product_cat":[51],"product_tag":[],"class_list":{"0":"post-12565","1":"product","2":"type-product","3":"status-publish","5":"product_cat-adoptados","6":"pa_fecha-alta-22-12-2019","7":"pa_origen-asociacion-maskeperros","8":"pa_provincia-cadiz","9":"pa_tamano-c","11":"first","12":"instock","13":"taxable","14":"shipping-taxable","15":"product-type-simple"},"acf":[],"_links":{"self":[{"href":"https:\/\/www.wallamascotas.com\/web3\/wp-json\/wp\/v2\/product\/12565","targetHints":{"allow":["GET"]}}],"collection":[{"href":"https:\/\/www.wallamascotas.com\/web3\/wp-json\/wp\/v2\/product"}],"about":[{"href":"https:\/\/www.wallamascotas.com\/web3\/wp-json\/wp\/v2\/types\/product"}],"wp:attachment":[{"href":"https:\/\/www.wallamascotas.com\/web3\/wp-json\/wp\/v2\/media?parent=12565"}],"wp:term":[{"taxonomy":"product_brand","embeddable":true,"href":"https:\/\/www.wallamascotas.com\/web3\/wp-json\/wp\/v2\/product_brand?post=12565"},{"taxonomy":"product_cat","embeddable":true,"href":"https:\/\/www.wallamascotas.com\/web3\/wp-json\/wp\/v2\/product_cat?post=12565"},{"taxonomy":"product_tag","embeddable":true,"href":"https:\/\/www.wallamascotas.com\/web3\/wp-json\/wp\/v2\/product_tag?post=12565"}],"curies":[{"name":"wp","href":"https:\/\/api.w.org\/{rel}","templated":true}]}}

<p><a href="http://www.wallamascotas.com/web3/wp-content/uploads/2018/10/banner_publicidad_wallamascotas_colabora2-1.jpg"><img loading="lazy" decoding="async" class="alignnone size-full wp-image-7248" src="http://www.wallamascotas.com/web3/wp-content/uploads/2018/10/banner_publicidad_wallamascotas_colabora2-1.jpg" alt="" width="750" height="220" /></a></p>
<div class="fb-page" data-href="https://www.facebook.com/wallamascotas" data-width="340" data-hide-cover="false" data-show-facepile="true">
<div dir="auto">
<div dir="auto">
<div dir="auto"></div>
<div dir="auto">
<div dir="auto">
<p><span style="color: #33cccc; font-size: 130%;"><strong>ADOPTADO</strong></span></p>
<p>TANO</p>
<p>&nbsp;</p>
<p>Quién se anima en dar una segunda oportunidad a este gamberrin ??</p>
<p>Cómo recompensa obtendrás el mejor amigo y en tu día a día llevarás en tu rostro una sonrisa por bandera.</p>
<p>No sé repetirá ni existirá malos días porque el aguardará tu regreso a casa.</p>
<p>Eso sí&#8230;no tardes, sin ti&#8230;no es lo mismo.</p>
<p>Porque aún no existe para él todo eso que espera darte porque primero debe tenerte.</p>
<p>Cómo tampoco aún existe esos sábados o domingos molones hasta que no formes parte de su vida.</p>
<p>&nbsp;</p>
<p>??SIMPLEMENTE PERMÍTELE QUE FORME PARTE TÍ Y TE MARQUE DE AMOR PARA SIEMPRE??</p>
<p>&nbsp;</p>
<p>-Raza: cruce de Galgo.</p>
<p>-Fecha de nacimiento: 21/10/19.</p>
<p>&#8211; Peso aproximado de adulto : 1&#8217;800 kg  aproximadamente.</p>
<p>-Tamaño de adulto : mediano.</p>
<p>-Carácter: cariñoso, sociable, bien con otros perros, gatos y el mejor compañero de los niños.</p>
<p>-Situación actual: se encuentra en Jerez (Cadiz).</p>
<p>-Condiciones para adoptar : se entrega con contrato de adopción,</p>
<p>vacuna, chip, pasaporte, compromiso de castración, seguimiento, desparasitado, se envía por todas las provincias de España excepto Canarias y Baleares.</p>
</div>
</div>
</div>
</div>
</div>
