{"id":12572,"date":"2019-12-27T10:09:11","date_gmt":"2019-12-27T10:09:11","guid":{"rendered":"http:\/\/www.wallamascotas.com\/web3\/?post_type=product&#038;p=12572"},"modified":"2026-03-25T18:20:09","modified_gmt":"2026-03-25T18:20:09","slug":"jairo-2-meses-cadiz","status":"publish","type":"product","link":"https:\/\/www.wallamascotas.com\/web3\/mascota\/jairo-2-meses-cadiz\/","title":{"rendered":"JAIRO \u2013 2 MESES"},"content":{"rendered":"<p><a href=\"http:\/\/www.wallamascotas.com\/web3\/wp-content\/uploads\/2018\/10\/banner_publicidad_wallamascotas_colabora2-1.jpg\"><img loading=\"lazy\" decoding=\"async\" class=\"alignnone size-full wp-image-7248\" src=\"http:\/\/www.wallamascotas.com\/web3\/wp-content\/uploads\/2018\/10\/banner_publicidad_wallamascotas_colabora2-1.jpg\" alt=\"\" width=\"750\" height=\"220\" \/><\/a><\/p>\n<div class=\"fb-page\" data-href=\"https:\/\/www.facebook.com\/wallamascotas\" data-width=\"340\" data-hide-cover=\"false\" data-show-facepile=\"true\">\n<div dir=\"auto\">\n<div dir=\"auto\">\n<div dir=\"auto\"><\/div>\n<div dir=\"auto\">\n<div dir=\"auto\">\n<p><span style=\"color: #33cccc; font-size: 130%;\"><strong>ADOPTADO<\/strong><\/span><\/p>\n<p>JAIRO<\/p>\n<p>&nbsp;<\/p>\n<p>Qui\u00e9n se anima en dar una oportunidad a este peque\u00f1in ratoncito ??<\/p>\n<p>Tiene una carita que derrite y unos orejitas&#8230;??<\/p>\n<p>Es s\u00faper s\u00faper gracioso no hay ser al que no consiga sacar una risa.<\/p>\n<p>No tardes, sin ti&#8230;no es lo mismo.<\/p>\n<p>El te espera desde una casa de acogida impaciente de conocerte y que seas su amor verdadero.<\/p>\n<p>&nbsp;<\/p>\n<p>??SIMPLEMENTE PERM\u00cdTELE QUE FORME PARTE T\u00cd Y TE MARQUE DE AMOR PARA SIEMPRE??<\/p>\n<p>&nbsp;<\/p>\n<p>-Raza: mestizo.<\/p>\n<p>-Fecha de nacimiento: 20\/10\/19.<\/p>\n<p>-Peso actual : 1&#8217;300 kg.<\/p>\n<p>&#8211; Peso aproximado de adulto : 6 kg\u00a0 aproximadamente.<\/p>\n<p>-Tama\u00f1o de adulto : peque\u00f1o.<\/p>\n<p>-Car\u00e1cter: cari\u00f1oso, sociable, bien con otros perros, gatos y el mejor compa\u00f1ero de los ni\u00f1os.<\/p>\n<p>-Situaci\u00f3n actual: se encuentra en Jerez (Cadiz).<\/p>\n<p>-Condiciones para adoptar : se entrega con contrato de adopci\u00f3n,<\/p>\n<p>vacuna, chip, pasaporte, compromiso de castraci\u00f3n, seguimiento, desparasitado, se env\u00eda por todas las provincias de Espa\u00f1a excepto Canarias y Baleares.<\/p>\n<\/div>\n<\/div>\n<\/div>\n<\/div>\n<\/div>\n","protected":false},"excerpt":{"rendered":"<p><span style=\"color: #33cccc;\"><strong>ADOPTADO<\/strong><\/span><\/p>\n","protected":false},"featured_media":0,"template":"","meta":{"_acf_changed":false},"product_brand":[],"product_cat":[51],"product_tag":[],"class_list":{"0":"post-12572","1":"product","2":"type-product","3":"status-publish","5":"product_cat-adoptados","6":"pa_fecha-alta-22-12-2019","7":"pa_origen-asociacion-maskeperros","8":"pa_provincia-cadiz","9":"pa_tamano-b","11":"first","12":"instock","13":"taxable","14":"shipping-taxable","15":"product-type-simple"},"acf":[],"_links":{"self":[{"href":"https:\/\/www.wallamascotas.com\/web3\/wp-json\/wp\/v2\/product\/12572","targetHints":{"allow":["GET"]}}],"collection":[{"href":"https:\/\/www.wallamascotas.com\/web3\/wp-json\/wp\/v2\/product"}],"about":[{"href":"https:\/\/www.wallamascotas.com\/web3\/wp-json\/wp\/v2\/types\/product"}],"wp:attachment":[{"href":"https:\/\/www.wallamascotas.com\/web3\/wp-json\/wp\/v2\/media?parent=12572"}],"wp:term":[{"taxonomy":"product_brand","embeddable":true,"href":"https:\/\/www.wallamascotas.com\/web3\/wp-json\/wp\/v2\/product_brand?post=12572"},{"taxonomy":"product_cat","embeddable":true,"href":"https:\/\/www.wallamascotas.com\/web3\/wp-json\/wp\/v2\/product_cat?post=12572"},{"taxonomy":"product_tag","embeddable":true,"href":"https:\/\/www.wallamascotas.com\/web3\/wp-json\/wp\/v2\/product_tag?post=12572"}],"curies":[{"name":"wp","href":"https:\/\/api.w.org\/{rel}","templated":true}]}}

<p><a href="http://www.wallamascotas.com/web3/wp-content/uploads/2018/10/banner_publicidad_wallamascotas_colabora2-1.jpg"><img loading="lazy" decoding="async" class="alignnone size-full wp-image-7248" src="http://www.wallamascotas.com/web3/wp-content/uploads/2018/10/banner_publicidad_wallamascotas_colabora2-1.jpg" alt="" width="750" height="220" /></a></p>
<div class="fb-page" data-href="https://www.facebook.com/wallamascotas" data-width="340" data-hide-cover="false" data-show-facepile="true">
<div dir="auto">
<div dir="auto">
<div dir="auto"></div>
<div dir="auto">
<div dir="auto">
<p><span style="color: #33cccc; font-size: 130%;"><strong>ADOPTADO</strong></span></p>
<p>JAIRO</p>
<p>&nbsp;</p>
<p>Quién se anima en dar una oportunidad a este pequeñin ratoncito ??</p>
<p>Tiene una carita que derrite y unos orejitas&#8230;??</p>
<p>Es súper súper gracioso no hay ser al que no consiga sacar una risa.</p>
<p>No tardes, sin ti&#8230;no es lo mismo.</p>
<p>El te espera desde una casa de acogida impaciente de conocerte y que seas su amor verdadero.</p>
<p>&nbsp;</p>
<p>??SIMPLEMENTE PERMÍTELE QUE FORME PARTE TÍ Y TE MARQUE DE AMOR PARA SIEMPRE??</p>
<p>&nbsp;</p>
<p>-Raza: mestizo.</p>
<p>-Fecha de nacimiento: 20/10/19.</p>
<p>-Peso actual : 1&#8217;300 kg.</p>
<p>&#8211; Peso aproximado de adulto : 6 kg  aproximadamente.</p>
<p>-Tamaño de adulto : pequeño.</p>
<p>-Carácter: cariñoso, sociable, bien con otros perros, gatos y el mejor compañero de los niños.</p>
<p>-Situación actual: se encuentra en Jerez (Cadiz).</p>
<p>-Condiciones para adoptar : se entrega con contrato de adopción,</p>
<p>vacuna, chip, pasaporte, compromiso de castración, seguimiento, desparasitado, se envía por todas las provincias de España excepto Canarias y Baleares.</p>
</div>
</div>
</div>
</div>
</div>
