{"id":1269,"date":"2017-11-02T21:49:21","date_gmt":"2017-11-02T21:49:21","guid":{"rendered":"http:\/\/www.wallamascotas.com\/web3\/?post_type=product&#038;p=1269"},"modified":"2026-03-25T18:20:09","modified_gmt":"2026-03-25T18:20:09","slug":"chiqui-encontrada-sevilla","status":"publish","type":"product","link":"https:\/\/www.wallamascotas.com\/web3\/mascota\/chiqui-encontrada-sevilla\/","title":{"rendered":"CHIQUI \u2013 ENCONTRADA"},"content":{"rendered":"<p style=\"text-align: justify;\">Chiqui esta en servican (perrera) (castellon), entrada:30-10-2017. Chiqui ha sido recogido en villareal y lleva chip, pero sus dos n\u00fameros de tel\u00e9fonos ya no existen, as\u00ed que har\u00e1n expediente de abandono.Es un perrito muy muy simp\u00e1tico y cari\u00f1oso,solo busca caricias y dar besos,es super peque,y en la jaula lo esta pasando muy mal,no entiende nada,y seguro que solo har\u00e1 que esperar a su due\u00f1o. Esto es lo que pasa,por no actualizar los n\u00fameros de tel\u00e9fonos en el rivia,no cuesta nada,y por no actualizar,mirar en que situaci\u00f3n se encuentra el pobre.670558507<br \/>\nEmail contacto: lancelotylinda@gmail.com<br \/>\nTel\u00e9fono contacto: 670558507<\/p>\n<p><strong>Ha sido encontrada en una parcela de una urbanizaci\u00f3n de Sevilla a 20kms, ten\u00eda dos bocados, ahora ya est\u00e1 bien<\/strong><\/p>\n","protected":false},"excerpt":{"rendered":"<p style=\"text-align: justify;\"><span style=\"color: #33cccc;\"><strong>ADOPTADA.<\/strong><\/span> Chiqui ha sido recogido en villareal<\/p>\n","protected":false},"featured_media":1270,"template":"","meta":{"_acf_changed":false},"product_brand":[],"product_cat":[51,1000],"product_tag":[],"class_list":{"0":"post-1269","1":"product","2":"type-product","3":"status-publish","4":"has-post-thumbnail","6":"product_cat-adoptados","7":"product_cat-adoptar-perro-gato-adoptar-mascota-es","8":"pa_chip-si","9":"pa_provincia-castellon","10":"pa_sexo-macho","11":"pa_tamano-b","13":"first","14":"instock","15":"taxable","16":"shipping-taxable","17":"product-type-simple"},"acf":[],"_links":{"self":[{"href":"https:\/\/www.wallamascotas.com\/web3\/wp-json\/wp\/v2\/product\/1269","targetHints":{"allow":["GET"]}}],"collection":[{"href":"https:\/\/www.wallamascotas.com\/web3\/wp-json\/wp\/v2\/product"}],"about":[{"href":"https:\/\/www.wallamascotas.com\/web3\/wp-json\/wp\/v2\/types\/product"}],"wp:featuredmedia":[{"embeddable":true,"href":"https:\/\/www.wallamascotas.com\/web3\/wp-json\/wp\/v2\/media\/1270"}],"wp:attachment":[{"href":"https:\/\/www.wallamascotas.com\/web3\/wp-json\/wp\/v2\/media?parent=1269"}],"wp:term":[{"taxonomy":"product_brand","embeddable":true,"href":"https:\/\/www.wallamascotas.com\/web3\/wp-json\/wp\/v2\/product_brand?post=1269"},{"taxonomy":"product_cat","embeddable":true,"href":"https:\/\/www.wallamascotas.com\/web3\/wp-json\/wp\/v2\/product_cat?post=1269"},{"taxonomy":"product_tag","embeddable":true,"href":"https:\/\/www.wallamascotas.com\/web3\/wp-json\/wp\/v2\/product_tag?post=1269"}],"curies":[{"name":"wp","href":"https:\/\/api.w.org\/{rel}","templated":true}]}}