{"id":12892,"date":"2020-02-18T13:55:08","date_gmt":"2020-02-18T13:55:08","guid":{"rendered":"http:\/\/www.wallamascotas.com\/web3\/?post_type=product&#038;p=12892"},"modified":"2026-03-25T18:20:09","modified_gmt":"2026-03-25T18:20:09","slug":"keila-y-daina-cadiz","status":"publish","type":"product","link":"https:\/\/www.wallamascotas.com\/web3\/mascota\/keila-y-daina-cadiz\/","title":{"rendered":"KEILA"},"content":{"rendered":"<p><a href=\"http:\/\/www.wallamascotas.com\/web3\/wp-content\/uploads\/2018\/10\/banner_publicidad_wallamascotas_colabora2-1.jpg\"><img loading=\"lazy\" decoding=\"async\" class=\"alignnone size-full wp-image-7248\" src=\"http:\/\/www.wallamascotas.com\/web3\/wp-content\/uploads\/2018\/10\/banner_publicidad_wallamascotas_colabora2-1.jpg\" alt=\"\" width=\"750\" height=\"220\" \/><\/a><\/p>\n<div class=\"fb-page\" data-href=\"https:\/\/www.facebook.com\/wallamascotas\" data-width=\"340\" data-hide-cover=\"false\" data-show-facepile=\"true\">\n<div dir=\"auto\">\n<div dir=\"auto\">\n<div dir=\"auto\">\n<p><span style=\"color: #33cccc; font-size: 130%;\"><strong>ADOPTADA<\/strong><\/span><\/p>\n<p>?KEILA Y DAINA?<\/p>\n<p>&nbsp;<\/p>\n<p>Estas caras tan dulces, dicharacheras y preciosas vuelven con nosotras, su familia ha tenido un problema personal del cu\u00e1l no ha sido posible que ellas puedan quedarse junto a ellos.<\/p>\n<p>Desde que abrieron los ojos a este nuevo mundo hasta hoy han estado juntas, su uni\u00f3n fue tan fuerte que el destino quiso que se adoptaran juntas.<\/p>\n<p>Por ello vamos a pedir una adopcion conjunta en principio, hay que intentarlo, sobre todo por ellas que sabemos que lo pueden pasar bastante mal, no viven la una sin la otra.<\/p>\n<p>Si en un par de semanas o algo m\u00e1s vemos que est\u00e1 posibilidad no llega a nada&#8230;no nos quedar\u00e1 m\u00e1s remedio que la adopci\u00f3n sea por separado y\u00e1 que perder\u00e1n la oportunidad de tener una familia y que sigan creciendo en una casa de acogida ?<\/p>\n<p>As\u00ed que&#8230;mirarlas bien, os tocar\u00e1n el corazoncito.<\/p>\n<p>Estos amorcetes est\u00e1n abiertas para recibir el calor definitivo de un hogar y si se lo ofreces te jurar\u00e1n amor eterno.<\/p>\n<p>&nbsp;<\/p>\n<p>-Raza: mestizas.<\/p>\n<p>-Fecha de nacimiento: 11\/09\/19.<\/p>\n<p>-Tama\u00f1o de adultas : peque\u00f1as.<\/p>\n<p>-Peso de adultas : KEILA 7 kg aproximadamente, DAINA 6 kg aproximadamente.<\/p>\n<p>-Car\u00e1cter: cari\u00f1osas, sociables, bien con otros perros, gatos y les chiflan los ni\u00f1os.<\/p>\n<p>-Situaci\u00f3n actual: se encuentran en Jerez (Cadiz).<\/p>\n<p>-Condiciones para adoptar : se entregan con contrato de adopci\u00f3n,<\/p>\n<p>vacuna,chip,pasaporte, compromiso de esterilizaci\u00f3n, seguimiento, desparasitadas,se env\u00edan por todas las provincias de Espa\u00f1a excepto Canarias y Baleares.<\/p>\n<p>&nbsp;<\/p>\n<\/div>\n<\/div>\n<\/div>\n<\/div>\n","protected":false},"excerpt":{"rendered":"<p><span style=\"color: #33cccc;\"><strong>ADOPTADA<\/strong><\/span><\/p>\n","protected":false},"featured_media":0,"template":"","meta":{"_acf_changed":false},"product_brand":[],"product_cat":[51,1000],"product_tag":[],"class_list":{"0":"post-12892","1":"product","2":"type-product","3":"status-publish","5":"product_cat-adoptados","6":"product_cat-adoptar-perro-gato-adoptar-mascota-es","7":"pa_fecha_nacimiento-11-09-19","8":"pa_fecha-alta-18-02-2020","9":"pa_origen-asociacion-maskeperros","10":"pa_provincia-cadiz","11":"pa_sexo-hembra","12":"pa_tamano-b","14":"first","15":"instock","16":"taxable","17":"shipping-taxable","18":"product-type-simple"},"acf":[],"_links":{"self":[{"href":"https:\/\/www.wallamascotas.com\/web3\/wp-json\/wp\/v2\/product\/12892","targetHints":{"allow":["GET"]}}],"collection":[{"href":"https:\/\/www.wallamascotas.com\/web3\/wp-json\/wp\/v2\/product"}],"about":[{"href":"https:\/\/www.wallamascotas.com\/web3\/wp-json\/wp\/v2\/types\/product"}],"wp:attachment":[{"href":"https:\/\/www.wallamascotas.com\/web3\/wp-json\/wp\/v2\/media?parent=12892"}],"wp:term":[{"taxonomy":"product_brand","embeddable":true,"href":"https:\/\/www.wallamascotas.com\/web3\/wp-json\/wp\/v2\/product_brand?post=12892"},{"taxonomy":"product_cat","embeddable":true,"href":"https:\/\/www.wallamascotas.com\/web3\/wp-json\/wp\/v2\/product_cat?post=12892"},{"taxonomy":"product_tag","embeddable":true,"href":"https:\/\/www.wallamascotas.com\/web3\/wp-json\/wp\/v2\/product_tag?post=12892"}],"curies":[{"name":"wp","href":"https:\/\/api.w.org\/{rel}","templated":true}]}}

<p><a href="http://www.wallamascotas.com/web3/wp-content/uploads/2018/10/banner_publicidad_wallamascotas_colabora2-1.jpg"><img loading="lazy" decoding="async" class="alignnone size-full wp-image-7248" src="http://www.wallamascotas.com/web3/wp-content/uploads/2018/10/banner_publicidad_wallamascotas_colabora2-1.jpg" alt="" width="750" height="220" /></a></p>
<div class="fb-page" data-href="https://www.facebook.com/wallamascotas" data-width="340" data-hide-cover="false" data-show-facepile="true">
<div dir="auto">
<div dir="auto">
<div dir="auto">
<p><span style="color: #33cccc; font-size: 130%;"><strong>ADOPTADA</strong></span></p>
<p>?KEILA Y DAINA?</p>
<p>&nbsp;</p>
<p>Estas caras tan dulces, dicharacheras y preciosas vuelven con nosotras, su familia ha tenido un problema personal del cuál no ha sido posible que ellas puedan quedarse junto a ellos.</p>
<p>Desde que abrieron los ojos a este nuevo mundo hasta hoy han estado juntas, su unión fue tan fuerte que el destino quiso que se adoptaran juntas.</p>
<p>Por ello vamos a pedir una adopcion conjunta en principio, hay que intentarlo, sobre todo por ellas que sabemos que lo pueden pasar bastante mal, no viven la una sin la otra.</p>
<p>Si en un par de semanas o algo más vemos que está posibilidad no llega a nada&#8230;no nos quedará más remedio que la adopción sea por separado yá que perderán la oportunidad de tener una familia y que sigan creciendo en una casa de acogida ?</p>
<p>Así que&#8230;mirarlas bien, os tocarán el corazoncito.</p>
<p>Estos amorcetes están abiertas para recibir el calor definitivo de un hogar y si se lo ofreces te jurarán amor eterno.</p>
<p>&nbsp;</p>
<p>-Raza: mestizas.</p>
<p>-Fecha de nacimiento: 11/09/19.</p>
<p>-Tamaño de adultas : pequeñas.</p>
<p>-Peso de adultas : KEILA 7 kg aproximadamente, DAINA 6 kg aproximadamente.</p>
<p>-Carácter: cariñosas, sociables, bien con otros perros, gatos y les chiflan los niños.</p>
<p>-Situación actual: se encuentran en Jerez (Cadiz).</p>
<p>-Condiciones para adoptar : se entregan con contrato de adopción,</p>
<p>vacuna,chip,pasaporte, compromiso de esterilización, seguimiento, desparasitadas,se envían por todas las provincias de España excepto Canarias y Baleares.</p>
<p>&nbsp;</p>
</div>
</div>
</div>
</div>
