{"id":1293,"date":"2017-11-03T09:13:19","date_gmt":"2017-11-03T09:13:19","guid":{"rendered":"http:\/\/www.wallamascotas.com\/web3\/?post_type=product&#038;p=1293"},"modified":"2026-03-25T18:20:09","modified_gmt":"2026-03-25T18:20:09","slug":"orion-2-anos-castellon","status":"publish","type":"product","link":"https:\/\/www.wallamascotas.com\/web3\/mascota\/orion-2-anos-castellon\/","title":{"rendered":"ORION \u2013 2 A\u00d1OS"},"content":{"rendered":"<p style=\"text-align: justify;\">Ori\u00f3n esta la perrera lo esta pasando muy mal,no merece estar encerrado, ya que su vida anterior debi\u00f3 ser una mierda, ya que lo dejaron atado en un \u00e1rbol,con una cadena oxidada, sin agua ni comida y en pleno sol, a saber las horas que llevaba hay solito. Seguramente no les serv\u00eda para cazar, y la mejor manera de deshacerse de el fue esa.No os pod\u00e9is imaginar lo bueno y cari\u00f1oso que es,es un perrito 10,con personas solo quiere dar besos y mas besos,y con otros perros mas de lo mismo.All\u00ed en la jaula siempre esta encerrado,sin una triste caricia,y esta muy muy triste.Se que lo tiene dif\u00edcil,porque es mestizo de podenco,y si los podencos lo tienen dif\u00edcil,los mestizos ya ni te digo,porque nadie los quiere.Ayudarme a cambiarme su histor\u00eda,y que porfin sea feliz,y tenga la vida que se merece,solo amor y cari\u00f1o.Animaros a conocerlo,seguro que no os vais sin el.No se dar\u00e1 a ning\u00fan cazador,o gente que tenga que ver con ellos.<\/p>\n","protected":false},"excerpt":{"rendered":"<p style=\"text-align: justify;\"><span style=\"color: #33cccc;\"><strong>ADOPTADO.<\/strong><\/span> Lo dejaron atado en un \u00e1rbol con una cadena<\/p>\n","protected":false},"featured_media":1294,"template":"","meta":{"_acf_changed":false},"product_brand":[],"product_cat":[51,1000],"product_tag":[],"class_list":{"0":"post-1293","1":"product","2":"type-product","3":"status-publish","4":"has-post-thumbnail","6":"product_cat-adoptados","7":"product_cat-adoptar-perro-gato-adoptar-mascota-es","8":"pa_chip-si","9":"pa_fecha_nacimiento-2-anos","10":"pa_fecha-alta-359","11":"pa_pelo-corto","12":"pa_provincia-castellon","13":"pa_sexo-macho","14":"pa_tamano-c","16":"first","17":"instock","18":"taxable","19":"shipping-taxable","20":"product-type-simple"},"acf":[],"_links":{"self":[{"href":"https:\/\/www.wallamascotas.com\/web3\/wp-json\/wp\/v2\/product\/1293","targetHints":{"allow":["GET"]}}],"collection":[{"href":"https:\/\/www.wallamascotas.com\/web3\/wp-json\/wp\/v2\/product"}],"about":[{"href":"https:\/\/www.wallamascotas.com\/web3\/wp-json\/wp\/v2\/types\/product"}],"wp:featuredmedia":[{"embeddable":true,"href":"https:\/\/www.wallamascotas.com\/web3\/wp-json\/wp\/v2\/media\/1294"}],"wp:attachment":[{"href":"https:\/\/www.wallamascotas.com\/web3\/wp-json\/wp\/v2\/media?parent=1293"}],"wp:term":[{"taxonomy":"product_brand","embeddable":true,"href":"https:\/\/www.wallamascotas.com\/web3\/wp-json\/wp\/v2\/product_brand?post=1293"},{"taxonomy":"product_cat","embeddable":true,"href":"https:\/\/www.wallamascotas.com\/web3\/wp-json\/wp\/v2\/product_cat?post=1293"},{"taxonomy":"product_tag","embeddable":true,"href":"https:\/\/www.wallamascotas.com\/web3\/wp-json\/wp\/v2\/product_tag?post=1293"}],"curies":[{"name":"wp","href":"https:\/\/api.w.org\/{rel}","templated":true}]}}

ORION – 2 AÑOS

<p style="text-align: justify;">Orión esta la perrera lo esta pasando muy mal,no merece estar encerrado, ya que su vida anterior debió ser una mierda, ya que lo dejaron atado en un árbol,con una cadena oxidada, sin agua ni comida y en pleno sol, a saber las horas que llevaba hay solito. Seguramente no les servía para cazar, y la mejor manera de deshacerse de el fue esa.No os podéis imaginar lo bueno y cariñoso que es,es un perrito 10,con personas solo quiere dar besos y mas besos,y con otros perros mas de lo mismo.Allí en la jaula siempre esta encerrado,sin una triste caricia,y esta muy muy triste.Se que lo tiene difícil,porque es mestizo de podenco,y si los podencos lo tienen difícil,los mestizos ya ni te digo,porque nadie los quiere.Ayudarme a cambiarme su historía,y que porfin sea feliz,y tenga la vida que se merece,solo amor y cariño.Animaros a conocerlo,seguro que no os vais sin el.No se dará a ningún cazador,o gente que tenga que ver con ellos.</p>

<p style="text-align: justify;"><span style="color: #33cccc;"><strong>ADOPTADO.</strong></span> Lo dejaron atado en un árbol con una cadena</p>
