{"id":1792,"date":"2017-12-19T20:31:08","date_gmt":"2017-12-19T20:31:08","guid":{"rendered":"http:\/\/www.wallamascotas.com\/web3\/?post_type=product&#038;p=1792"},"modified":"2026-03-25T18:20:09","modified_gmt":"2026-03-25T18:20:09","slug":"tara-4-anos-sevilla","status":"publish","type":"product","link":"https:\/\/www.wallamascotas.com\/web3\/mascota\/tara-4-anos-sevilla\/","title":{"rendered":"TARA \u2013 4 A\u00d1OS"},"content":{"rendered":"<div><span style=\"color: #33cccc; font-size: 130%;\"><strong>ADOPTADA<\/strong><\/span><\/div>\n<div style=\"text-align: justify;\">Hembra de 4a\u00f1os mestiza de 30kg. &#8211; Se entrega: vacunado\/a, chipado\/a, desparasitado\/a, esterilizado y pasaporte europeo, se firma contrato de adopcion con seguimiento OBLIGATORIO. Apta con perros y ni\u00f1os, sin testar con gatos. Est\u00e1 en el refugio de Sevilla, cuando tenga adopci\u00f3n (toda Espa\u00f1a), viaja. Gastos veterinarios y viaje a cargo del adoptante. Puedes seguirnos en nuestra p\u00e1gina de facebook: Adopta Amores Incondicionales.<\/div>\n","protected":false},"excerpt":{"rendered":"<p style=\"text-align: justify;\"><span style=\"color: #33cccc;\"><strong>ADOPTADA.<\/strong><\/span> Se entrega vacunada<\/p>\n","protected":false},"featured_media":0,"template":"","meta":{"_acf_changed":false},"product_brand":[],"product_cat":[51,1000],"product_tag":[],"class_list":{"0":"post-1792","1":"product","2":"type-product","3":"status-publish","5":"product_cat-adoptados","6":"product_cat-adoptar-perro-gato-adoptar-mascota-es","7":"pa_fecha_nacimiento-4-anos","8":"pa_fecha-alta-580","9":"pa_origen-refugio-adopta-amores-incondicionales","10":"pa_provincia-sevilla","11":"pa_tamano-c","13":"first","14":"instock","15":"taxable","16":"shipping-taxable","17":"product-type-simple"},"acf":[],"_links":{"self":[{"href":"https:\/\/www.wallamascotas.com\/web3\/wp-json\/wp\/v2\/product\/1792","targetHints":{"allow":["GET"]}}],"collection":[{"href":"https:\/\/www.wallamascotas.com\/web3\/wp-json\/wp\/v2\/product"}],"about":[{"href":"https:\/\/www.wallamascotas.com\/web3\/wp-json\/wp\/v2\/types\/product"}],"wp:attachment":[{"href":"https:\/\/www.wallamascotas.com\/web3\/wp-json\/wp\/v2\/media?parent=1792"}],"wp:term":[{"taxonomy":"product_brand","embeddable":true,"href":"https:\/\/www.wallamascotas.com\/web3\/wp-json\/wp\/v2\/product_brand?post=1792"},{"taxonomy":"product_cat","embeddable":true,"href":"https:\/\/www.wallamascotas.com\/web3\/wp-json\/wp\/v2\/product_cat?post=1792"},{"taxonomy":"product_tag","embeddable":true,"href":"https:\/\/www.wallamascotas.com\/web3\/wp-json\/wp\/v2\/product_tag?post=1792"}],"curies":[{"name":"wp","href":"https:\/\/api.w.org\/{rel}","templated":true}]}}