{"id":18723,"date":"2022-01-04T16:50:36","date_gmt":"2022-01-04T16:50:36","guid":{"rendered":"https:\/\/www.wallamascotas.com\/web3\/?post_type=product&#038;p=18723"},"modified":"2024-06-20T08:00:37","modified_gmt":"2024-06-20T08:00:37","slug":"cordoba-asociacion-amigospatas-elviso","status":"publish","type":"product","link":"https:\/\/www.wallamascotas.com\/web3\/mascota\/cordoba-asociacion-amigospatas-elviso\/","title":{"rendered":"CORDOBA"},"content":{"rendered":"<p>PROTECTORA AMIGOSPATAS ELVISO<\/p>\n<div>Somos una peque\u00f1a asociaci\u00f3n sin \u00e1nimo de lucro, creada en 2014 en la localidad de El Viso, C\u00f3rdoba.<\/div>\n<div>\n<div dir=\"auto\"><\/div>\n<div dir=\"auto\">\n<p>Esta asociaci\u00f3n surgi\u00f3 por las necesidades que ten\u00eda el pueblo respecto al bienestar animal, los abandonos, camadas indeseadas, riesgos de atropello, entre otras cuestiones.<\/p>\n<\/div>\n<div dir=\"auto\">\n<p>Nuestros objetivos son colaborar con nuestra comunidad, reducir los posibles accidentes de tr\u00e1fico provocados por animales desorientados y controlar las plagas y enfermedades, colaborando a mantener las calles con un nivel de higiene. Por \u00faltimo, conseguir erradicar los abandonos, encontrar familias adoptantes resonsables y procurarles una vida plena y feliz a los animales.<\/p>\n<\/div>\n<div dir=\"auto\">Las acciones para llevarlos a cabo son controlar y proporcionar a los animales abandonados una vida digna en el refugio, procurarles los tratamientos y cuidados que necesiten, castraciones, vacunaciones, controles de chips, concienciar a la poblaci\u00f3n sobre el respeto hacia los animales, las adopciones, casas de acogida, cuidados, enfermedades y tratamientos, y dem\u00e1s informaci\u00f3n que pudieran solicitarnos. Adem\u00e1s tenemos un puesto de productos solidarios para financiar parte de esta labor.<\/div>\n<\/div>\n<div><\/div>\n<div>Email: <a href=\"mailto:amigos4pataselviso@hotmail.com\">amigos4pataselviso@hotmail.com<\/a><\/div>\n<div><\/div>\n<div>C\u00f3rdoba<\/div>\n<a class=\"button primary is-primary is-medium\"  >\n    <span>VER ANIMALES EN ADOPCI\u00d3N DE LA ASOCIACI\u00d3N<\/span>\n  <\/a>\n\n","protected":false},"excerpt":{"rendered":"<p>&nbsp;<\/p>\n<p>&nbsp;<\/p>\n","protected":false},"featured_media":36586,"template":"","meta":{"_acf_changed":false},"product_brand":[],"product_cat":[1000,1798],"product_tag":[],"class_list":{"0":"post-18723","1":"product","2":"type-product","3":"status-publish","4":"has-post-thumbnail","6":"product_cat-adoptar-perro-gato-adoptar-mascota-es","7":"product_cat-asociaciones","8":"pa_origen-asociacion-amigospatas-elviso","9":"pa_pais-espana","10":"pa_provincia-cordoba","12":"first","13":"instock","14":"taxable","15":"shipping-taxable","16":"product-type-simple"},"acf":[],"_links":{"self":[{"href":"https:\/\/www.wallamascotas.com\/web3\/wp-json\/wp\/v2\/product\/18723","targetHints":{"allow":["GET"]}}],"collection":[{"href":"https:\/\/www.wallamascotas.com\/web3\/wp-json\/wp\/v2\/product"}],"about":[{"href":"https:\/\/www.wallamascotas.com\/web3\/wp-json\/wp\/v2\/types\/product"}],"wp:featuredmedia":[{"embeddable":true,"href":"https:\/\/www.wallamascotas.com\/web3\/wp-json\/wp\/v2\/media\/36586"}],"wp:attachment":[{"href":"https:\/\/www.wallamascotas.com\/web3\/wp-json\/wp\/v2\/media?parent=18723"}],"wp:term":[{"taxonomy":"product_brand","embeddable":true,"href":"https:\/\/www.wallamascotas.com\/web3\/wp-json\/wp\/v2\/product_brand?post=18723"},{"taxonomy":"product_cat","embeddable":true,"href":"https:\/\/www.wallamascotas.com\/web3\/wp-json\/wp\/v2\/product_cat?post=18723"},{"taxonomy":"product_tag","embeddable":true,"href":"https:\/\/www.wallamascotas.com\/web3\/wp-json\/wp\/v2\/product_tag?post=18723"}],"curies":[{"name":"wp","href":"https:\/\/api.w.org\/{rel}","templated":true}]}}