{"id":1904,"date":"2017-12-24T23:55:48","date_gmt":"2017-12-24T23:55:48","guid":{"rendered":"http:\/\/www.wallamascotas.com\/web3\/?post_type=product&#038;p=1904"},"modified":"2026-03-25T18:20:09","modified_gmt":"2026-03-25T18:20:09","slug":"coque-3-anos-cordoba","status":"publish","type":"product","link":"https:\/\/www.wallamascotas.com\/web3\/mascota\/coque-3-anos-cordoba\/","title":{"rendered":"COQUE \u2013 3 A\u00d1OS"},"content":{"rendered":"<p><span style=\"color: #33cccc; font-size: 130%;\"><strong>ADOPTADO<\/strong><\/span><\/p>\n<p style=\"text-align: justify;\">UN PERRO ESPECIAL POR MUCHOS MOTIVOS Coque lleva 12 meses con nosotras y 9 de ellos en residencia, se nos ha vuelto totalmente INVISIBLE y eso es algo que no nos podemos permitir! El es un perro muy especial, le encanta estar tumbado a tu lado, ya que a \u00e9l le prima la tranquilidad aunque si tienes una pelota para jugar te aseguro que no os va a defraudar. Es el t\u00edpico perro faldero y s\u00faper cari\u00f1oso cuando conf\u00eda en la persona con la que est\u00e1&#8230; al principio es muy desconfiado y mal pensado pero en cuanto le das motivos empieza a confiar estas perdid@! =P Coque es un perro peque\u00f1o (7-8kg aprox), pelo largo y peluchon Coque necesita una persona con paciencia, ya que los primeros d\u00edas le dar\u00e1 miedo que lo cojan en brazos o lo acaricien bruscamente porque \u00e9l se asuta por miedo a que le vuelvan a pegar, el necesita una persona que le demuestre que est\u00e1 a salvo con ella y el mismo descubra que no es como la que en el pasado le hizo tant\u00edsimo da\u00f1o para hacer de \u00e9l un perro desconfiado y miedoso, el lo \u00fanico que necesita que se le trate con delicadeza al principio&#8230;<br \/>\nEmail contacto:\u00a0<a href=\"mailto:protectoraperroscallejeros_fernannunez@hotmail.com\">protectoraperroscallejeros_fernannunez@hotmail.com<\/a><br \/>\nTel\u00e9fono contacto: 684209904 (whatsapp)<\/p>\n","protected":false},"excerpt":{"rendered":"<p style=\"text-align: justify;\"><span style=\"color: #33cccc;\"><strong>ADOPTADO.\u00a0<\/strong><\/span>El es un perro muy especial<\/p>\n","protected":false},"featured_media":0,"template":"","meta":{"_acf_changed":false},"product_brand":[],"product_cat":[51,1000],"product_tag":[],"class_list":{"0":"post-1904","1":"product","2":"type-product","3":"status-publish","5":"product_cat-adoptados","6":"product_cat-adoptar-perro-gato-adoptar-mascota-es","7":"pa_fecha_nacimiento-3-anos","8":"pa_fecha-alta-618","9":"pa_origen-asociacion-callejeros-de-fernan-nunez","10":"pa_provincia-cordoba","12":"first","13":"instock","14":"taxable","15":"shipping-taxable","16":"product-type-simple"},"acf":[],"_links":{"self":[{"href":"https:\/\/www.wallamascotas.com\/web3\/wp-json\/wp\/v2\/product\/1904","targetHints":{"allow":["GET"]}}],"collection":[{"href":"https:\/\/www.wallamascotas.com\/web3\/wp-json\/wp\/v2\/product"}],"about":[{"href":"https:\/\/www.wallamascotas.com\/web3\/wp-json\/wp\/v2\/types\/product"}],"wp:attachment":[{"href":"https:\/\/www.wallamascotas.com\/web3\/wp-json\/wp\/v2\/media?parent=1904"}],"wp:term":[{"taxonomy":"product_brand","embeddable":true,"href":"https:\/\/www.wallamascotas.com\/web3\/wp-json\/wp\/v2\/product_brand?post=1904"},{"taxonomy":"product_cat","embeddable":true,"href":"https:\/\/www.wallamascotas.com\/web3\/wp-json\/wp\/v2\/product_cat?post=1904"},{"taxonomy":"product_tag","embeddable":true,"href":"https:\/\/www.wallamascotas.com\/web3\/wp-json\/wp\/v2\/product_tag?post=1904"}],"curies":[{"name":"wp","href":"https:\/\/api.w.org\/{rel}","templated":true}]}}

COQUE – 3 AÑOS

<p><span style="color: #33cccc; font-size: 130%;"><strong>ADOPTADO</strong></span></p>
<p style="text-align: justify;">UN PERRO ESPECIAL POR MUCHOS MOTIVOS Coque lleva 12 meses con nosotras y 9 de ellos en residencia, se nos ha vuelto totalmente INVISIBLE y eso es algo que no nos podemos permitir! El es un perro muy especial, le encanta estar tumbado a tu lado, ya que a él le prima la tranquilidad aunque si tienes una pelota para jugar te aseguro que no os va a defraudar. Es el típico perro faldero y súper cariñoso cuando confía en la persona con la que está&#8230; al principio es muy desconfiado y mal pensado pero en cuanto le das motivos empieza a confiar estas perdid@! =P Coque es un perro pequeño (7-8kg aprox), pelo largo y peluchon Coque necesita una persona con paciencia, ya que los primeros días le dará miedo que lo cojan en brazos o lo acaricien bruscamente porque él se asuta por miedo a que le vuelvan a pegar, el necesita una persona que le demuestre que está a salvo con ella y el mismo descubra que no es como la que en el pasado le hizo tantísimo daño para hacer de él un perro desconfiado y miedoso, el lo único que necesita que se le trate con delicadeza al principio&#8230;<br />
Email contacto: <a href="mailto:protectoraperroscallejeros_fernannunez@hotmail.com">protectoraperroscallejeros_fernannunez@hotmail.com</a><br />
Teléfono contacto: 684209904 (whatsapp)</p>
