{"id":1988,"date":"2017-12-28T11:08:50","date_gmt":"2017-12-28T11:08:50","guid":{"rendered":"http:\/\/www.wallamascotas.com\/web3\/?post_type=product&#038;p=1988"},"modified":"2026-03-25T18:20:09","modified_gmt":"2026-03-25T18:20:09","slug":"sara-1-ano-murcia","status":"publish","type":"product","link":"https:\/\/www.wallamascotas.com\/web3\/mascota\/sara-1-ano-murcia\/","title":{"rendered":"SARA \u2013 1 A\u00d1O"},"content":{"rendered":"<p><span style=\"color: #33cccc; font-size: 130%;\"><strong>ADOPTADA<\/strong><\/span><\/p>\n<p style=\"text-align: justify;\">SARA NECESITA CARI\u00d1O HUMANO URGENTE!!!<br \/>\nFecha nacimiento aproximada Enero 2016<br \/>\nSara es una gatita que NO PUEDE ESTAR SOLA Necesita estar co gente, s\u00f3lo quiere mimos y mimos y NO TIENE A NADIE DE QUIEN RECIBIRLOS Est\u00e1 rescatada, en un garaje, sola. Van a verla y echarle de comer, pero est\u00e1 con mucha ansiedad por separaci\u00f3n Desconocemos si es v\u00edctima de un abandono o es una callejerita muy cari\u00f1osa que necesita pertenecer a una familia Lo que sabemos es que necesita una familia que qiera una gatita mimosa!!<br \/>\nCon gatos y perros se lleva bien, aunque siempre prefiere la comopa\u00f1\u00eda de los humanos!!!<br \/>\nPuro amor de gatita en adopci\u00f3n!!<br \/>\nSARA<br \/>\npara adoptar:<br \/>\ngatosabandona2@gmail.com<br \/>\nSe encuentra en Murcia pero puede viajar Email contacto: gatosabandona2@gmail.com Tel\u00e9fono contacto: 633843898<\/p>\n","protected":false},"excerpt":{"rendered":"<p style=\"text-align: justify;\"><span style=\"color: #33cccc;\"><strong>ADOPTADA.<\/strong><\/span> Sara es una gatita que NO PUEDE ESTAR SOLA<\/p>\n","protected":false},"featured_media":0,"template":"","meta":{"_acf_changed":false},"product_brand":[],"product_cat":[51,1000],"product_tag":[],"class_list":{"0":"post-1988","1":"product","2":"type-product","3":"status-publish","5":"product_cat-adoptados","6":"product_cat-adoptar-perro-gato-adoptar-mascota-es","7":"pa_chip-si","8":"pa_origen-asociacion-gatos-abandonados-murcia","9":"pa_provincia-murcia","10":"pa_sexo-hembra","11":"pa_tamano-b","13":"first","14":"instock","15":"taxable","16":"shipping-taxable","17":"product-type-simple"},"acf":[],"_links":{"self":[{"href":"https:\/\/www.wallamascotas.com\/web3\/wp-json\/wp\/v2\/product\/1988","targetHints":{"allow":["GET"]}}],"collection":[{"href":"https:\/\/www.wallamascotas.com\/web3\/wp-json\/wp\/v2\/product"}],"about":[{"href":"https:\/\/www.wallamascotas.com\/web3\/wp-json\/wp\/v2\/types\/product"}],"wp:attachment":[{"href":"https:\/\/www.wallamascotas.com\/web3\/wp-json\/wp\/v2\/media?parent=1988"}],"wp:term":[{"taxonomy":"product_brand","embeddable":true,"href":"https:\/\/www.wallamascotas.com\/web3\/wp-json\/wp\/v2\/product_brand?post=1988"},{"taxonomy":"product_cat","embeddable":true,"href":"https:\/\/www.wallamascotas.com\/web3\/wp-json\/wp\/v2\/product_cat?post=1988"},{"taxonomy":"product_tag","embeddable":true,"href":"https:\/\/www.wallamascotas.com\/web3\/wp-json\/wp\/v2\/product_tag?post=1988"}],"curies":[{"name":"wp","href":"https:\/\/api.w.org\/{rel}","templated":true}]}}

SARA – 1 AÑO

<p><span style="color: #33cccc; font-size: 130%;"><strong>ADOPTADA</strong></span></p>
<p style="text-align: justify;">SARA NECESITA CARIÑO HUMANO URGENTE!!!<br />
Fecha nacimiento aproximada Enero 2016<br />
Sara es una gatita que NO PUEDE ESTAR SOLA Necesita estar co gente, sólo quiere mimos y mimos y NO TIENE A NADIE DE QUIEN RECIBIRLOS Está rescatada, en un garaje, sola. Van a verla y echarle de comer, pero está con mucha ansiedad por separación Desconocemos si es víctima de un abandono o es una callejerita muy cariñosa que necesita pertenecer a una familia Lo que sabemos es que necesita una familia que qiera una gatita mimosa!!<br />
Con gatos y perros se lleva bien, aunque siempre prefiere la comopañía de los humanos!!!<br />
Puro amor de gatita en adopción!!<br />
SARA<br />
para adoptar:<br />
gatosabandona2@gmail.com<br />
Se encuentra en Murcia pero puede viajar Email contacto: gatosabandona2@gmail.com Teléfono contacto: 633843898</p>
