{"id":25934,"date":"2023-02-21T18:22:12","date_gmt":"2023-02-21T18:22:12","guid":{"rendered":"https:\/\/www.wallamascotas.com\/web3\/?post_type=product&#038;p=25934"},"modified":"2023-02-23T20:08:54","modified_gmt":"2023-02-23T20:08:54","slug":"apap-bajo-aragon-teruel","status":"publish","type":"product","link":"https:\/\/www.wallamascotas.com\/web3\/mascota\/apap-bajo-aragon-teruel\/","title":{"rendered":"APAP BAJO ARAGON"},"content":{"rendered":"<p>APAP BAJO ARAGON<\/p>\n<div>Asociaci\u00f3n Protectora de Plantas y Animales del Bajo Arag\u00f3n<\/div>\n<div>\n<div><\/div>\n<div>La asociaci\u00f3n Protectora de Animales y Plantas del Bajo Arag\u00f3n (APAP Bajo Arag\u00f3n) es una organizaci\u00f3n sin fines de lucro que ayuda a los animales, principalmente perros y gatos. Actualmente tenemos alrededor de 70 perros y 40 gatos viviendo en nuestro refugio de animales en Alca\u00f1iz, y m\u00e1s alojados con familias de acogida. Siempre estamos buscando personas amigables dispuestas a adoptar o tener en acogida a un animal.\u00a0Estamos financiados en parte por el municipio de Alca\u00f1iz, pero nuestra principal fuente de ingresos son las contribuciones de socios y las donaciones. Siempre necesitamos fondos para pagar alimentos y agua, vacunas, castraciones, desparasitaci\u00f3n, atenci\u00f3n m\u00e9dica y el mantenimiento general de nuestro refugio.<\/div>\n<p><span style=\"color: #333333;\">Email: <\/span><a href=\"mailto:com.apapbajoaragon@gmail.com\" rel=\"noreferrer\">com.apapbajoaragon@gmail.com<\/a><\/p>\n<\/div>\n<div>sitio web:\u00a0<a href=\"http:\/\/apapbajoaragon.com\/\" target=\"_blank\" rel=\"noopener noreferrer\">apapbajoaragon.com<\/a><\/div>\n<div>tel: (+34) 607 95 20 55 (solo urgencias)<\/div>\n<div><\/div>\n<div>TERUEL<\/div>\n<div><\/div>\n<div><\/div>\n<a href=\"https:\/\/www.wallamascotas.com\/web3\/mascotas\/adoptar-perro-gato-adoptar-mascota-es\/adoptar_perro_adoptar_mascota\/?filter_origen=apap-bajo-aragon\" class=\"button primary is-primary is-medium\"  >\n    <span>VER ANIMALES EN ADOPCI\u00d3N DE LA ASOCIACI\u00d3N<\/span>\n  <\/a>\n\n","protected":false},"excerpt":{"rendered":"<p>&nbsp;<\/p>\n<p>&nbsp;<\/p>\n","protected":false},"featured_media":25935,"template":"","meta":{"_acf_changed":false},"product_brand":[],"product_cat":[1000,1798],"product_tag":[],"class_list":{"0":"post-25934","1":"product","2":"type-product","3":"status-publish","4":"has-post-thumbnail","6":"product_cat-adoptar-perro-gato-adoptar-mascota-es","7":"product_cat-asociaciones","8":"pa_origen-apap-bajo-aragon","9":"pa_pais-espana","10":"pa_provincia-teruel","12":"first","13":"instock","14":"taxable","15":"shipping-taxable","16":"product-type-simple"},"acf":[],"_links":{"self":[{"href":"https:\/\/www.wallamascotas.com\/web3\/wp-json\/wp\/v2\/product\/25934","targetHints":{"allow":["GET"]}}],"collection":[{"href":"https:\/\/www.wallamascotas.com\/web3\/wp-json\/wp\/v2\/product"}],"about":[{"href":"https:\/\/www.wallamascotas.com\/web3\/wp-json\/wp\/v2\/types\/product"}],"wp:featuredmedia":[{"embeddable":true,"href":"https:\/\/www.wallamascotas.com\/web3\/wp-json\/wp\/v2\/media\/25935"}],"wp:attachment":[{"href":"https:\/\/www.wallamascotas.com\/web3\/wp-json\/wp\/v2\/media?parent=25934"}],"wp:term":[{"taxonomy":"product_brand","embeddable":true,"href":"https:\/\/www.wallamascotas.com\/web3\/wp-json\/wp\/v2\/product_brand?post=25934"},{"taxonomy":"product_cat","embeddable":true,"href":"https:\/\/www.wallamascotas.com\/web3\/wp-json\/wp\/v2\/product_cat?post=25934"},{"taxonomy":"product_tag","embeddable":true,"href":"https:\/\/www.wallamascotas.com\/web3\/wp-json\/wp\/v2\/product_tag?post=25934"}],"curies":[{"name":"wp","href":"https:\/\/api.w.org\/{rel}","templated":true}]}}