{"id":2619,"date":"2018-01-22T10:44:34","date_gmt":"2018-01-22T10:44:34","guid":{"rendered":"http:\/\/www.wallamascotas.com\/web3\/?post_type=product&#038;p=2619"},"modified":"2026-03-25T18:20:09","modified_gmt":"2026-03-25T18:20:09","slug":"nina-3-meses-jaen","status":"publish","type":"product","link":"https:\/\/www.wallamascotas.com\/web3\/mascota\/nina-3-meses-jaen\/","title":{"rendered":"NINA \u2013 3 MESES"},"content":{"rendered":"<p><span style=\"color: #33cccc; font-size: 130%;\"><strong>ADOPTADA<\/strong><\/span><\/p>\n<p style=\"text-align: justify;\">Recogida hoy de la calle. Necesita acogida y familia adoptiva con urgencia. Pendiente de revisi\u00f3n veterinaria. Est\u00e1 en Ja\u00e9n. Es muy muy cari\u00f1osa<\/p>\n","protected":false},"excerpt":{"rendered":"<p style=\"text-align: justify;\"><span style=\"color: #33cccc;\"><strong>ADOPTADA<\/strong><\/span>. Muy muy cari\u00f1osa<\/p>\n","protected":false},"featured_media":0,"template":"","meta":{"_acf_changed":false},"product_brand":[],"product_cat":[51],"product_tag":[],"class_list":{"0":"post-2619","1":"product","2":"type-product","3":"status-publish","5":"product_cat-adoptados","6":"pa_chip-no","7":"pa_origen-particular","8":"pa_pais-espana","9":"pa_provincia-jaen","10":"pa_sexo-hembra","11":"pa_tamano-b","13":"first","14":"instock","15":"taxable","16":"shipping-taxable","17":"product-type-simple"},"acf":[],"_links":{"self":[{"href":"https:\/\/www.wallamascotas.com\/web3\/wp-json\/wp\/v2\/product\/2619","targetHints":{"allow":["GET"]}}],"collection":[{"href":"https:\/\/www.wallamascotas.com\/web3\/wp-json\/wp\/v2\/product"}],"about":[{"href":"https:\/\/www.wallamascotas.com\/web3\/wp-json\/wp\/v2\/types\/product"}],"wp:attachment":[{"href":"https:\/\/www.wallamascotas.com\/web3\/wp-json\/wp\/v2\/media?parent=2619"}],"wp:term":[{"taxonomy":"product_brand","embeddable":true,"href":"https:\/\/www.wallamascotas.com\/web3\/wp-json\/wp\/v2\/product_brand?post=2619"},{"taxonomy":"product_cat","embeddable":true,"href":"https:\/\/www.wallamascotas.com\/web3\/wp-json\/wp\/v2\/product_cat?post=2619"},{"taxonomy":"product_tag","embeddable":true,"href":"https:\/\/www.wallamascotas.com\/web3\/wp-json\/wp\/v2\/product_tag?post=2619"}],"curies":[{"name":"wp","href":"https:\/\/api.w.org\/{rel}","templated":true}]}}

<p><span style="color: #33cccc; font-size: 130%;"><strong>ADOPTADA</strong></span></p>
<p style="text-align: justify;">Recogida hoy de la calle. Necesita acogida y familia adoptiva con urgencia. Pendiente de revisión veterinaria. Está en Jaén. Es muy muy cariñosa</p>

<p style="text-align: justify;"><span style="color: #33cccc;"><strong>ADOPTADA</strong></span>. Muy muy cariñosa</p>
