{"id":27254,"date":"2023-05-18T06:52:17","date_gmt":"2023-05-18T06:52:17","guid":{"rendered":"https:\/\/www.wallamascotas.com\/web3\/?post_type=product&#038;p=27254"},"modified":"2026-03-25T18:20:09","modified_gmt":"2026-03-25T18:20:09","slug":"drakkar-barcelona","status":"publish","type":"product","link":"https:\/\/www.wallamascotas.com\/web3\/mascota\/drakkar-barcelona\/","title":{"rendered":"DRAKKAR"},"content":{"rendered":"<p>DRAKKAR es un perrazo de m\u00e1s de 40 kg y de edad adulta.<\/p>\n<div>Creemos que creci\u00f3 en un terreno, sin demasiadas atenciones. A\u00fan as\u00ed es un buen perro, sociable con personas y tambi\u00e9n con perros si se hace una buena presentaci\u00f3n.<\/div>\n<div>Es tranquilo pero a la vez tiene alma de cachorro, siempre quiere jugar.<\/div>\n<div>Buscamos para \u00e9l una familia para siempre.<\/div>\n<div>Si quieres saber m\u00e1s escribe a rmac@santboi.cat o llama al 936612882<\/div>\n","protected":false},"excerpt":{"rendered":"<p>DRAKKAR es un perrazo de m\u00e1s de 40 kg y de edad adulta. Creemos que creci\u00f3 en un terreno, sin demasiadas atenciones. A\u00fan as\u00ed es un buen perro, sociable con personas y tambi\u00e9n con perros si se hace una buena presentaci\u00f3n. Es tranquilo pero a la vez tiene alma de cachorro, siempre quiere jugar. Buscamos [&#8230;]\n","protected":false},"featured_media":0,"template":"","meta":{"_acf_changed":false},"product_brand":[],"product_cat":[51,1000],"product_tag":[],"class_list":{"0":"post-27254","1":"product","2":"type-product","3":"status-publish","5":"product_cat-adoptados","6":"product_cat-adoptar-perro-gato-adoptar-mascota-es","7":"pa_chip-si","8":"pa_edad-b","9":"pa_fecha-nacimiento-ano-3401","10":"pa_fecha-nacimiento-mes-05-mayo","11":"pa_origen-refugio-municipal-de-animales-de-compania-rmac","12":"pa_provincia-barcelona","13":"pa_sexo-macho","14":"pa_tamano-e","16":"first","17":"instock","18":"taxable","19":"shipping-taxable","20":"product-type-simple"},"acf":[],"_links":{"self":[{"href":"https:\/\/www.wallamascotas.com\/web3\/wp-json\/wp\/v2\/product\/27254","targetHints":{"allow":["GET"]}}],"collection":[{"href":"https:\/\/www.wallamascotas.com\/web3\/wp-json\/wp\/v2\/product"}],"about":[{"href":"https:\/\/www.wallamascotas.com\/web3\/wp-json\/wp\/v2\/types\/product"}],"wp:attachment":[{"href":"https:\/\/www.wallamascotas.com\/web3\/wp-json\/wp\/v2\/media?parent=27254"}],"wp:term":[{"taxonomy":"product_brand","embeddable":true,"href":"https:\/\/www.wallamascotas.com\/web3\/wp-json\/wp\/v2\/product_brand?post=27254"},{"taxonomy":"product_cat","embeddable":true,"href":"https:\/\/www.wallamascotas.com\/web3\/wp-json\/wp\/v2\/product_cat?post=27254"},{"taxonomy":"product_tag","embeddable":true,"href":"https:\/\/www.wallamascotas.com\/web3\/wp-json\/wp\/v2\/product_tag?post=27254"}],"curies":[{"name":"wp","href":"https:\/\/api.w.org\/{rel}","templated":true}]}}