{"id":2915,"date":"2018-02-03T08:34:23","date_gmt":"2018-02-03T08:34:23","guid":{"rendered":"http:\/\/www.wallamascotas.com\/web3\/?post_type=product&#038;p=2915"},"modified":"2026-03-25T18:20:09","modified_gmt":"2026-03-25T18:20:09","slug":"scar-2-meses-valencia","status":"publish","type":"product","link":"https:\/\/www.wallamascotas.com\/web3\/mascota\/scar-2-meses-valencia\/","title":{"rendered":"SCAR \u2013 2 MESES"},"content":{"rendered":"<p><span style=\"color: #33cccc; font-size: 130%;\"><strong>ADOPTADO<\/strong><\/span><\/p>\n<p style=\"text-align: justify;\">Soy Scar, uno de los 5 beb\u00e9s que rescataron de la monta\u00f1a est\u00e1 semana, y menos mal, hemos pasado mucho fr\u00edo y nos hemos mojado con la lluvia&#8230; Ahora dormimos en una cama calentita y tenemos siempre un plato con comida. Ya no comemos cositas que nos encontramos por ahi porque ahora tenemos un plato SIEMPRE!! Qu\u00e9 guay, comida sin tener que buscarla&#8230; Como veis me falta una patita, el veterinario cree que nac\u00ed as\u00ed o nac\u00ed con ella mal y mi mam\u00e1 la comi\u00f3 para protegerme.<br \/>\nMi mami de acogida dice que estoy muy flaquito y que tengo que ponerme fuerte para ser un campe\u00f3n y poder correr con mis hermanos, y cuando est\u00e9 fuerte pienso ganarles a todos en las carreras?<br \/>\nAhora que ya estoy a salvo busco una familia para siempre, que no le importe que me falte una patita,porque yo pienso darle mucho amor igual que mis hermanos \u00bfMe ayudas a encontrar unos papis?<\/p>\n","protected":false},"excerpt":{"rendered":"<p style=\"text-align: justify;\"><span style=\"color: #33cccc;\"><strong>ADOPTADO.<\/strong><\/span> Busco una familia<\/p>\n","protected":false},"featured_media":0,"template":"","meta":{"_acf_changed":false},"product_brand":[],"product_cat":[51,1000],"product_tag":[],"class_list":{"0":"post-2915","1":"product","2":"type-product","3":"status-publish","5":"product_cat-adoptados","6":"product_cat-adoptar-perro-gato-adoptar-mascota-es","7":"pa_fecha_nacimiento-2-meses","8":"pa_fecha-alta-1005","9":"pa_origen-asociacion-adoptame-valencia","10":"pa_pais-espana","11":"pa_provincia-valencia","12":"pa_tamano-c","14":"first","15":"instock","16":"taxable","17":"shipping-taxable","18":"product-type-simple"},"acf":[],"_links":{"self":[{"href":"https:\/\/www.wallamascotas.com\/web3\/wp-json\/wp\/v2\/product\/2915","targetHints":{"allow":["GET"]}}],"collection":[{"href":"https:\/\/www.wallamascotas.com\/web3\/wp-json\/wp\/v2\/product"}],"about":[{"href":"https:\/\/www.wallamascotas.com\/web3\/wp-json\/wp\/v2\/types\/product"}],"wp:attachment":[{"href":"https:\/\/www.wallamascotas.com\/web3\/wp-json\/wp\/v2\/media?parent=2915"}],"wp:term":[{"taxonomy":"product_brand","embeddable":true,"href":"https:\/\/www.wallamascotas.com\/web3\/wp-json\/wp\/v2\/product_brand?post=2915"},{"taxonomy":"product_cat","embeddable":true,"href":"https:\/\/www.wallamascotas.com\/web3\/wp-json\/wp\/v2\/product_cat?post=2915"},{"taxonomy":"product_tag","embeddable":true,"href":"https:\/\/www.wallamascotas.com\/web3\/wp-json\/wp\/v2\/product_tag?post=2915"}],"curies":[{"name":"wp","href":"https:\/\/api.w.org\/{rel}","templated":true}]}}

<p><span style="color: #33cccc; font-size: 130%;"><strong>ADOPTADO</strong></span></p>
<p style="text-align: justify;">Soy Scar, uno de los 5 bebés que rescataron de la montaña está semana, y menos mal, hemos pasado mucho frío y nos hemos mojado con la lluvia&#8230; Ahora dormimos en una cama calentita y tenemos siempre un plato con comida. Ya no comemos cositas que nos encontramos por ahi porque ahora tenemos un plato SIEMPRE!! Qué guay, comida sin tener que buscarla&#8230; Como veis me falta una patita, el veterinario cree que nací así o nací con ella mal y mi mamá la comió para protegerme.<br />
Mi mami de acogida dice que estoy muy flaquito y que tengo que ponerme fuerte para ser un campeón y poder correr con mis hermanos, y cuando esté fuerte pienso ganarles a todos en las carreras?<br />
Ahora que ya estoy a salvo busco una familia para siempre, que no le importe que me falte una patita,porque yo pienso darle mucho amor igual que mis hermanos ¿Me ayudas a encontrar unos papis?</p>
