{"id":2994,"date":"2018-02-05T12:54:00","date_gmt":"2018-02-05T12:54:00","guid":{"rendered":"http:\/\/www.wallamascotas.com\/web3\/?post_type=product&#038;p=2994"},"modified":"2026-03-25T18:20:09","modified_gmt":"2026-03-25T18:20:09","slug":"choco-8-meses-granada","status":"publish","type":"product","link":"https:\/\/www.wallamascotas.com\/web3\/mascota\/choco-8-meses-granada\/","title":{"rendered":"CHOCO \u2013 8 MESES"},"content":{"rendered":"<p><span style=\"color: #33cccc; font-size: 130%;\"><strong>ADOPTADO<\/strong><\/span><\/p>\n<p style=\"text-align: justify;\">Este es nuestro peludo m\u00e1s especial.. Chocolate, para los amigos Choco.<\/p>\n<p style=\"text-align: justify;\">Fue encontrado por una de nuestras acogidas en un parque, s\u00f3lo, sin entender por qu\u00e9 le hab\u00eda tocado a \u00e9l estar en la calle.. Creemos, bueno, estamos casi seguras de que lo abandonaron por una peque\u00f1a malformaci\u00f3n que tiene en su hocico. Para nosotras es especial en todos los sentidos, es noble, juguet\u00f3n, se lleva bien con otros animales, y esa malformaci\u00f3n que nosotras vemos como su &#8220;chispa&#8221;, no le impide en absoluto hacer vida normal. Necesita una familia que lo quiera y lo cuide, que le de el calor de una casa y sentirse parte de alguien.<\/p>\n<p style=\"text-align: justify;\">Seguro que hay alguien, no superficial, que sepa ver tu gracia y tu chispa, peque\u00f1o Choco. Con apenas 6 meses ya sabes perfectamente lo que es el abandono, y queremos evitar que tu noble coraz\u00f3n vuelva a sentir esa sensaci\u00f3n nunca m\u00e1s. Te mereces lo mejor, y vamos a luchar por conseguirlo para ti. Nos dijeron que estaba tuerto, debido a su malformaci\u00f3n, pero su acogida actual lo llev\u00f3 al veterinario y est\u00e1 visto y comprobado que no le pasa nada en absoluto!!!!! Deseamos que alguien se fije en ti, por favor!<\/p>\n","protected":false},"excerpt":{"rendered":"<p style=\"text-align: justify;\"><span style=\"color: #33cccc;\"><strong>ADOPTADO.<\/strong><\/span> Encontrado en un parque<\/p>\n","protected":false},"featured_media":0,"template":"","meta":{"_acf_changed":false},"product_brand":[],"product_cat":[51,1000],"product_tag":[],"class_list":{"0":"post-2994","1":"product","2":"type-product","3":"status-publish","5":"product_cat-adoptados","6":"product_cat-adoptar-perro-gato-adoptar-mascota-es","7":"pa_chip-si","8":"pa_origen-particular","9":"pa_pais-espana","10":"pa_provincia-granada","11":"pa_sexo-macho","12":"pa_tamano-c","14":"first","15":"instock","16":"taxable","17":"shipping-taxable","18":"product-type-simple"},"acf":[],"_links":{"self":[{"href":"https:\/\/www.wallamascotas.com\/web3\/wp-json\/wp\/v2\/product\/2994","targetHints":{"allow":["GET"]}}],"collection":[{"href":"https:\/\/www.wallamascotas.com\/web3\/wp-json\/wp\/v2\/product"}],"about":[{"href":"https:\/\/www.wallamascotas.com\/web3\/wp-json\/wp\/v2\/types\/product"}],"wp:attachment":[{"href":"https:\/\/www.wallamascotas.com\/web3\/wp-json\/wp\/v2\/media?parent=2994"}],"wp:term":[{"taxonomy":"product_brand","embeddable":true,"href":"https:\/\/www.wallamascotas.com\/web3\/wp-json\/wp\/v2\/product_brand?post=2994"},{"taxonomy":"product_cat","embeddable":true,"href":"https:\/\/www.wallamascotas.com\/web3\/wp-json\/wp\/v2\/product_cat?post=2994"},{"taxonomy":"product_tag","embeddable":true,"href":"https:\/\/www.wallamascotas.com\/web3\/wp-json\/wp\/v2\/product_tag?post=2994"}],"curies":[{"name":"wp","href":"https:\/\/api.w.org\/{rel}","templated":true}]}}

<p><span style="color: #33cccc; font-size: 130%;"><strong>ADOPTADO</strong></span></p>
<p style="text-align: justify;">Este es nuestro peludo más especial.. Chocolate, para los amigos Choco.</p>
<p style="text-align: justify;">Fue encontrado por una de nuestras acogidas en un parque, sólo, sin entender por qué le había tocado a él estar en la calle.. Creemos, bueno, estamos casi seguras de que lo abandonaron por una pequeña malformación que tiene en su hocico. Para nosotras es especial en todos los sentidos, es noble, juguetón, se lleva bien con otros animales, y esa malformación que nosotras vemos como su &#8220;chispa&#8221;, no le impide en absoluto hacer vida normal. Necesita una familia que lo quiera y lo cuide, que le de el calor de una casa y sentirse parte de alguien.</p>
<p style="text-align: justify;">Seguro que hay alguien, no superficial, que sepa ver tu gracia y tu chispa, pequeño Choco. Con apenas 6 meses ya sabes perfectamente lo que es el abandono, y queremos evitar que tu noble corazón vuelva a sentir esa sensación nunca más. Te mereces lo mejor, y vamos a luchar por conseguirlo para ti. Nos dijeron que estaba tuerto, debido a su malformación, pero su acogida actual lo llevó al veterinario y está visto y comprobado que no le pasa nada en absoluto!!!!! Deseamos que alguien se fije en ti, por favor!</p>
