{"id":3966,"date":"2018-04-29T10:47:52","date_gmt":"2018-04-29T10:47:52","guid":{"rendered":"http:\/\/www.wallamascotas.com\/web3\/?post_type=product&#038;p=3966"},"modified":"2018-12-04T14:11:34","modified_gmt":"2018-12-04T14:11:34","slug":"homer-1-ano-sevilla","status":"publish","type":"product","link":"https:\/\/www.wallamascotas.com\/web3\/mascota\/homer-1-ano-sevilla\/","title":{"rendered":"HOMER \u2013 1 A\u00d1O"},"content":{"rendered":"<p><span style=\"color: #33cccc; font-size: 130%;\"><strong>ADOPTADO<\/strong><\/span><\/p>\n<p style=\"text-align: justify;\">HOMER, fue tirado junto a dos peludos m\u00e1s por encima de valla del refugio, estaban asustados, no dejaban que nos acerc\u00e1semos.<\/p>\n<p>A d\u00eda de hoy, va confiando m\u00e1s y es m\u00e1s sociable, es muy tranquilo. Se lleva bien con otros perros. Es de tama\u00f1o peque\u00f1ito.<\/p>\n<p>HOMER necesita un hogar, lo pasa mal en el refugio, al ser tan peque\u00f1o y con el fr\u00edo que ha echo.<\/p>\n<p>Se entrega con contrato de adopci\u00f3n y posterior seguimiento. Se encuentra en Sevilla pero puede viajar.<\/p>\n","protected":false},"excerpt":{"rendered":"<p style=\"text-align: justify;\"><span style=\"color: #33cccc;\"><strong>ADOPTADO.<\/strong><\/span> Un bomboncito<\/p>\n","protected":false},"featured_media":3351,"template":"","meta":{"_acf_changed":false},"product_brand":[],"product_cat":[1000],"product_tag":[],"class_list":{"0":"post-3966","1":"product","2":"type-product","3":"status-publish","4":"has-post-thumbnail","6":"product_cat-adoptar-perro-gato-adoptar-mascota-es","7":"pa_fecha_nacimiento-1-ano","8":"pa_fecha-alta-29-04-18","9":"pa_origen-asociacion-el-sueno-de-mufie","10":"pa_pais-espana","11":"pa_provincia-sevilla","12":"pa_raza-mestizo","13":"pa_tamano-b","15":"first","16":"instock","17":"taxable","18":"shipping-taxable","19":"product-type-simple"},"acf":[],"_links":{"self":[{"href":"https:\/\/www.wallamascotas.com\/web3\/wp-json\/wp\/v2\/product\/3966","targetHints":{"allow":["GET"]}}],"collection":[{"href":"https:\/\/www.wallamascotas.com\/web3\/wp-json\/wp\/v2\/product"}],"about":[{"href":"https:\/\/www.wallamascotas.com\/web3\/wp-json\/wp\/v2\/types\/product"}],"wp:featuredmedia":[{"embeddable":true,"href":"https:\/\/www.wallamascotas.com\/web3\/wp-json\/wp\/v2\/media\/3351"}],"wp:attachment":[{"href":"https:\/\/www.wallamascotas.com\/web3\/wp-json\/wp\/v2\/media?parent=3966"}],"wp:term":[{"taxonomy":"product_brand","embeddable":true,"href":"https:\/\/www.wallamascotas.com\/web3\/wp-json\/wp\/v2\/product_brand?post=3966"},{"taxonomy":"product_cat","embeddable":true,"href":"https:\/\/www.wallamascotas.com\/web3\/wp-json\/wp\/v2\/product_cat?post=3966"},{"taxonomy":"product_tag","embeddable":true,"href":"https:\/\/www.wallamascotas.com\/web3\/wp-json\/wp\/v2\/product_tag?post=3966"}],"curies":[{"name":"wp","href":"https:\/\/api.w.org\/{rel}","templated":true}]}}