{"id":4037,"date":"2018-04-30T12:08:43","date_gmt":"2018-04-30T12:08:43","guid":{"rendered":"http:\/\/www.wallamascotas.com\/web3\/?post_type=product&#038;p=4037"},"modified":"2026-03-25T18:20:09","modified_gmt":"2026-03-25T18:20:09","slug":"nuca-1-ano-sevilla","status":"publish","type":"product","link":"https:\/\/www.wallamascotas.com\/web3\/mascota\/nuca-1-ano-sevilla\/","title":{"rendered":"NUCA \u2013 1 A\u00d1O"},"content":{"rendered":"<p><span style=\"color: #33cccc; font-size: 130%;\"><strong>ADOPTADA<\/strong><\/span><\/p>\n<p style=\"text-align: center;\">Si, si tenemos una osita parda tambi\u00e9n!!! Nuestra hermosa *NUCA, cruce de mast\u00edn y pastor alem\u00e1n, de un a\u00f1o y 3 meses, con sus 20 kilitos* y ese pelaje es toda una osita.<\/p>\n<p style=\"text-align: center;\">Ella llego al refugio con apenas 40 d\u00edas, fue dejada en una caja junto a sus 6 hermanos en la puerta del refugio.<\/p>\n<p style=\"text-align: center;\">Hoy en d\u00eda es algo miedosa pero no agresiva, es m\u00e1s timidez que en cuanto te conoce es un amor, muy cari\u00f1osa\u00a0\u00a0y atenta. Genial con ni\u00f1os.<\/p>\n<p style=\"text-align: center;\">Sociable con perros y *gatos*.<\/p>\n<p style=\"text-align: center;\">Se entrega con contrato de adopci\u00f3n y posterior seguimiento. Se encuentra en Sevilla pero puede viajar.<\/p>\n","protected":false},"excerpt":{"rendered":"<p style=\"text-align: justify;\"><span style=\"color: #33cccc;\"><strong>ADOPTADA.<\/strong><\/span> Busca un hogar<\/p>\n","protected":false},"featured_media":0,"template":"","meta":{"_acf_changed":false},"product_brand":[],"product_cat":[51,1000],"product_tag":[],"class_list":{"0":"post-4037","1":"product","2":"type-product","3":"status-publish","5":"product_cat-adoptados","6":"product_cat-adoptar-perro-gato-adoptar-mascota-es","7":"pa_chip-si","8":"pa_fecha_nacimiento-1-ano-3-meses","9":"pa_fecha-alta-30-04-18","10":"pa_origen-asociacion-el-sueno-de-mufie","11":"pa_pais-espana","12":"pa_provincia-sevilla","13":"pa_sexo-hembra","14":"pa_tamano-c","16":"first","17":"instock","18":"taxable","19":"shipping-taxable","20":"product-type-simple"},"acf":[],"_links":{"self":[{"href":"https:\/\/www.wallamascotas.com\/web3\/wp-json\/wp\/v2\/product\/4037","targetHints":{"allow":["GET"]}}],"collection":[{"href":"https:\/\/www.wallamascotas.com\/web3\/wp-json\/wp\/v2\/product"}],"about":[{"href":"https:\/\/www.wallamascotas.com\/web3\/wp-json\/wp\/v2\/types\/product"}],"wp:attachment":[{"href":"https:\/\/www.wallamascotas.com\/web3\/wp-json\/wp\/v2\/media?parent=4037"}],"wp:term":[{"taxonomy":"product_brand","embeddable":true,"href":"https:\/\/www.wallamascotas.com\/web3\/wp-json\/wp\/v2\/product_brand?post=4037"},{"taxonomy":"product_cat","embeddable":true,"href":"https:\/\/www.wallamascotas.com\/web3\/wp-json\/wp\/v2\/product_cat?post=4037"},{"taxonomy":"product_tag","embeddable":true,"href":"https:\/\/www.wallamascotas.com\/web3\/wp-json\/wp\/v2\/product_tag?post=4037"}],"curies":[{"name":"wp","href":"https:\/\/api.w.org\/{rel}","templated":true}]}}

NUCA – 1 AÑO

<p><span style="color: #33cccc; font-size: 130%;"><strong>ADOPTADA</strong></span></p>
<p style="text-align: center;">Si, si tenemos una osita parda también!!! Nuestra hermosa *NUCA, cruce de mastín y pastor alemán, de un año y 3 meses, con sus 20 kilitos* y ese pelaje es toda una osita.</p>
<p style="text-align: center;">Ella llego al refugio con apenas 40 días, fue dejada en una caja junto a sus 6 hermanos en la puerta del refugio.</p>
<p style="text-align: center;">Hoy en día es algo miedosa pero no agresiva, es más timidez que en cuanto te conoce es un amor, muy cariñosa  y atenta. Genial con niños.</p>
<p style="text-align: center;">Sociable con perros y *gatos*.</p>
<p style="text-align: center;">Se entrega con contrato de adopción y posterior seguimiento. Se encuentra en Sevilla pero puede viajar.</p>
