{"id":4181,"date":"2018-05-04T12:06:48","date_gmt":"2018-05-04T12:06:48","guid":{"rendered":"http:\/\/www.wallamascotas.com\/web3\/?post_type=product&#038;p=4181"},"modified":"2026-03-25T18:20:09","modified_gmt":"2026-03-25T18:20:09","slug":"isi-1-ano-sevilla","status":"publish","type":"product","link":"https:\/\/www.wallamascotas.com\/web3\/mascota\/isi-1-ano-sevilla\/","title":{"rendered":"ISI \u2013 1 A\u00d1O"},"content":{"rendered":"<p><a href=\"http:\/\/www.wallamascotas.com\/web3\/wp-content\/uploads\/2018\/10\/banner_publicidad_wallamascotas_colabora2-1.jpg\"><img loading=\"lazy\" decoding=\"async\" class=\"alignnone size-full wp-image-7248\" src=\"http:\/\/www.wallamascotas.com\/web3\/wp-content\/uploads\/2018\/10\/banner_publicidad_wallamascotas_colabora2-1.jpg\" alt=\"\" width=\"750\" height=\"220\" \/><\/a><\/p>\n<p><span style=\"color: #33cccc; font-size: 130%;\"><strong>ADOPTADA<\/strong><\/span><\/p>\n<p style=\"text-align: center;\">*ISI, podenca andaluz peque\u00f1a\u00a0\u00a0de a\u00f1o y medio y 6 kilos.*<\/p>\n<p style=\"text-align: center;\">ISI llego a nosotras como veis con una gran sonrisa, desde entonces no para de sonre\u00edr, quiz\u00e1s porque es feliz en el refugio sabiendo que est\u00e1 a salvo de todo mal.<\/p>\n<p style=\"text-align: center;\">Es una perrita excepcional, sociable juguetona, sumisa, solo pide caricias y con esa cara tan hermosa y esa sonrisa como no d\u00e1rsela.<\/p>\n<p style=\"text-align: center;\">\u00bfQUIERES QUE TU VIDA SEA DE COLOR DE ROSA Y SIEMPRE TE RECIBAN CON UNA\u00a0GRAN SONRISA?<\/p>\n<p style=\"text-align: center;\">NO LO DUDES ISI ES TU COMPA\u00d1ERA DE VIDA<\/p>\n<p style=\"text-align: center;\">Se entrega con contrato de adopci\u00f3n y posterior seguimiento. Se\u00a0encuentra en Sevilla pero puede viajar.<\/p>\n<p><a href=\"http:\/\/www.wallamascotas.com\/web3\/wp-content\/uploads\/2018\/10\/banner_publicidad_wallamascotas_no_compres-1.jpg\"><img loading=\"lazy\" decoding=\"async\" class=\"alignnone size-full wp-image-7183\" src=\"http:\/\/www.wallamascotas.com\/web3\/wp-content\/uploads\/2018\/10\/banner_publicidad_wallamascotas_no_compres-1.jpg\" alt=\"\" width=\"750\" height=\"140\" srcset=\"https:\/\/www.wallamascotas.com\/web3\/wp-content\/uploads\/2018\/10\/banner_publicidad_wallamascotas_no_compres-1.jpg 750w, https:\/\/www.wallamascotas.com\/web3\/wp-content\/uploads\/2018\/10\/banner_publicidad_wallamascotas_no_compres-1-300x56.jpg 300w, https:\/\/www.wallamascotas.com\/web3\/wp-content\/uploads\/2018\/10\/banner_publicidad_wallamascotas_no_compres-1-600x112.jpg 600w\" sizes=\"auto, (max-width: 750px) 100vw, 750px\" \/><\/a><\/p>\n<p><a href=\"http:\/\/www.wallamascotas.com\/web3\/colabora\/\"><img loading=\"lazy\" decoding=\"async\" class=\"alignnone size-full wp-image-7179\" src=\"http:\/\/www.wallamascotas.com\/web3\/wp-content\/uploads\/2018\/10\/banner_colabora.jpg\" alt=\"\" width=\"750\" height=\"140\" srcset=\"https:\/\/www.wallamascotas.com\/web3\/wp-content\/uploads\/2018\/10\/banner_colabora.jpg 750w, https:\/\/www.wallamascotas.com\/web3\/wp-content\/uploads\/2018\/10\/banner_colabora-300x56.jpg 300w, https:\/\/www.wallamascotas.com\/web3\/wp-content\/uploads\/2018\/10\/banner_colabora-600x112.jpg 600w\" sizes=\"auto, (max-width: 750px) 100vw, 750px\" \/><\/a><\/p>\n<div class=\"fb-page\" data-href=\"https:\/\/www.facebook.com\/wallamascotas\" data-width=\"340\" data-hide-cover=\"false\" data-show-facepile=\"true\"><\/div>\n","protected":false},"excerpt":{"rendered":"<p style=\"text-align: justify;\"><span style=\"color: #33cccc;\"><strong>ADOPTADA.<\/strong><\/span> Busca un hogar<\/p>\n","protected":false},"featured_media":0,"template":"","meta":{"_acf_changed":false},"product_brand":[],"product_cat":[51,1000],"product_tag":[],"class_list":{"0":"post-4181","1":"product","2":"type-product","3":"status-publish","5":"product_cat-adoptados","6":"product_cat-adoptar-perro-gato-adoptar-mascota-es","7":"pa_chip-si","8":"pa_fecha_nacimiento-8-meses","9":"pa_fecha-alta-04-05-18","10":"pa_origen-asociacion-el-sueno-de-mufie","11":"pa_pais-espana","12":"pa_provincia-sevilla","14":"first","15":"instock","16":"taxable","17":"shipping-taxable","18":"product-type-simple"},"acf":[],"_links":{"self":[{"href":"https:\/\/www.wallamascotas.com\/web3\/wp-json\/wp\/v2\/product\/4181","targetHints":{"allow":["GET"]}}],"collection":[{"href":"https:\/\/www.wallamascotas.com\/web3\/wp-json\/wp\/v2\/product"}],"about":[{"href":"https:\/\/www.wallamascotas.com\/web3\/wp-json\/wp\/v2\/types\/product"}],"wp:attachment":[{"href":"https:\/\/www.wallamascotas.com\/web3\/wp-json\/wp\/v2\/media?parent=4181"}],"wp:term":[{"taxonomy":"product_brand","embeddable":true,"href":"https:\/\/www.wallamascotas.com\/web3\/wp-json\/wp\/v2\/product_brand?post=4181"},{"taxonomy":"product_cat","embeddable":true,"href":"https:\/\/www.wallamascotas.com\/web3\/wp-json\/wp\/v2\/product_cat?post=4181"},{"taxonomy":"product_tag","embeddable":true,"href":"https:\/\/www.wallamascotas.com\/web3\/wp-json\/wp\/v2\/product_tag?post=4181"}],"curies":[{"name":"wp","href":"https:\/\/api.w.org\/{rel}","templated":true}]}}

ISI – 1 AÑO

<p><a href="http://www.wallamascotas.com/web3/wp-content/uploads/2018/10/banner_publicidad_wallamascotas_colabora2-1.jpg"><img loading="lazy" decoding="async" class="alignnone size-full wp-image-7248" src="http://www.wallamascotas.com/web3/wp-content/uploads/2018/10/banner_publicidad_wallamascotas_colabora2-1.jpg" alt="" width="750" height="220" /></a></p>
<p><span style="color: #33cccc; font-size: 130%;"><strong>ADOPTADA</strong></span></p>
<p style="text-align: center;">*ISI, podenca andaluz pequeña  de año y medio y 6 kilos.*</p>
<p style="text-align: center;">ISI llego a nosotras como veis con una gran sonrisa, desde entonces no para de sonreír, quizás porque es feliz en el refugio sabiendo que está a salvo de todo mal.</p>
<p style="text-align: center;">Es una perrita excepcional, sociable juguetona, sumisa, solo pide caricias y con esa cara tan hermosa y esa sonrisa como no dársela.</p>
<p style="text-align: center;">¿QUIERES QUE TU VIDA SEA DE COLOR DE ROSA Y SIEMPRE TE RECIBAN CON UNA GRAN SONRISA?</p>
<p style="text-align: center;">NO LO DUDES ISI ES TU COMPAÑERA DE VIDA</p>
<p style="text-align: center;">Se entrega con contrato de adopción y posterior seguimiento. Se encuentra en Sevilla pero puede viajar.</p>
<p><a href="http://www.wallamascotas.com/web3/wp-content/uploads/2018/10/banner_publicidad_wallamascotas_no_compres-1.jpg"><img loading="lazy" decoding="async" class="alignnone size-full wp-image-7183" src="http://www.wallamascotas.com/web3/wp-content/uploads/2018/10/banner_publicidad_wallamascotas_no_compres-1.jpg" alt="" width="750" height="140" srcset="https://www.wallamascotas.com/web3/wp-content/uploads/2018/10/banner_publicidad_wallamascotas_no_compres-1.jpg 750w, https://www.wallamascotas.com/web3/wp-content/uploads/2018/10/banner_publicidad_wallamascotas_no_compres-1-300x56.jpg 300w, https://www.wallamascotas.com/web3/wp-content/uploads/2018/10/banner_publicidad_wallamascotas_no_compres-1-600x112.jpg 600w" sizes="auto, (max-width: 750px) 100vw, 750px" /></a></p>
<p><a href="http://www.wallamascotas.com/web3/colabora/"><img loading="lazy" decoding="async" class="alignnone size-full wp-image-7179" src="http://www.wallamascotas.com/web3/wp-content/uploads/2018/10/banner_colabora.jpg" alt="" width="750" height="140" srcset="https://www.wallamascotas.com/web3/wp-content/uploads/2018/10/banner_colabora.jpg 750w, https://www.wallamascotas.com/web3/wp-content/uploads/2018/10/banner_colabora-300x56.jpg 300w, https://www.wallamascotas.com/web3/wp-content/uploads/2018/10/banner_colabora-600x112.jpg 600w" sizes="auto, (max-width: 750px) 100vw, 750px" /></a></p>
<div class="fb-page" data-href="https://www.facebook.com/wallamascotas" data-width="340" data-hide-cover="false" data-show-facepile="true"></div>
