{"id":42553,"date":"2025-01-23T19:11:51","date_gmt":"2025-01-23T19:11:51","guid":{"rendered":"https:\/\/www.wallamascotas.com\/web3\/?post_type=product&#038;p=42553"},"modified":"2025-03-24T07:49:23","modified_gmt":"2025-03-24T07:49:23","slug":"el-arca-de-mamut-murcia","status":"publish","type":"product","link":"https:\/\/www.wallamascotas.com\/web3\/mascota\/el-arca-de-mamut-murcia\/","title":{"rendered":"EL ARCA DE MAMUT"},"content":{"rendered":"<p>EL ARCA DE MAMUT<\/p>\n<p>Gesti\u00f3n de animales, cuidados veterinarios, alimentaci\u00f3n y b\u00fasqueda de adoptantes para ellos.<\/p>\n<p>EMAIL: <a href=\"mailto:nuevocomienzo.murcia@gmail.com\" rel=\"noreferrer\">nuevocomienzo.murcia@gmail.com<\/a><\/p>\n<p>Tlf: +34 604429714<\/p>\n<p>MURCIA<\/p>\n<a href=\"https:\/\/www.wallamascotas.com\/web3\/mascotas\/adoptargato\/?filter_origen=el-arca-de-mamut\" class=\"button primary is-primary is-medium\"  >\n    <span>VER GATOS EN ADOPCI\u00d3N DE LA ASOCIACI\u00d3N<\/span>\n  <\/a>\n\n<p>&nbsp;<\/p>\n<p>&nbsp;<\/p>\n","protected":false},"excerpt":{"rendered":"<p>&nbsp;<\/p>\n<p>&nbsp;<\/p>\n","protected":false},"featured_media":0,"template":"","meta":{"_acf_changed":false},"product_brand":[],"product_cat":[1000,1798],"product_tag":[],"class_list":{"0":"post-42553","1":"product","2":"type-product","3":"status-publish","5":"product_cat-adoptar-perro-gato-adoptar-mascota-es","6":"product_cat-asociaciones","7":"pa_origen-el-arca-de-mamut","8":"pa_pais-espana","9":"pa_provincia-murcia","11":"first","12":"instock","13":"taxable","14":"shipping-taxable","15":"product-type-simple"},"acf":[],"_links":{"self":[{"href":"https:\/\/www.wallamascotas.com\/web3\/wp-json\/wp\/v2\/product\/42553","targetHints":{"allow":["GET"]}}],"collection":[{"href":"https:\/\/www.wallamascotas.com\/web3\/wp-json\/wp\/v2\/product"}],"about":[{"href":"https:\/\/www.wallamascotas.com\/web3\/wp-json\/wp\/v2\/types\/product"}],"wp:attachment":[{"href":"https:\/\/www.wallamascotas.com\/web3\/wp-json\/wp\/v2\/media?parent=42553"}],"wp:term":[{"taxonomy":"product_brand","embeddable":true,"href":"https:\/\/www.wallamascotas.com\/web3\/wp-json\/wp\/v2\/product_brand?post=42553"},{"taxonomy":"product_cat","embeddable":true,"href":"https:\/\/www.wallamascotas.com\/web3\/wp-json\/wp\/v2\/product_cat?post=42553"},{"taxonomy":"product_tag","embeddable":true,"href":"https:\/\/www.wallamascotas.com\/web3\/wp-json\/wp\/v2\/product_tag?post=42553"}],"curies":[{"name":"wp","href":"https:\/\/api.w.org\/{rel}","templated":true}]}}