{"id":4412,"date":"2018-05-09T12:41:02","date_gmt":"2018-05-09T12:41:02","guid":{"rendered":"http:\/\/www.wallamascotas.com\/web3\/?post_type=product&#038;p=4412"},"modified":"2026-03-25T18:20:09","modified_gmt":"2026-03-25T18:20:09","slug":"liam-5-meses-murcia","status":"publish","type":"product","link":"https:\/\/www.wallamascotas.com\/web3\/mascota\/liam-5-meses-murcia\/","title":{"rendered":"LIAM \u2013 5 MESES"},"content":{"rendered":"<p><span style=\"color: #33cccc; font-size: 130%;\"><strong>ADOPTADO<\/strong><\/span><\/p>\n<p>Me llamo L\u00edan, tengo 4 meses Me rescataron a finales de febrero, muy malito y apenas pod\u00eda andar cuando me recuper\u00e9 y empez\u00e9 a andar.\u00a0 Mis cuidadoras observaron que con las patas de atr\u00e1s no caminaba bien,me llevaron al veterinario y tenia la cadera rota, ya estoy operado y mi recuperaci\u00f3n es extraordinaria, soy cari\u00f1oso y bueno y s\u00f3lo quiero mimos.<\/p>\n<p>Necesito una familia que me quiera y me cuide , si est\u00e1s interesado escribe un email a <a href=\"mailto:gatosabandona2@gmail.com\">gatosabandona2@gmail.com<\/a> o escribe un Whatsapp\u00a0 al 606383037.<\/p>\n<p>Estoy en Murcia pero puedo viajar. Me entregan vacunado, desparasitado y con chip.<\/p>\n<p>Email contacto: <a href=\"mailto:gatosabandona2@gmail.com\">gatosabandona2@gmail.com<\/a> Tel\u00e9fono contacto: 633543898<\/p>\n","protected":false},"excerpt":{"rendered":"<p style=\"text-align: justify;\"><span style=\"color: #33cccc;\"><strong>ADOPTADO.<\/strong><\/span> Necesito una familia que me quiera y me cuide<\/p>\n","protected":false},"featured_media":0,"template":"","meta":{"_acf_changed":false},"product_brand":[],"product_cat":[51,1000],"product_tag":[],"class_list":{"0":"post-4412","1":"product","2":"type-product","3":"status-publish","5":"product_cat-adoptados","6":"product_cat-adoptar-perro-gato-adoptar-mascota-es","7":"pa_chip-si","8":"pa_fecha_nacimiento-ener-2018","9":"pa_fecha-alta-9-5-2018","10":"pa_origen-asociacion-gatos-abandonados-murcia","11":"pa_pais-espana","12":"pa_provincia-murcia","13":"pa_tamano-a","15":"first","16":"instock","17":"taxable","18":"shipping-taxable","19":"product-type-simple"},"acf":[],"_links":{"self":[{"href":"https:\/\/www.wallamascotas.com\/web3\/wp-json\/wp\/v2\/product\/4412","targetHints":{"allow":["GET"]}}],"collection":[{"href":"https:\/\/www.wallamascotas.com\/web3\/wp-json\/wp\/v2\/product"}],"about":[{"href":"https:\/\/www.wallamascotas.com\/web3\/wp-json\/wp\/v2\/types\/product"}],"wp:attachment":[{"href":"https:\/\/www.wallamascotas.com\/web3\/wp-json\/wp\/v2\/media?parent=4412"}],"wp:term":[{"taxonomy":"product_brand","embeddable":true,"href":"https:\/\/www.wallamascotas.com\/web3\/wp-json\/wp\/v2\/product_brand?post=4412"},{"taxonomy":"product_cat","embeddable":true,"href":"https:\/\/www.wallamascotas.com\/web3\/wp-json\/wp\/v2\/product_cat?post=4412"},{"taxonomy":"product_tag","embeddable":true,"href":"https:\/\/www.wallamascotas.com\/web3\/wp-json\/wp\/v2\/product_tag?post=4412"}],"curies":[{"name":"wp","href":"https:\/\/api.w.org\/{rel}","templated":true}]}}

<p><span style="color: #33cccc; font-size: 130%;"><strong>ADOPTADO</strong></span></p>
<p>Me llamo Lían, tengo 4 meses Me rescataron a finales de febrero, muy malito y apenas podía andar cuando me recuperé y empezé a andar.  Mis cuidadoras observaron que con las patas de atrás no caminaba bien,me llevaron al veterinario y tenia la cadera rota, ya estoy operado y mi recuperación es extraordinaria, soy cariñoso y bueno y sólo quiero mimos.</p>
<p>Necesito una familia que me quiera y me cuide , si estás interesado escribe un email a <a href="mailto:gatosabandona2@gmail.com">gatosabandona2@gmail.com</a> o escribe un Whatsapp  al 606383037.</p>
<p>Estoy en Murcia pero puedo viajar. Me entregan vacunado, desparasitado y con chip.</p>
<p>Email contacto: <a href="mailto:gatosabandona2@gmail.com">gatosabandona2@gmail.com</a> Teléfono contacto: 633543898</p>
