{"id":4482,"date":"2018-05-14T08:50:39","date_gmt":"2018-05-14T08:50:39","guid":{"rendered":"http:\/\/www.wallamascotas.com\/web3\/?post_type=product&#038;p=4482"},"modified":"2026-03-25T18:20:09","modified_gmt":"2026-03-25T18:20:09","slug":"navidad-3-anos-sevilla","status":"publish","type":"product","link":"https:\/\/www.wallamascotas.com\/web3\/mascota\/navidad-3-anos-sevilla\/","title":{"rendered":"NAVIDAD \u2013 3 A\u00d1OS"},"content":{"rendered":"<p><a href=\"http:\/\/www.wallamascotas.com\/web3\/wp-content\/uploads\/2018\/10\/banner_publicidad_wallamascotas_colabora2-1.jpg\"><img loading=\"lazy\" decoding=\"async\" class=\"alignnone size-full wp-image-7248\" src=\"http:\/\/www.wallamascotas.com\/web3\/wp-content\/uploads\/2018\/10\/banner_publicidad_wallamascotas_colabora2-1.jpg\" alt=\"\" width=\"750\" height=\"220\" \/><\/a><\/p>\n<p><span style=\"color: #33cccc; font-size: 130%;\"><strong>ADOPTADA<\/strong><\/span><\/p>\n<p style=\"text-align: center;\">Navidad, galga de 3 a\u00f1os y medio y 22 kilos de puro amor.<\/p>\n<p style=\"text-align: center;\">Esta hermosa galguita, fue recogida el d\u00eda de navidad en la localidad vecina de Lantejuela, de ah\u00ed su nombre.<\/p>\n<p style=\"text-align: center;\">Estaba en un estado muy mal, caquexica, llena de pulgas y garrapatas y con unas heridas en su fam\u00e9lico cuerpo que desprend\u00edan un olor muy fuerte.<\/p>\n<p style=\"text-align: center;\">Ten\u00eda unos abscesos en sus patitas de atr\u00e1s que estaban necrosado e incluso se pod\u00eda ver el hueso.<\/p>\n<p style=\"text-align: center;\">De inmediato se llevo a la cl\u00ednica donde tuvo que ser ingresada del estado tan delicado en el que se encontraba.<\/p>\n<p style=\"text-align: center;\">Aqu\u00ed pod\u00e9is ver el \u00e1lbum de su rescate:<br \/>\nhttps:\/\/www.facebook.com\/media\/set\/?set=a.2076981559189613.1073741882.1927676094120161&amp;type=1&amp;l=f28bfe461f<\/p>\n<p style=\"text-align: center;\">Poco a poco navidad fue cogiendo fuerzas y recuper\u00e1ndose, hoy 5 meses despu\u00e9s, nuestra princesa es lo que siempre debi\u00f3 ser, una galga impactante, gordita, y feliz&#8230;<\/p>\n<p style=\"text-align: center;\">Y ya es hora de que es felicidad sea completada con una hermosa familia.<\/p>\n<p style=\"text-align: center;\">Es sociable con otros perros y GATOS.<\/p>\n<p style=\"text-align: center;\">Se entrega con contrato de adopci\u00f3n y posterior seguimiento.<\/p>\n<p style=\"text-align: center;\">Se encuentra en sevilla pero puede viajar.<\/p>\n<p><a href=\"http:\/\/www.wallamascotas.com\/web3\/wp-content\/uploads\/2018\/10\/banner_publicidad_wallamascotas_no_compres-1.jpg\"><img loading=\"lazy\" decoding=\"async\" class=\"alignnone size-full wp-image-7183\" src=\"http:\/\/www.wallamascotas.com\/web3\/wp-content\/uploads\/2018\/10\/banner_publicidad_wallamascotas_no_compres-1.jpg\" alt=\"\" width=\"750\" height=\"140\" srcset=\"https:\/\/www.wallamascotas.com\/web3\/wp-content\/uploads\/2018\/10\/banner_publicidad_wallamascotas_no_compres-1.jpg 750w, https:\/\/www.wallamascotas.com\/web3\/wp-content\/uploads\/2018\/10\/banner_publicidad_wallamascotas_no_compres-1-300x56.jpg 300w, https:\/\/www.wallamascotas.com\/web3\/wp-content\/uploads\/2018\/10\/banner_publicidad_wallamascotas_no_compres-1-600x112.jpg 600w\" sizes=\"auto, (max-width: 750px) 100vw, 750px\" \/><\/a><\/p>\n<p><a href=\"http:\/\/www.wallamascotas.com\/web3\/wp-content\/uploads\/2018\/10\/banner_colabora.jpg\"><img loading=\"lazy\" decoding=\"async\" class=\"alignnone size-full wp-image-7179\" src=\"http:\/\/www.wallamascotas.com\/web3\/wp-content\/uploads\/2018\/10\/banner_colabora.jpg\" alt=\"\" width=\"750\" height=\"140\" srcset=\"https:\/\/www.wallamascotas.com\/web3\/wp-content\/uploads\/2018\/10\/banner_colabora.jpg 750w, https:\/\/www.wallamascotas.com\/web3\/wp-content\/uploads\/2018\/10\/banner_colabora-300x56.jpg 300w, https:\/\/www.wallamascotas.com\/web3\/wp-content\/uploads\/2018\/10\/banner_colabora-600x112.jpg 600w\" sizes=\"auto, (max-width: 750px) 100vw, 750px\" \/><\/a><\/p>\n<div class=\"fb-page\" data-href=\"https:\/\/www.facebook.com\/wallamascotas\" data-width=\"340\" data-hide-cover=\"false\" data-show-facepile=\"true\"><\/div>\n","protected":false},"excerpt":{"rendered":"<p style=\"text-align: justify;\"><span style=\"color: #33cccc;\"><strong>ADOPTADA.<\/strong><\/span> Nuestra princesa<\/p>\n","protected":false},"featured_media":0,"template":"","meta":{"_acf_changed":false},"product_brand":[],"product_cat":[51,1000],"product_tag":[],"class_list":{"0":"post-4482","1":"product","2":"type-product","3":"status-publish","5":"product_cat-adoptados","6":"product_cat-adoptar-perro-gato-adoptar-mascota-es","7":"pa_chip-si","8":"pa_fecha_nacimiento-3-anos-y-medio","9":"pa_fecha-alta-11-5-2018","10":"pa_origen-asociacion-el-sueno-de-mufie","11":"pa_pais-espana","12":"pa_provincia-sevilla","13":"pa_tamano-c","15":"first","16":"instock","17":"taxable","18":"shipping-taxable","19":"product-type-simple"},"acf":[],"_links":{"self":[{"href":"https:\/\/www.wallamascotas.com\/web3\/wp-json\/wp\/v2\/product\/4482","targetHints":{"allow":["GET"]}}],"collection":[{"href":"https:\/\/www.wallamascotas.com\/web3\/wp-json\/wp\/v2\/product"}],"about":[{"href":"https:\/\/www.wallamascotas.com\/web3\/wp-json\/wp\/v2\/types\/product"}],"wp:attachment":[{"href":"https:\/\/www.wallamascotas.com\/web3\/wp-json\/wp\/v2\/media?parent=4482"}],"wp:term":[{"taxonomy":"product_brand","embeddable":true,"href":"https:\/\/www.wallamascotas.com\/web3\/wp-json\/wp\/v2\/product_brand?post=4482"},{"taxonomy":"product_cat","embeddable":true,"href":"https:\/\/www.wallamascotas.com\/web3\/wp-json\/wp\/v2\/product_cat?post=4482"},{"taxonomy":"product_tag","embeddable":true,"href":"https:\/\/www.wallamascotas.com\/web3\/wp-json\/wp\/v2\/product_tag?post=4482"}],"curies":[{"name":"wp","href":"https:\/\/api.w.org\/{rel}","templated":true}]}}

NAVIDAD – 3 AÑOS

<p><a href="http://www.wallamascotas.com/web3/wp-content/uploads/2018/10/banner_publicidad_wallamascotas_colabora2-1.jpg"><img loading="lazy" decoding="async" class="alignnone size-full wp-image-7248" src="http://www.wallamascotas.com/web3/wp-content/uploads/2018/10/banner_publicidad_wallamascotas_colabora2-1.jpg" alt="" width="750" height="220" /></a></p>
<p><span style="color: #33cccc; font-size: 130%;"><strong>ADOPTADA</strong></span></p>
<p style="text-align: center;">Navidad, galga de 3 años y medio y 22 kilos de puro amor.</p>
<p style="text-align: center;">Esta hermosa galguita, fue recogida el día de navidad en la localidad vecina de Lantejuela, de ahí su nombre.</p>
<p style="text-align: center;">Estaba en un estado muy mal, caquexica, llena de pulgas y garrapatas y con unas heridas en su famélico cuerpo que desprendían un olor muy fuerte.</p>
<p style="text-align: center;">Tenía unos abscesos en sus patitas de atrás que estaban necrosado e incluso se podía ver el hueso.</p>
<p style="text-align: center;">De inmediato se llevo a la clínica donde tuvo que ser ingresada del estado tan delicado en el que se encontraba.</p>
<p style="text-align: center;">Aquí podéis ver el álbum de su rescate:<br />
https://www.facebook.com/media/set/?set=a.2076981559189613.1073741882.1927676094120161&amp;type=1&amp;l=f28bfe461f</p>
<p style="text-align: center;">Poco a poco navidad fue cogiendo fuerzas y recuperándose, hoy 5 meses después, nuestra princesa es lo que siempre debió ser, una galga impactante, gordita, y feliz&#8230;</p>
<p style="text-align: center;">Y ya es hora de que es felicidad sea completada con una hermosa familia.</p>
<p style="text-align: center;">Es sociable con otros perros y GATOS.</p>
<p style="text-align: center;">Se entrega con contrato de adopción y posterior seguimiento.</p>
<p style="text-align: center;">Se encuentra en sevilla pero puede viajar.</p>
<p><a href="http://www.wallamascotas.com/web3/wp-content/uploads/2018/10/banner_publicidad_wallamascotas_no_compres-1.jpg"><img loading="lazy" decoding="async" class="alignnone size-full wp-image-7183" src="http://www.wallamascotas.com/web3/wp-content/uploads/2018/10/banner_publicidad_wallamascotas_no_compres-1.jpg" alt="" width="750" height="140" srcset="https://www.wallamascotas.com/web3/wp-content/uploads/2018/10/banner_publicidad_wallamascotas_no_compres-1.jpg 750w, https://www.wallamascotas.com/web3/wp-content/uploads/2018/10/banner_publicidad_wallamascotas_no_compres-1-300x56.jpg 300w, https://www.wallamascotas.com/web3/wp-content/uploads/2018/10/banner_publicidad_wallamascotas_no_compres-1-600x112.jpg 600w" sizes="auto, (max-width: 750px) 100vw, 750px" /></a></p>
<p><a href="http://www.wallamascotas.com/web3/wp-content/uploads/2018/10/banner_colabora.jpg"><img loading="lazy" decoding="async" class="alignnone size-full wp-image-7179" src="http://www.wallamascotas.com/web3/wp-content/uploads/2018/10/banner_colabora.jpg" alt="" width="750" height="140" srcset="https://www.wallamascotas.com/web3/wp-content/uploads/2018/10/banner_colabora.jpg 750w, https://www.wallamascotas.com/web3/wp-content/uploads/2018/10/banner_colabora-300x56.jpg 300w, https://www.wallamascotas.com/web3/wp-content/uploads/2018/10/banner_colabora-600x112.jpg 600w" sizes="auto, (max-width: 750px) 100vw, 750px" /></a></p>
<div class="fb-page" data-href="https://www.facebook.com/wallamascotas" data-width="340" data-hide-cover="false" data-show-facepile="true"></div>
