{"id":4494,"date":"2018-05-14T10:28:43","date_gmt":"2018-05-14T10:28:43","guid":{"rendered":"http:\/\/www.wallamascotas.com\/web3\/?post_type=product&#038;p=4494"},"modified":"2026-03-25T18:20:09","modified_gmt":"2026-03-25T18:20:09","slug":"elina-3-anos-valencia","status":"publish","type":"product","link":"https:\/\/www.wallamascotas.com\/web3\/mascota\/elina-3-anos-valencia\/","title":{"rendered":"ELINA \u2013 3 A\u00d1OS"},"content":{"rendered":"<p><span style=\"color: #33cccc; font-size: 130%;\"><strong>ADOPTADA<\/strong><\/span><\/p>\n<p style=\"text-align: justify;\">Elina, es la revoluci\u00f3n del centro de acogida, es s\u00daper simp\u00e1tica, muy efusiva y cari\u00f1osa.<br \/>\nSu aspecto general es bueno, esta desparasitada y vacunada, muy sociable con otros perritos, puede estar en los parques sin problemas.<br \/>\nBuscamos una adopcion responsable para ella.<\/p>\n<p style=\"text-align: justify;\">Recordamos que la adopcion es gratuita, pero adoptante abonara los gastos veterinarios de identificaci\u00f3n y esterilizaci\u00f3n No son negociables!!<\/p>\n<p style=\"text-align: justify;\">Ahora ya puedes solicitar el cuestionario pre-adopci\u00f3n Contacta con nosotros<\/p>\n","protected":false},"excerpt":{"rendered":"<p style=\"text-align: justify;\"><span style=\"color: #33cccc;\"><strong>ADOPTADA.<\/strong><\/span> Es s\u00faper simp\u00e1tica, muy efusiva y cari\u00f1osa<\/p>\n","protected":false},"featured_media":0,"template":"","meta":{"_acf_changed":false},"product_brand":[],"product_cat":[51,1000],"product_tag":[],"class_list":{"0":"post-4494","1":"product","2":"type-product","3":"status-publish","5":"product_cat-adoptados","6":"product_cat-adoptar-perro-gato-adoptar-mascota-es","7":"pa_chip-no","8":"pa_fecha_nacimiento-3-anos","9":"pa_fecha-alta-14-5-2018","10":"pa_origen-a-p-a-la-canera","11":"pa_pais-espana","12":"pa_provincia-valencia","13":"pa_tamano-a","15":"first","16":"instock","17":"taxable","18":"shipping-taxable","19":"product-type-simple"},"acf":[],"_links":{"self":[{"href":"https:\/\/www.wallamascotas.com\/web3\/wp-json\/wp\/v2\/product\/4494","targetHints":{"allow":["GET"]}}],"collection":[{"href":"https:\/\/www.wallamascotas.com\/web3\/wp-json\/wp\/v2\/product"}],"about":[{"href":"https:\/\/www.wallamascotas.com\/web3\/wp-json\/wp\/v2\/types\/product"}],"wp:attachment":[{"href":"https:\/\/www.wallamascotas.com\/web3\/wp-json\/wp\/v2\/media?parent=4494"}],"wp:term":[{"taxonomy":"product_brand","embeddable":true,"href":"https:\/\/www.wallamascotas.com\/web3\/wp-json\/wp\/v2\/product_brand?post=4494"},{"taxonomy":"product_cat","embeddable":true,"href":"https:\/\/www.wallamascotas.com\/web3\/wp-json\/wp\/v2\/product_cat?post=4494"},{"taxonomy":"product_tag","embeddable":true,"href":"https:\/\/www.wallamascotas.com\/web3\/wp-json\/wp\/v2\/product_tag?post=4494"}],"curies":[{"name":"wp","href":"https:\/\/api.w.org\/{rel}","templated":true}]}}

ELINA – 3 AÑOS

<p><span style="color: #33cccc; font-size: 130%;"><strong>ADOPTADA</strong></span></p>
<p style="text-align: justify;">Elina, es la revolución del centro de acogida, es sÚper simpática, muy efusiva y cariñosa.<br />
Su aspecto general es bueno, esta desparasitada y vacunada, muy sociable con otros perritos, puede estar en los parques sin problemas.<br />
Buscamos una adopcion responsable para ella.</p>
<p style="text-align: justify;">Recordamos que la adopcion es gratuita, pero adoptante abonara los gastos veterinarios de identificación y esterilización No son negociables!!</p>
<p style="text-align: justify;">Ahora ya puedes solicitar el cuestionario pre-adopción Contacta con nosotros</p>

<p style="text-align: justify;"><span style="color: #33cccc;"><strong>ADOPTADA.</strong></span> Es súper simpática, muy efusiva y cariñosa</p>
