{"id":46678,"date":"2025-09-01T11:53:55","date_gmt":"2025-09-01T11:53:55","guid":{"rendered":"https:\/\/www.wallamascotas.com\/web3\/?post_type=product&#038;p=46678"},"modified":"2025-09-01T11:53:56","modified_gmt":"2025-09-01T11:53:56","slug":"valt-mallorca","status":"publish","type":"product","link":"https:\/\/www.wallamascotas.com\/web3\/mascota\/valt-mallorca\/","title":{"rendered":"VALT"},"content":{"rendered":"<p>VALT PASTOR MALLORQUIN (CA DE BESTIAR)<\/p>\n<p>VALT\u00a0 es extraordinariamente cari\u00f1oso, paciente con los ni\u00f1os\u00a0 y muy familiar, pero a la vez guardi\u00e1n de su casa. Ronda los 45 kilos, en muy buen estado de salud, es inteligente y muy fiel.<\/p>\n<p>Habituado a estar<a href=\"https:\/\/www.wallamascotas.com\/web3\/wp-content\/uploads\/2025\/09\/IMG-20250823-WA0018.jpg\"><img decoding=\"async\" class=\"attachment-thumbnail size-thumbnail alignleft\" src=\"https:\/\/www.wallamascotas.com\/web3\/wp-content\/uploads\/2025\/09\/IMG-20250823-WA0018-150x150.jpg\" alt=\"\" \/><\/a><a href=\"https:\/\/www.wallamascotas.com\/web3\/wp-content\/uploads\/2025\/09\/IMG-20250330-WA0026.jpg\"><img decoding=\"async\" class=\"attachment-thumbnail size-thumbnail alignleft\" src=\"https:\/\/www.wallamascotas.com\/web3\/wp-content\/uploads\/2025\/09\/IMG-20250330-WA0026-150x150.jpg\" alt=\"\" \/><\/a> al aire libre y hacer alguna excursi\u00f3n, le encanta la monta\u00f1a y nadar en la playa! Habituado a estar al aire libre y hacer alguna excursi\u00f3n, le encanta la monta\u00f1a y nadar en la playa!<\/p>\n<ul class=\"wpuf_customs\">            <li class=\"wpuf-field-data wpuf-field-data-radio_field\">\n                                    <label>Tipo:<\/label>\n                                Perro            <\/li>\n                    <li class=\"wpuf-field-data wpuf-field-data-radio_field\">\n                                    <label>Es un perro:<\/label>\n                                Cari\u00f1oso            <\/li>\n                    <li class=\"wpuf-field-data wpuf-field-data-radio_field\">\n                                    <label>Amigable con perros:<\/label>\n                                Es amigo de tod@s            <\/li>\n                    <li class=\"wpuf-field-data wpuf-field-data-radio_field\">\n                                    <label>Con personas extra\u00f1as:<\/label>\n                                Amigable            <\/li>\n                    <li class=\"wpuf-field-data wpuf-field-data-radio_field\">\n                                    <label>Ladrador:<\/label>\n                                Calladito            <\/li>\n                    <li class=\"wpuf-field-data wpuf-field-data-radio_field\">\n                                    <label>Necesita licencia PPP:<\/label>\n                                NO            <\/li>\n                    <li class=\"wpuf-field-data wpuf-field-data-checkbox_field\">\n                                    <label>Enfermedades:<\/label>\n                                Ninguna            <\/li>\n                    <li class=\"wpuf-field-data wpuf-field-data-checkbox_field\">\n                                    <label>Se entrega:<\/label>\n                                Con cartilla sanitaria | Vacunado | Esterilizado | Desparasitado | Microchip            <\/li>\n                    <li class=\"wpuf-field-data wpuf-field-data-checkbox_field\">\n                                    <label>M\u00e1s informaci\u00f3n:<\/label>\n                                Bueno con perros | Bueno con gatos | Bueno con ni\u00f1os | Bueno en casa | Bueno en el coche | Le gusta pasear | Obediente | Independiente            <\/li>\n                    <li class=\"wpuf-field-data wpuf-field-data-radio_field\">\n                                    <label>Se env\u00eda la mascota:<\/label>\n                                SI            <\/li>\n                    <li class=\"wpuf-field-data wpuf-field-data-radio_field\">\n                                    <label>En caso de env\u00edo, detallar:<\/label>\n                                A otra CCAA espa\u00f1ola            <\/li>\n                    <li class=\"wpuf-field-data wpuf-field-data-radio_field\">\n                                    <label>Origen:<\/label>\n                                Particular            <\/li>\n        <li><label>Fecha de publicaci\u00f3n:<\/label> 01\/09\/2025 00:00<\/li>            <li class=\"wpuf-field-data wpuf-field-data-radio_field\">\n                                    <label>La mascota ha sido adoptada:<\/label>\n                                NO            <\/li>\n                    <li class=\"wpuf-field-data wpuf-field-data-email_address\">\n                                    <label>Direcci\u00f3n de correo:<\/label>\n                                <a href=\"mailto:noemirs77@hotmail.com\">noemirs77@hotmail.com<\/a>            <\/li>\n                    <li class=\"wpuf-field-data wpuf-field-data-numeric_text_field\">\n                                    <label>Tel\u00e9fono:<\/label>\n                                661714737            <\/li>\n        <\/ul>","protected":false},"excerpt":{"rendered":"<p>VALT PASTOR MALLORQUIN (CA DE BESTIAR) VALT\u00a0 es extraordinariamente cari\u00f1oso, paciente con los ni\u00f1os\u00a0 y muy familiar, pero a la vez guardi\u00e1n de su casa. Ronda los 45 kilos, en muy buen estado de salud, es inteligente y muy fiel. Habituado a estar al aire libre y hacer alguna excursi\u00f3n, le encanta la monta\u00f1a y [&#8230;]\n","protected":false},"featured_media":46675,"template":"","meta":{"_acf_changed":false},"product_brand":[],"product_cat":[15,1000],"product_tag":[],"class_list":{"0":"post-46678","1":"product","2":"type-product","3":"status-publish","4":"has-post-thumbnail","6":"product_cat-adoptar_perro_adoptar_mascota","7":"product_cat-adoptar-perro-gato-adoptar-mascota-es","8":"pa_edad-b","9":"pa_fecha-nacimiento-ano-3399","10":"pa_fecha-nacimiento-mes-11-noviembre","11":"pa_provincia-espana-baleares-mallorca","12":"pa_raza-pastor-vasco-catalan","13":"pa_sexo-macho","14":"pa_tamano-d","16":"first","17":"instock","18":"taxable","19":"shipping-taxable","20":"product-type-simple"},"acf":[],"_links":{"self":[{"href":"https:\/\/www.wallamascotas.com\/web3\/wp-json\/wp\/v2\/product\/46678","targetHints":{"allow":["GET"]}}],"collection":[{"href":"https:\/\/www.wallamascotas.com\/web3\/wp-json\/wp\/v2\/product"}],"about":[{"href":"https:\/\/www.wallamascotas.com\/web3\/wp-json\/wp\/v2\/types\/product"}],"wp:featuredmedia":[{"embeddable":true,"href":"https:\/\/www.wallamascotas.com\/web3\/wp-json\/wp\/v2\/media\/46675"}],"wp:attachment":[{"href":"https:\/\/www.wallamascotas.com\/web3\/wp-json\/wp\/v2\/media?parent=46678"}],"wp:term":[{"taxonomy":"product_brand","embeddable":true,"href":"https:\/\/www.wallamascotas.com\/web3\/wp-json\/wp\/v2\/product_brand?post=46678"},{"taxonomy":"product_cat","embeddable":true,"href":"https:\/\/www.wallamascotas.com\/web3\/wp-json\/wp\/v2\/product_cat?post=46678"},{"taxonomy":"product_tag","embeddable":true,"href":"https:\/\/www.wallamascotas.com\/web3\/wp-json\/wp\/v2\/product_tag?post=46678"}],"curies":[{"name":"wp","href":"https:\/\/api.w.org\/{rel}","templated":true}]}}

<p>VALT PASTOR MALLORQUIN (CA DE BESTIAR)</p>
<p>VALT  es extraordinariamente cariñoso, paciente con los niños  y muy familiar, pero a la vez guardián de su casa. Ronda los 45 kilos, en muy buen estado de salud, es inteligente y muy fiel.</p>
<p>Habituado a estar<a href="https://www.wallamascotas.com/web3/wp-content/uploads/2025/09/IMG-20250823-WA0018.jpg"><img decoding="async" class="attachment-thumbnail size-thumbnail alignleft" src="https://www.wallamascotas.com/web3/wp-content/uploads/2025/09/IMG-20250823-WA0018-150x150.jpg" alt="" /></a><a href="https://www.wallamascotas.com/web3/wp-content/uploads/2025/09/IMG-20250330-WA0026.jpg"><img decoding="async" class="attachment-thumbnail size-thumbnail alignleft" src="https://www.wallamascotas.com/web3/wp-content/uploads/2025/09/IMG-20250330-WA0026-150x150.jpg" alt="" /></a> al aire libre y hacer alguna excursión, le encanta la montaña y nadar en la playa! Habituado a estar al aire libre y hacer alguna excursión, le encanta la montaña y nadar en la playa!</p>
<ul class="wpuf_customs">            <li class="wpuf-field-data wpuf-field-data-radio_field">
                                    <label>Tipo:</label>
                                Perro            </li>
                    <li class="wpuf-field-data wpuf-field-data-radio_field">
                                    <label>Es un perro:</label>
                                Cariñoso            </li>
                    <li class="wpuf-field-data wpuf-field-data-radio_field">
                                    <label>Amigable con perros:</label>
                                Es amigo de tod@s            </li>
                    <li class="wpuf-field-data wpuf-field-data-radio_field">
                                    <label>Con personas extrañas:</label>
                                Amigable            </li>
                    <li class="wpuf-field-data wpuf-field-data-radio_field">
                                    <label>Ladrador:</label>
                                Calladito            </li>
                    <li class="wpuf-field-data wpuf-field-data-radio_field">
                                    <label>Necesita licencia PPP:</label>
                                NO            </li>
                    <li class="wpuf-field-data wpuf-field-data-checkbox_field">
                                    <label>Enfermedades:</label>
                                Ninguna            </li>
                    <li class="wpuf-field-data wpuf-field-data-checkbox_field">
                                    <label>Se entrega:</label>
                                Con cartilla sanitaria | Vacunado | Esterilizado | Desparasitado | Microchip            </li>
                    <li class="wpuf-field-data wpuf-field-data-checkbox_field">
                                    <label>Más información:</label>
                                Bueno con perros | Bueno con gatos | Bueno con niños | Bueno en casa | Bueno en el coche | Le gusta pasear | Obediente | Independiente            </li>
                    <li class="wpuf-field-data wpuf-field-data-radio_field">
                                    <label>Se envía la mascota:</label>
                                SI            </li>
                    <li class="wpuf-field-data wpuf-field-data-radio_field">
                                    <label>En caso de envío, detallar:</label>
                                A otra CCAA española            </li>
                    <li class="wpuf-field-data wpuf-field-data-radio_field">
                                    <label>Origen:</label>
                                Particular            </li>
        <li><label>Fecha de publicación:</label> 01/09/2025 00:00</li>            <li class="wpuf-field-data wpuf-field-data-radio_field">
                                    <label>La mascota ha sido adoptada:</label>
                                NO            </li>
                    <li class="wpuf-field-data wpuf-field-data-email_address">
                                    <label>Dirección de correo:</label>
                                <a href="mailto:noemirs77@hotmail.com">noemirs77@hotmail.com</a>            </li>
                    <li class="wpuf-field-data wpuf-field-data-numeric_text_field">
                                    <label>Teléfono:</label>
                                661714737            </li>
        </ul>

<p>VALT PASTOR MALLORQUIN (CA DE BESTIAR) VALT  es extraordinariamente cariñoso, paciente con los niños  y muy familiar, pero a la vez guardián de su casa. Ronda los 45 kilos, en muy buen estado de salud, es inteligente y muy fiel. Habituado a estar al aire libre y hacer alguna excursión, le encanta la montaña y [&#8230;]
