{"id":46909,"date":"2025-09-08T19:18:35","date_gmt":"2025-09-08T19:18:35","guid":{"rendered":"https:\/\/www.wallamascotas.com\/web3\/?post_type=product&#038;p=46909"},"modified":"2025-09-08T19:18:36","modified_gmt":"2025-09-08T19:18:36","slug":"buju-mallorca","status":"publish","type":"product","link":"https:\/\/www.wallamascotas.com\/web3\/mascota\/buju-mallorca\/","title":{"rendered":"BUJU"},"content":{"rendered":"<ul>\n<li><a href=\"https:\/\/www.wallamascotas.com\/web3\/wp-content\/uploads\/2025\/09\/c6490b42-752c-436f-9b67-710c1bf44c1c.jpeg\"><img decoding=\"async\" class=\"attachment-thumbnail size-thumbnail\" src=\"https:\/\/www.wallamascotas.com\/web3\/wp-content\/uploads\/2025\/09\/c6490b42-752c-436f-9b67-710c1bf44c1c-150x150.jpeg\" alt=\"\" \/><\/a><\/li>\n<li>Por causas personales tengo que poner en adopci\u00f3n a uno de mis perros Buju, es un American Bully XL con sangre de Bossy Kennel y DDK9. Papeles ABKC, pruebas de salud vacunado y desparasitado. Tengo a su madre tambien y \u00e9l es uno de los cachorros de la camada que hice. Me equivoqu\u00e9 al quedarmelo por que ahora no me es viable quedarmelo ya que tengo 3 hijos menores de 5 a\u00f1os y tengo que mudarme de casa etc. no tengo el tiempo que \u00e9l se merece. Es un perro muy bueno, que necesita una familia que le de mucho amor. Aqui dejo mi numero, si te interesa ponte en contacto conmigo. Se encuentra en Mallorca. Se har\u00e1n pruebas de bienestar antes de nada. Gracias.<\/li>\n<\/ul>\n<ul class=\"wpuf_customs\">            <li class=\"wpuf-field-data wpuf-field-data-radio_field\">\n                                    <label>Tipo:<\/label>\n                                Perro            <\/li>\n                    <li class=\"wpuf-field-data wpuf-field-data-radio_field\">\n                                    <label>Es un perro:<\/label>\n                                Cari\u00f1oso            <\/li>\n                    <li class=\"wpuf-field-data wpuf-field-data-radio_field\">\n                                    <label>Amigable con perros:<\/label>\n                                Solo con perros            <\/li>\n                    <li class=\"wpuf-field-data wpuf-field-data-radio_field\">\n                                    <label>Con personas extra\u00f1as:<\/label>\n                                Amigable            <\/li>\n                    <li class=\"wpuf-field-data wpuf-field-data-radio_field\">\n                                    <label>Ladrador:<\/label>\n                                Con timbre y poco m\u00e1s            <\/li>\n                    <li class=\"wpuf-field-data wpuf-field-data-radio_field\">\n                                    <label>Necesita licencia PPP:<\/label>\n                                NO            <\/li>\n                    <li class=\"wpuf-field-data wpuf-field-data-checkbox_field\">\n                                    <label>Enfermedades:<\/label>\n                                Ninguna            <\/li>\n                    <li class=\"wpuf-field-data wpuf-field-data-checkbox_field\">\n                                    <label>Se entrega:<\/label>\n                                Vacunado | Desparasitado | Microchip            <\/li>\n                    <li class=\"wpuf-field-data wpuf-field-data-checkbox_field\">\n                                    <label>M\u00e1s informaci\u00f3n:<\/label>\n                                Bueno con perros | Bueno con ni\u00f1os | Bueno en casa | Bueno en el coche | Le gusta pasear | Obediente | Escapista            <\/li>\n                    <li class=\"wpuf-field-data wpuf-field-data-radio_field\">\n                                    <label>Se env\u00eda la mascota:<\/label>\n                                NO            <\/li>\n                    <li class=\"wpuf-field-data wpuf-field-data-radio_field\">\n                                    <label>Origen:<\/label>\n                                Particular            <\/li>\n        <li><label>Fecha de publicaci\u00f3n:<\/label> 07\/09\/2025 19:00<\/li>            <li class=\"wpuf-field-data wpuf-field-data-radio_field\">\n                                    <label>La mascota ha sido adoptada:<\/label>\n                                NO            <\/li>\n                    <li class=\"wpuf-field-data wpuf-field-data-email_address\">\n                                    <label>Direcci\u00f3n de correo:<\/label>\n                                <a href=\"mailto:dylanibiza1612@hotmail.com\">dylanibiza1612@hotmail.com<\/a>            <\/li>\n                    <li class=\"wpuf-field-data wpuf-field-data-numeric_text_field\">\n                                    <label>Tel\u00e9fono:<\/label>\n                                643533297            <\/li>\n        <\/ul>","protected":false},"excerpt":{"rendered":"<p>Por causas personales tengo que poner en adopci\u00f3n a uno de mis perros Buju, es un American Bully XL con sangre de Bossy Kennel y DDK9. Papeles ABKC, pruebas de salud vacunado y desparasitado. Tengo a su madre tambien y \u00e9l es uno de los cachorros de la camada que hice. Me equivoqu\u00e9 al quedarmelo [&#8230;]\n","protected":false},"featured_media":46907,"template":"","meta":{"_acf_changed":false},"product_brand":[],"product_cat":[15,1000],"product_tag":[],"class_list":{"0":"post-46909","1":"product","2":"type-product","3":"status-publish","4":"has-post-thumbnail","6":"product_cat-adoptar_perro_adoptar_mascota","7":"product_cat-adoptar-perro-gato-adoptar-mascota-es","8":"pa_edad-b","9":"pa_fecha-nacimiento-ano-3473","10":"pa_fecha-nacimiento-mes-05-mayo","11":"pa_provincia-espana-baleares-mallorca","12":"pa_raza-american-bully","13":"pa_sexo-macho","14":"pa_tamano-d","16":"first","17":"instock","18":"taxable","19":"shipping-taxable","20":"product-type-simple"},"acf":[],"_links":{"self":[{"href":"https:\/\/www.wallamascotas.com\/web3\/wp-json\/wp\/v2\/product\/46909","targetHints":{"allow":["GET"]}}],"collection":[{"href":"https:\/\/www.wallamascotas.com\/web3\/wp-json\/wp\/v2\/product"}],"about":[{"href":"https:\/\/www.wallamascotas.com\/web3\/wp-json\/wp\/v2\/types\/product"}],"wp:featuredmedia":[{"embeddable":true,"href":"https:\/\/www.wallamascotas.com\/web3\/wp-json\/wp\/v2\/media\/46907"}],"wp:attachment":[{"href":"https:\/\/www.wallamascotas.com\/web3\/wp-json\/wp\/v2\/media?parent=46909"}],"wp:term":[{"taxonomy":"product_brand","embeddable":true,"href":"https:\/\/www.wallamascotas.com\/web3\/wp-json\/wp\/v2\/product_brand?post=46909"},{"taxonomy":"product_cat","embeddable":true,"href":"https:\/\/www.wallamascotas.com\/web3\/wp-json\/wp\/v2\/product_cat?post=46909"},{"taxonomy":"product_tag","embeddable":true,"href":"https:\/\/www.wallamascotas.com\/web3\/wp-json\/wp\/v2\/product_tag?post=46909"}],"curies":[{"name":"wp","href":"https:\/\/api.w.org\/{rel}","templated":true}]}}

<ul>
<li><a href="https://www.wallamascotas.com/web3/wp-content/uploads/2025/09/c6490b42-752c-436f-9b67-710c1bf44c1c.jpeg"><img decoding="async" class="attachment-thumbnail size-thumbnail" src="https://www.wallamascotas.com/web3/wp-content/uploads/2025/09/c6490b42-752c-436f-9b67-710c1bf44c1c-150x150.jpeg" alt="" /></a></li>
<li>Por causas personales tengo que poner en adopción a uno de mis perros Buju, es un American Bully XL con sangre de Bossy Kennel y DDK9. Papeles ABKC, pruebas de salud vacunado y desparasitado. Tengo a su madre tambien y él es uno de los cachorros de la camada que hice. Me equivoqué al quedarmelo por que ahora no me es viable quedarmelo ya que tengo 3 hijos menores de 5 años y tengo que mudarme de casa etc. no tengo el tiempo que él se merece. Es un perro muy bueno, que necesita una familia que le de mucho amor. Aqui dejo mi numero, si te interesa ponte en contacto conmigo. Se encuentra en Mallorca. Se harán pruebas de bienestar antes de nada. Gracias.</li>
</ul>
<ul class="wpuf_customs">            <li class="wpuf-field-data wpuf-field-data-radio_field">
                                    <label>Tipo:</label>
                                Perro            </li>
                    <li class="wpuf-field-data wpuf-field-data-radio_field">
                                    <label>Es un perro:</label>
                                Cariñoso            </li>
                    <li class="wpuf-field-data wpuf-field-data-radio_field">
                                    <label>Amigable con perros:</label>
                                Solo con perros            </li>
                    <li class="wpuf-field-data wpuf-field-data-radio_field">
                                    <label>Con personas extrañas:</label>
                                Amigable            </li>
                    <li class="wpuf-field-data wpuf-field-data-radio_field">
                                    <label>Ladrador:</label>
                                Con timbre y poco más            </li>
                    <li class="wpuf-field-data wpuf-field-data-radio_field">
                                    <label>Necesita licencia PPP:</label>
                                NO            </li>
                    <li class="wpuf-field-data wpuf-field-data-checkbox_field">
                                    <label>Enfermedades:</label>
                                Ninguna            </li>
                    <li class="wpuf-field-data wpuf-field-data-checkbox_field">
                                    <label>Se entrega:</label>
                                Vacunado | Desparasitado | Microchip            </li>
                    <li class="wpuf-field-data wpuf-field-data-checkbox_field">
                                    <label>Más información:</label>
                                Bueno con perros | Bueno con niños | Bueno en casa | Bueno en el coche | Le gusta pasear | Obediente | Escapista            </li>
                    <li class="wpuf-field-data wpuf-field-data-radio_field">
                                    <label>Se envía la mascota:</label>
                                NO            </li>
                    <li class="wpuf-field-data wpuf-field-data-radio_field">
                                    <label>Origen:</label>
                                Particular            </li>
        <li><label>Fecha de publicación:</label> 07/09/2025 19:00</li>            <li class="wpuf-field-data wpuf-field-data-radio_field">
                                    <label>La mascota ha sido adoptada:</label>
                                NO            </li>
                    <li class="wpuf-field-data wpuf-field-data-email_address">
                                    <label>Dirección de correo:</label>
                                <a href="mailto:dylanibiza1612@hotmail.com">dylanibiza1612@hotmail.com</a>            </li>
                    <li class="wpuf-field-data wpuf-field-data-numeric_text_field">
                                    <label>Teléfono:</label>
                                643533297            </li>
        </ul>

<p>Por causas personales tengo que poner en adopción a uno de mis perros Buju, es un American Bully XL con sangre de Bossy Kennel y DDK9. Papeles ABKC, pruebas de salud vacunado y desparasitado. Tengo a su madre tambien y él es uno de los cachorros de la camada que hice. Me equivoqué al quedarmelo [&#8230;]
