{"id":46994,"date":"2025-11-26T08:42:34","date_gmt":"2025-11-26T08:42:34","guid":{"rendered":"https:\/\/www.wallamascotas.com\/web3\/?post_type=product&#038;p=46994"},"modified":"2026-04-13T08:07:54","modified_gmt":"2026-04-13T08:07:54","slug":"arte-ciudad-real","status":"publish","type":"product","link":"https:\/\/www.wallamascotas.com\/web3\/mascota\/arte-ciudad-real\/","title":{"rendered":"Arte"},"content":{"rendered":"<p data-start=\"110\" data-end=\"377\">Su historia conmueve: fue abandonada cuando apenas abr\u00eda los ojos, enferma, desnutrida y con el cuerpecito cubierto de hongos. Sobrevivi\u00f3 casi de milagro, demostrando una valent\u00eda inmensa para alguien tan diminuto.<\/p>\n<p data-start=\"379\" data-end=\"540\">Hoy, esa bebita fr\u00e1gil se ha convertido en una gatita activa, juguetona y llena de vida. Nada le impide disfrutar, curiosear y repartir alegr\u00eda a su alrededor.<\/p>\n<p data-start=\"542\" data-end=\"868\">Arte tiene diagn\u00f3stico de leucemia felina, pero eso no le resta calidad de vida. Muy al contrario: en gatos j\u00f3venes como ella, detectada a tiempo, la leucemia no es una sentencia. Solo necesita controles, y mientras tanto demuestra cada d\u00eda que puede ser feliz. Puede convivir con perros y tambi\u00e9n con otros gatos positivos.<\/p>\n<p data-start=\"870\" data-end=\"1064\">Se entrega chipada, testada, vacunada y desparasitada.<br data-start=\"924\" data-end=\"927\" \/>Est\u00e1 en La Solana (Ciudad Real), pero contamos con transporte para llevarla hasta ese hogar donde por fin pueda crecer rodeada de amor.<\/p>\n<p data-start=\"870\" data-end=\"1064\"><a href=\"https:\/\/www.wallamascotas.com\/web3\/wp-content\/uploads\/2025\/09\/2-2.jpg\"><img decoding=\"async\" class=\"attachment-thumbnail size-thumbnail\" src=\"https:\/\/www.wallamascotas.com\/web3\/wp-content\/uploads\/2025\/09\/2-2-150x150.jpg\" alt=\"\" \/><\/a><\/p>\n<ul class=\"wpuf_customs\">            <li class=\"wpuf-field-data wpuf-field-data-radio_field\">\n                                    <label>Tipo:<\/label>\n                                Gato            <\/li>\n                    <li class=\"wpuf-field-data wpuf-field-data-radio_field\">\n                                    <label>Es un perro:<\/label>\n                                Cari\u00f1oso            <\/li>\n                    <li class=\"wpuf-field-data wpuf-field-data-radio_field\">\n                                    <label>Amigable con perros:<\/label>\n                                Desconocido            <\/li>\n                    <li class=\"wpuf-field-data wpuf-field-data-radio_field\">\n                                    <label>Con personas extra\u00f1as:<\/label>\n                                Desconocido            <\/li>\n                    <li class=\"wpuf-field-data wpuf-field-data-radio_field\">\n                                    <label>Ladrador:<\/label>\n                                Desconocido            <\/li>\n                    <li class=\"wpuf-field-data wpuf-field-data-radio_field\">\n                                    <label>Necesita licencia PPP:<\/label>\n                                NO            <\/li>\n                    <li class=\"wpuf-field-data wpuf-field-data-checkbox_field\">\n                                    <label>Enfermedades:<\/label>\n                                Positivo en Leucemia            <\/li>\n                    <li class=\"wpuf-field-data wpuf-field-data-checkbox_field\">\n                                    <label>Se entrega:<\/label>\n                                Con cartilla sanitaria | Vacunado | Esterilizado | Desparasitado | Microchip            <\/li>\n                    <li class=\"wpuf-field-data wpuf-field-data-checkbox_field\">\n                                    <label>M\u00e1s informaci\u00f3n:<\/label>\n                                Bueno con perros | Bueno con ni\u00f1os | Bueno en casa            <\/li>\n                    <li class=\"wpuf-field-data wpuf-field-data-radio_field\">\n                                    <label>Se env\u00eda la mascota:<\/label>\n                                SI            <\/li>\n                    <li class=\"wpuf-field-data wpuf-field-data-radio_field\">\n                                    <label>En caso de env\u00edo, detallar:<\/label>\n                                A otra CCAA espa\u00f1ola            <\/li>\n                    <li class=\"wpuf-field-data wpuf-field-data-radio_field\">\n                                    <label>Origen:<\/label>\n                                Asociaci\u00f3n            <\/li>\n        <li><label>Fecha de publicaci\u00f3n:<\/label> 09\/09\/2025 19:31<\/li>            <li class=\"wpuf-field-data wpuf-field-data-radio_field\">\n                                    <label>La mascota ha sido adoptada:<\/label>\n                                NO            <\/li>\n                    <li class=\"wpuf-field-data wpuf-field-data-email_address\">\n                                    <label>Direcci\u00f3n de correo:<\/label>\n                                <a href=\"mailto:asociacion3patas@gmail.com\">asociacion3patas@gmail.com<\/a>            <\/li>\n                    <li class=\"wpuf-field-data wpuf-field-data-numeric_text_field\">\n                                    <label>Tel\u00e9fono:<\/label>\n                                637949939            <\/li>\n        <\/ul>","protected":false},"excerpt":{"rendered":"<p>Su historia conmueve: fue abandonada cuando apenas abr\u00eda los ojos, enferma, desnutrida y con el cuerpecito cubierto de hongos. Sobrevivi\u00f3 casi de milagro, demostrando una valent\u00eda inmensa para alguien tan diminuto. Hoy, esa bebita fr\u00e1gil se ha convertido en una gatita activa, juguetona y llena de vida. Nada le impide disfrutar, curiosear y repartir alegr\u00eda [&#8230;]\n","protected":false},"featured_media":46992,"template":"","meta":{"_acf_changed":false},"product_brand":[],"product_cat":[16,1000],"product_tag":[],"class_list":{"0":"post-46994","1":"product","2":"type-product","3":"status-publish","4":"has-post-thumbnail","6":"product_cat-adoptargato","7":"product_cat-adoptar-perro-gato-adoptar-mascota-es","8":"pa_edad-b","9":"pa_fecha-nacimiento-ano-3473","10":"pa_fecha-nacimiento-mes-07-julio","11":"pa_origen-conciencia-animal-3-patas","12":"pa_provincia-ciudad-real","13":"pa_raza-gato-comun-europeo","14":"pa_sexo-hembra","15":"pa_tamano-b","17":"first","18":"instock","19":"taxable","20":"shipping-taxable","21":"product-type-simple"},"acf":[],"_links":{"self":[{"href":"https:\/\/www.wallamascotas.com\/web3\/wp-json\/wp\/v2\/product\/46994","targetHints":{"allow":["GET"]}}],"collection":[{"href":"https:\/\/www.wallamascotas.com\/web3\/wp-json\/wp\/v2\/product"}],"about":[{"href":"https:\/\/www.wallamascotas.com\/web3\/wp-json\/wp\/v2\/types\/product"}],"wp:featuredmedia":[{"embeddable":true,"href":"https:\/\/www.wallamascotas.com\/web3\/wp-json\/wp\/v2\/media\/46992"}],"wp:attachment":[{"href":"https:\/\/www.wallamascotas.com\/web3\/wp-json\/wp\/v2\/media?parent=46994"}],"wp:term":[{"taxonomy":"product_brand","embeddable":true,"href":"https:\/\/www.wallamascotas.com\/web3\/wp-json\/wp\/v2\/product_brand?post=46994"},{"taxonomy":"product_cat","embeddable":true,"href":"https:\/\/www.wallamascotas.com\/web3\/wp-json\/wp\/v2\/product_cat?post=46994"},{"taxonomy":"product_tag","embeddable":true,"href":"https:\/\/www.wallamascotas.com\/web3\/wp-json\/wp\/v2\/product_tag?post=46994"}],"curies":[{"name":"wp","href":"https:\/\/api.w.org\/{rel}","templated":true}]}}