{"id":47117,"date":"2025-09-12T22:39:48","date_gmt":"2025-09-12T22:39:48","guid":{"rendered":"https:\/\/www.wallamascotas.com\/web3\/?post_type=product&#038;p=47117"},"modified":"2026-04-12T16:43:48","modified_gmt":"2026-04-12T16:43:48","slug":"senda-ciudad-real","status":"publish","type":"product","link":"https:\/\/www.wallamascotas.com\/web3\/mascota\/senda-ciudad-real\/","title":{"rendered":"Senda"},"content":{"rendered":"<p data-start=\"101\" data-end=\"219\">Cuando encontramos a Senda, esta preciosa podenca iba coja, desnutrida y con muchos miedos. Hab\u00eda sufrido demasiado.<\/p>\n<p data-start=\"221\" data-end=\"500\">Tras una operaci\u00f3n de rodilla y meses de cuidados, hoy est\u00e1 totalmente recuperada f\u00edsicamente. Y lo m\u00e1s bonito es ver c\u00f3mo, poco a poco, tambi\u00e9n se recupera por dentro: cada d\u00eda conf\u00eda m\u00e1s, porque el amor sana, y Sendita ya sabe que nunca m\u00e1s ser\u00e1 tratada como una herramienta.<\/p>\n<p data-start=\"502\" data-end=\"684\">Es una perrita muy jovencita, llena de energ\u00eda y con muchas ganas de jugar. Busca una familia que disfrute de largos paseos, juegos y est\u00edmulos que la hagan sentirse plena y feliz.<\/p>\n<p data-start=\"686\" data-end=\"871\">Se entrega chipada, castrada, testada y completamente vacunada.<br data-start=\"749\" data-end=\"752\" \/>Est\u00e1 en La Solana (Ciudad Real), pero puede viajar a otras localizaciones para reunirse con su familia definitiva.<\/p>\n<p data-start=\"686\" data-end=\"871\"><a href=\"https:\/\/www.wallamascotas.com\/web3\/wp-content\/uploads\/2025\/09\/u9428-3-1.jpg\"><img decoding=\"async\" class=\"attachment-thumbnail size-thumbnail\" src=\"https:\/\/www.wallamascotas.com\/web3\/wp-content\/uploads\/2025\/09\/u9428-3-1-150x150.jpg\" alt=\"\" \/><\/a><a href=\"https:\/\/www.wallamascotas.com\/web3\/wp-content\/uploads\/2025\/09\/u9428-5.jpg\"><img decoding=\"async\" class=\"attachment-thumbnail size-thumbnail\" src=\"https:\/\/www.wallamascotas.com\/web3\/wp-content\/uploads\/2025\/09\/u9428-5-150x150.jpg\" alt=\"\" \/><\/a><a href=\"https:\/\/www.wallamascotas.com\/web3\/wp-content\/uploads\/2025\/09\/u9428-34.jpg\"><img decoding=\"async\" class=\"attachment-thumbnail size-thumbnail\" src=\"https:\/\/www.wallamascotas.com\/web3\/wp-content\/uploads\/2025\/09\/u9428-34-150x150.jpg\" alt=\"\" \/><\/a><a href=\"https:\/\/www.wallamascotas.com\/web3\/wp-content\/uploads\/2025\/09\/u9428-676472287714f2.728773051734636072.jpg\"><img decoding=\"async\" class=\"attachment-thumbnail size-thumbnail\" src=\"https:\/\/www.wallamascotas.com\/web3\/wp-content\/uploads\/2025\/09\/u9428-676472287714f2.728773051734636072-150x150.jpg\" alt=\"\" \/><\/a><\/p>\n<ul class=\"wpuf_customs\">            <li class=\"wpuf-field-data wpuf-field-data-radio_field\">\n                                    <label>Tipo:<\/label>\n                                Perro            <\/li>\n                    <li class=\"wpuf-field-data wpuf-field-data-radio_field\">\n                                    <label>Es un perro:<\/label>\n                                Nervioso            <\/li>\n                    <li class=\"wpuf-field-data wpuf-field-data-radio_field\">\n                                    <label>Amigable con perros:<\/label>\n                                Es amigo de tod@s            <\/li>\n                    <li class=\"wpuf-field-data wpuf-field-data-radio_field\">\n                                    <label>Con personas extra\u00f1as:<\/label>\n                                Desconocido            <\/li>\n                    <li class=\"wpuf-field-data wpuf-field-data-radio_field\">\n                                    <label>Ladrador:<\/label>\n                                Desconocido            <\/li>\n                    <li class=\"wpuf-field-data wpuf-field-data-radio_field\">\n                                    <label>Necesita licencia PPP:<\/label>\n                                NO            <\/li>\n                    <li class=\"wpuf-field-data wpuf-field-data-checkbox_field\">\n                                    <label>Enfermedades:<\/label>\n                                Ninguna            <\/li>\n                    <li class=\"wpuf-field-data wpuf-field-data-checkbox_field\">\n                                    <label>Se entrega:<\/label>\n                                Con cartilla sanitaria | Vacunado | Esterilizado | Desparasitado | Microchip            <\/li>\n                    <li class=\"wpuf-field-data wpuf-field-data-checkbox_field\">\n                                    <label>M\u00e1s informaci\u00f3n:<\/label>\n                                Bueno con perros | Bueno en casa | Le gusta pasear            <\/li>\n                    <li class=\"wpuf-field-data wpuf-field-data-radio_field\">\n                                    <label>Se env\u00eda la mascota:<\/label>\n                                SI            <\/li>\n                    <li class=\"wpuf-field-data wpuf-field-data-radio_field\">\n                                    <label>En caso de env\u00edo, detallar:<\/label>\n                                A otra CCAA espa\u00f1ola            <\/li>\n                    <li class=\"wpuf-field-data wpuf-field-data-radio_field\">\n                                    <label>Origen:<\/label>\n                                Asociaci\u00f3n            <\/li>\n        <li><label>Fecha de publicaci\u00f3n:<\/label> 12\/09\/2025 12:55<\/li>            <li class=\"wpuf-field-data wpuf-field-data-radio_field\">\n                                    <label>La mascota ha sido adoptada:<\/label>\n                                NO            <\/li>\n                    <li class=\"wpuf-field-data wpuf-field-data-email_address\">\n                                    <label>Direcci\u00f3n de correo:<\/label>\n                                <a href=\"mailto:asociacion3patas@gmail.com\">asociacion3patas@gmail.com<\/a>            <\/li>\n                    <li class=\"wpuf-field-data wpuf-field-data-numeric_text_field\">\n                                    <label>Tel\u00e9fono:<\/label>\n                                637949939            <\/li>\n        <\/ul>","protected":false},"excerpt":{"rendered":"<p>Cuando encontramos a Senda, esta preciosa podenca iba coja, desnutrida y con muchos miedos. Hab\u00eda sufrido demasiado. Tras una operaci\u00f3n de rodilla y meses de cuidados, hoy est\u00e1 totalmente recuperada f\u00edsicamente. Y lo m\u00e1s bonito es ver c\u00f3mo, poco a poco, tambi\u00e9n se recupera por dentro: cada d\u00eda conf\u00eda m\u00e1s, porque el amor sana, y [&#8230;]\n","protected":false},"featured_media":47112,"template":"","meta":{"_acf_changed":false},"product_brand":[],"product_cat":[15,1000],"product_tag":[],"class_list":{"0":"post-47117","1":"product","2":"type-product","3":"status-publish","4":"has-post-thumbnail","6":"product_cat-adoptar_perro_adoptar_mascota","7":"product_cat-adoptar-perro-gato-adoptar-mascota-es","8":"pa_edad-b","9":"pa_fecha-nacimiento-ano-3460","10":"pa_fecha-nacimiento-mes-12-diciembre","11":"pa_origen-conciencia-animal-3-patas","12":"pa_provincia-ciudad-real","13":"pa_raza-podenco","14":"pa_sexo-hembra","15":"pa_tamano-c","17":"first","18":"instock","19":"taxable","20":"shipping-taxable","21":"product-type-simple"},"acf":[],"_links":{"self":[{"href":"https:\/\/www.wallamascotas.com\/web3\/wp-json\/wp\/v2\/product\/47117","targetHints":{"allow":["GET"]}}],"collection":[{"href":"https:\/\/www.wallamascotas.com\/web3\/wp-json\/wp\/v2\/product"}],"about":[{"href":"https:\/\/www.wallamascotas.com\/web3\/wp-json\/wp\/v2\/types\/product"}],"wp:featuredmedia":[{"embeddable":true,"href":"https:\/\/www.wallamascotas.com\/web3\/wp-json\/wp\/v2\/media\/47112"}],"wp:attachment":[{"href":"https:\/\/www.wallamascotas.com\/web3\/wp-json\/wp\/v2\/media?parent=47117"}],"wp:term":[{"taxonomy":"product_brand","embeddable":true,"href":"https:\/\/www.wallamascotas.com\/web3\/wp-json\/wp\/v2\/product_brand?post=47117"},{"taxonomy":"product_cat","embeddable":true,"href":"https:\/\/www.wallamascotas.com\/web3\/wp-json\/wp\/v2\/product_cat?post=47117"},{"taxonomy":"product_tag","embeddable":true,"href":"https:\/\/www.wallamascotas.com\/web3\/wp-json\/wp\/v2\/product_tag?post=47117"}],"curies":[{"name":"wp","href":"https:\/\/api.w.org\/{rel}","templated":true}]}}

<p data-start="101" data-end="219">Cuando encontramos a Senda, esta preciosa podenca iba coja, desnutrida y con muchos miedos. Había sufrido demasiado.</p>
<p data-start="221" data-end="500">Tras una operación de rodilla y meses de cuidados, hoy está totalmente recuperada físicamente. Y lo más bonito es ver cómo, poco a poco, también se recupera por dentro: cada día confía más, porque el amor sana, y Sendita ya sabe que nunca más será tratada como una herramienta.</p>
<p data-start="502" data-end="684">Es una perrita muy jovencita, llena de energía y con muchas ganas de jugar. Busca una familia que disfrute de largos paseos, juegos y estímulos que la hagan sentirse plena y feliz.</p>
<p data-start="686" data-end="871">Se entrega chipada, castrada, testada y completamente vacunada.<br data-start="749" data-end="752" />Está en La Solana (Ciudad Real), pero puede viajar a otras localizaciones para reunirse con su familia definitiva.</p>
<p data-start="686" data-end="871"><a href="https://www.wallamascotas.com/web3/wp-content/uploads/2025/09/u9428-3-1.jpg"><img decoding="async" class="attachment-thumbnail size-thumbnail" src="https://www.wallamascotas.com/web3/wp-content/uploads/2025/09/u9428-3-1-150x150.jpg" alt="" /></a><a href="https://www.wallamascotas.com/web3/wp-content/uploads/2025/09/u9428-5.jpg"><img decoding="async" class="attachment-thumbnail size-thumbnail" src="https://www.wallamascotas.com/web3/wp-content/uploads/2025/09/u9428-5-150x150.jpg" alt="" /></a><a href="https://www.wallamascotas.com/web3/wp-content/uploads/2025/09/u9428-34.jpg"><img decoding="async" class="attachment-thumbnail size-thumbnail" src="https://www.wallamascotas.com/web3/wp-content/uploads/2025/09/u9428-34-150x150.jpg" alt="" /></a><a href="https://www.wallamascotas.com/web3/wp-content/uploads/2025/09/u9428-676472287714f2.728773051734636072.jpg"><img decoding="async" class="attachment-thumbnail size-thumbnail" src="https://www.wallamascotas.com/web3/wp-content/uploads/2025/09/u9428-676472287714f2.728773051734636072-150x150.jpg" alt="" /></a></p>
<ul class="wpuf_customs">            <li class="wpuf-field-data wpuf-field-data-radio_field">
                                    <label>Tipo:</label>
                                Perro            </li>
                    <li class="wpuf-field-data wpuf-field-data-radio_field">
                                    <label>Es un perro:</label>
                                Nervioso            </li>
                    <li class="wpuf-field-data wpuf-field-data-radio_field">
                                    <label>Amigable con perros:</label>
                                Es amigo de tod@s            </li>
                    <li class="wpuf-field-data wpuf-field-data-radio_field">
                                    <label>Con personas extrañas:</label>
                                Desconocido            </li>
                    <li class="wpuf-field-data wpuf-field-data-radio_field">
                                    <label>Ladrador:</label>
                                Desconocido            </li>
                    <li class="wpuf-field-data wpuf-field-data-radio_field">
                                    <label>Necesita licencia PPP:</label>
                                NO            </li>
                    <li class="wpuf-field-data wpuf-field-data-checkbox_field">
                                    <label>Enfermedades:</label>
                                Ninguna            </li>
                    <li class="wpuf-field-data wpuf-field-data-checkbox_field">
                                    <label>Se entrega:</label>
                                Con cartilla sanitaria | Vacunado | Esterilizado | Desparasitado | Microchip            </li>
                    <li class="wpuf-field-data wpuf-field-data-checkbox_field">
                                    <label>Más información:</label>
                                Bueno con perros | Bueno en casa | Le gusta pasear            </li>
                    <li class="wpuf-field-data wpuf-field-data-radio_field">
                                    <label>Se envía la mascota:</label>
                                SI            </li>
                    <li class="wpuf-field-data wpuf-field-data-radio_field">
                                    <label>En caso de envío, detallar:</label>
                                A otra CCAA española            </li>
                    <li class="wpuf-field-data wpuf-field-data-radio_field">
                                    <label>Origen:</label>
                                Asociación            </li>
        <li><label>Fecha de publicación:</label> 12/09/2025 12:55</li>            <li class="wpuf-field-data wpuf-field-data-radio_field">
                                    <label>La mascota ha sido adoptada:</label>
                                NO            </li>
                    <li class="wpuf-field-data wpuf-field-data-email_address">
                                    <label>Dirección de correo:</label>
                                <a href="mailto:asociacion3patas@gmail.com">asociacion3patas@gmail.com</a>            </li>
                    <li class="wpuf-field-data wpuf-field-data-numeric_text_field">
                                    <label>Teléfono:</label>
                                637949939            </li>
        </ul>

<p>Cuando encontramos a Senda, esta preciosa podenca iba coja, desnutrida y con muchos miedos. Había sufrido demasiado. Tras una operación de rodilla y meses de cuidados, hoy está totalmente recuperada físicamente. Y lo más bonito es ver cómo, poco a poco, también se recupera por dentro: cada día confía más, porque el amor sana, y [&#8230;]
