{"id":47279,"date":"2025-09-16T16:49:20","date_gmt":"2025-09-16T16:49:20","guid":{"rendered":"https:\/\/www.wallamascotas.com\/web3\/?post_type=product&#038;p=47279"},"modified":"2025-09-16T16:49:21","modified_gmt":"2025-09-16T16:49:21","slug":"milo-huelva","status":"publish","type":"product","link":"https:\/\/www.wallamascotas.com\/web3\/mascota\/milo-huelva\/","title":{"rendered":"MILO"},"content":{"rendered":"<p><a href=\"https:\/\/www.wallamascotas.com\/web3\/wp-content\/uploads\/2025\/09\/u1704-MILO-2-ok.jpg\"><img decoding=\"async\" class=\"attachment-thumbnail size-thumbnail\" src=\"https:\/\/www.wallamascotas.com\/web3\/wp-content\/uploads\/2025\/09\/u1704-MILO-2-ok-150x150.jpg\" alt=\"\" \/><\/a><a href=\"https:\/\/www.wallamascotas.com\/web3\/wp-content\/uploads\/2025\/09\/u1704-MILO-4-ok.jpg\"><img decoding=\"async\" class=\"attachment-thumbnail size-thumbnail\" src=\"https:\/\/www.wallamascotas.com\/web3\/wp-content\/uploads\/2025\/09\/u1704-MILO-4-ok-150x150.jpg\" alt=\"\" \/><\/a><\/p>\n<p>Milo y su cadena\u26d3 Una vecina dio el aviso. Llevaba varios d\u00edas viendo a un perrito por su barrio, desorientado, nervioso, arrastrando una gruesa cadena al cuello. Estaba asustado, cansado, triste. Lo recogimos y lo llevamos a su chenil. Le pusimos de nombre Milo. El veterinario nos dijo que era un perrito ya mayor, de unos 9 a\u00f1os, tal vez 10. Si, por fin pudo escapar de su prisi\u00f3n, de a\u00f1os y a\u00f1os encadenado en un campo. Pero lo consigui\u00f3 y huy\u00f3 arrastrando una pesada cadena al cuello.<\/p>\n<p>Un perrito invisible pese a sus 35 kilos y su tama\u00f1o m\u00e1s bien grande. Lo recogimos, lo vacunamos, castramos, cuidamos, pero no fue suficiente. Los d\u00edas pasaban y se entristecia en el chenil, estaba nervioso, ansioso. La situaci\u00f3n deb\u00eda cambiar. Buscamos una casa de acogida para Milo, sin \u00e9xito. Entonces las circunstancias nos llevaron hasta una residencia en Montequinto y todo cambi\u00f3.<\/p>\n<p>Milo all\u00ed est\u00e1 feliz, lo quieren, lo cuidan, tiene un buen jard\u00edn para pasear, muchos perritos con quien jugar. Milo es otro, ahora s\u00ed. Pero no puede volver otra vez a la tristeza del chenil, as\u00ed que sigue con Jos\u00e9, en su residencia, cuidado, mimado, amado mientras espera un hogar definitivo donde pasar sus \u00faltimos a\u00f1os de vida feliz y en paz.<\/p>\n<ul class=\"wpuf_customs\">            <li class=\"wpuf-field-data wpuf-field-data-radio_field\">\n                                    <label>Tipo:<\/label>\n                                Perro            <\/li>\n                    <li class=\"wpuf-field-data wpuf-field-data-radio_field\">\n                                    <label>Es un perro:<\/label>\n                                Tranquilo            <\/li>\n                    <li class=\"wpuf-field-data wpuf-field-data-radio_field\">\n                                    <label>Amigable con perros:<\/label>\n                                Desconocido            <\/li>\n                    <li class=\"wpuf-field-data wpuf-field-data-radio_field\">\n                                    <label>Con personas extra\u00f1as:<\/label>\n                                Amigable            <\/li>\n                    <li class=\"wpuf-field-data wpuf-field-data-radio_field\">\n                                    <label>Ladrador:<\/label>\n                                Calladito            <\/li>\n                    <li class=\"wpuf-field-data wpuf-field-data-radio_field\">\n                                    <label>Necesita licencia PPP:<\/label>\n                                NO            <\/li>\n                    <li class=\"wpuf-field-data wpuf-field-data-checkbox_field\">\n                                    <label>Enfermedades:<\/label>\n                                Ninguna            <\/li>\n                    <li class=\"wpuf-field-data wpuf-field-data-checkbox_field\">\n                                    <label>Se entrega:<\/label>\n                                Con cartilla sanitaria | Vacunado | Esterilizado | Desparasitado | Microchip            <\/li>\n                    <li class=\"wpuf-field-data wpuf-field-data-checkbox_field\">\n                                    <label>M\u00e1s informaci\u00f3n:<\/label>\n                                Bueno con perros | Bueno con ni\u00f1os | Bueno en casa | Bueno en el coche | Le gusta pasear            <\/li>\n                    <li class=\"wpuf-field-data wpuf-field-data-radio_field\">\n                                    <label>Se env\u00eda la mascota:<\/label>\n                                SI            <\/li>\n                    <li class=\"wpuf-field-data wpuf-field-data-radio_field\">\n                                    <label>En caso de env\u00edo, detallar:<\/label>\n                                A otra CCAA espa\u00f1ola            <\/li>\n                    <li class=\"wpuf-field-data wpuf-field-data-radio_field\">\n                                    <label>Origen:<\/label>\n                                Asociaci\u00f3n            <\/li>\n        <li><label>Fecha de publicaci\u00f3n:<\/label> 16\/09\/2025 00:00<\/li>            <li class=\"wpuf-field-data wpuf-field-data-radio_field\">\n                                    <label>La mascota ha sido adoptada:<\/label>\n                                NO            <\/li>\n                    <li class=\"wpuf-field-data wpuf-field-data-email_address\">\n                                    <label>Direcci\u00f3n de correo:<\/label>\n                                <a href=\"mailto:adopciones.huellas.serranas@gmail.com\">adopciones.huellas.serranas@gmail.com<\/a>            <\/li>\n                    <li class=\"wpuf-field-data wpuf-field-data-numeric_text_field\">\n                                    <label>Tel\u00e9fono:<\/label>\n                                672771011            <\/li>\n        <\/ul>","protected":false},"excerpt":{"rendered":"<p>Milo y su cadena\u26d3 Una vecina dio el aviso. Llevaba varios d\u00edas viendo a un perrito por su barrio, desorientado, nervioso, arrastrando una gruesa cadena al cuello. Estaba asustado, cansado, triste. Lo recogimos y lo llevamos a su chenil. Le pusimos de nombre Milo. El veterinario nos dijo que era un perrito ya mayor, de [&#8230;]\n","protected":false},"featured_media":47276,"template":"","meta":{"_acf_changed":false},"product_brand":[],"product_cat":[15,1000],"product_tag":[],"class_list":{"0":"post-47279","1":"product","2":"type-product","3":"status-publish","4":"has-post-thumbnail","6":"product_cat-adoptar_perro_adoptar_mascota","7":"product_cat-adoptar-perro-gato-adoptar-mascota-es","8":"pa_edad-c","9":"pa_fecha-nacimiento-ano-3402","10":"pa_fecha-nacimiento-mes-05-mayo","11":"pa_origen-asociacion-adopciones-huellas-serranas","12":"pa_provincia-huelva","13":"pa_raza-mestizo","14":"pa_sexo-macho","15":"pa_tamano-d","17":"first","18":"instock","19":"taxable","20":"shipping-taxable","21":"product-type-simple"},"acf":[],"_links":{"self":[{"href":"https:\/\/www.wallamascotas.com\/web3\/wp-json\/wp\/v2\/product\/47279","targetHints":{"allow":["GET"]}}],"collection":[{"href":"https:\/\/www.wallamascotas.com\/web3\/wp-json\/wp\/v2\/product"}],"about":[{"href":"https:\/\/www.wallamascotas.com\/web3\/wp-json\/wp\/v2\/types\/product"}],"wp:featuredmedia":[{"embeddable":true,"href":"https:\/\/www.wallamascotas.com\/web3\/wp-json\/wp\/v2\/media\/47276"}],"wp:attachment":[{"href":"https:\/\/www.wallamascotas.com\/web3\/wp-json\/wp\/v2\/media?parent=47279"}],"wp:term":[{"taxonomy":"product_brand","embeddable":true,"href":"https:\/\/www.wallamascotas.com\/web3\/wp-json\/wp\/v2\/product_brand?post=47279"},{"taxonomy":"product_cat","embeddable":true,"href":"https:\/\/www.wallamascotas.com\/web3\/wp-json\/wp\/v2\/product_cat?post=47279"},{"taxonomy":"product_tag","embeddable":true,"href":"https:\/\/www.wallamascotas.com\/web3\/wp-json\/wp\/v2\/product_tag?post=47279"}],"curies":[{"name":"wp","href":"https:\/\/api.w.org\/{rel}","templated":true}]}}

<p><a href="https://www.wallamascotas.com/web3/wp-content/uploads/2025/09/u1704-MILO-2-ok.jpg"><img decoding="async" class="attachment-thumbnail size-thumbnail" src="https://www.wallamascotas.com/web3/wp-content/uploads/2025/09/u1704-MILO-2-ok-150x150.jpg" alt="" /></a><a href="https://www.wallamascotas.com/web3/wp-content/uploads/2025/09/u1704-MILO-4-ok.jpg"><img decoding="async" class="attachment-thumbnail size-thumbnail" src="https://www.wallamascotas.com/web3/wp-content/uploads/2025/09/u1704-MILO-4-ok-150x150.jpg" alt="" /></a></p>
<p>Milo y su cadena⛓ Una vecina dio el aviso. Llevaba varios días viendo a un perrito por su barrio, desorientado, nervioso, arrastrando una gruesa cadena al cuello. Estaba asustado, cansado, triste. Lo recogimos y lo llevamos a su chenil. Le pusimos de nombre Milo. El veterinario nos dijo que era un perrito ya mayor, de unos 9 años, tal vez 10. Si, por fin pudo escapar de su prisión, de años y años encadenado en un campo. Pero lo consiguió y huyó arrastrando una pesada cadena al cuello.</p>
<p>Un perrito invisible pese a sus 35 kilos y su tamaño más bien grande. Lo recogimos, lo vacunamos, castramos, cuidamos, pero no fue suficiente. Los días pasaban y se entristecia en el chenil, estaba nervioso, ansioso. La situación debía cambiar. Buscamos una casa de acogida para Milo, sin éxito. Entonces las circunstancias nos llevaron hasta una residencia en Montequinto y todo cambió.</p>
<p>Milo allí está feliz, lo quieren, lo cuidan, tiene un buen jardín para pasear, muchos perritos con quien jugar. Milo es otro, ahora sí. Pero no puede volver otra vez a la tristeza del chenil, así que sigue con José, en su residencia, cuidado, mimado, amado mientras espera un hogar definitivo donde pasar sus últimos años de vida feliz y en paz.</p>
<ul class="wpuf_customs">            <li class="wpuf-field-data wpuf-field-data-radio_field">
                                    <label>Tipo:</label>
                                Perro            </li>
                    <li class="wpuf-field-data wpuf-field-data-radio_field">
                                    <label>Es un perro:</label>
                                Tranquilo            </li>
                    <li class="wpuf-field-data wpuf-field-data-radio_field">
                                    <label>Amigable con perros:</label>
                                Desconocido            </li>
                    <li class="wpuf-field-data wpuf-field-data-radio_field">
                                    <label>Con personas extrañas:</label>
                                Amigable            </li>
                    <li class="wpuf-field-data wpuf-field-data-radio_field">
                                    <label>Ladrador:</label>
                                Calladito            </li>
                    <li class="wpuf-field-data wpuf-field-data-radio_field">
                                    <label>Necesita licencia PPP:</label>
                                NO            </li>
                    <li class="wpuf-field-data wpuf-field-data-checkbox_field">
                                    <label>Enfermedades:</label>
                                Ninguna            </li>
                    <li class="wpuf-field-data wpuf-field-data-checkbox_field">
                                    <label>Se entrega:</label>
                                Con cartilla sanitaria | Vacunado | Esterilizado | Desparasitado | Microchip            </li>
                    <li class="wpuf-field-data wpuf-field-data-checkbox_field">
                                    <label>Más información:</label>
                                Bueno con perros | Bueno con niños | Bueno en casa | Bueno en el coche | Le gusta pasear            </li>
                    <li class="wpuf-field-data wpuf-field-data-radio_field">
                                    <label>Se envía la mascota:</label>
                                SI            </li>
                    <li class="wpuf-field-data wpuf-field-data-radio_field">
                                    <label>En caso de envío, detallar:</label>
                                A otra CCAA española            </li>
                    <li class="wpuf-field-data wpuf-field-data-radio_field">
                                    <label>Origen:</label>
                                Asociación            </li>
        <li><label>Fecha de publicación:</label> 16/09/2025 00:00</li>            <li class="wpuf-field-data wpuf-field-data-radio_field">
                                    <label>La mascota ha sido adoptada:</label>
                                NO            </li>
                    <li class="wpuf-field-data wpuf-field-data-email_address">
                                    <label>Dirección de correo:</label>
                                <a href="mailto:adopciones.huellas.serranas@gmail.com">adopciones.huellas.serranas@gmail.com</a>            </li>
                    <li class="wpuf-field-data wpuf-field-data-numeric_text_field">
                                    <label>Teléfono:</label>
                                672771011            </li>
        </ul>

<p>Milo y su cadena⛓ Una vecina dio el aviso. Llevaba varios días viendo a un perrito por su barrio, desorientado, nervioso, arrastrando una gruesa cadena al cuello. Estaba asustado, cansado, triste. Lo recogimos y lo llevamos a su chenil. Le pusimos de nombre Milo. El veterinario nos dijo que era un perrito ya mayor, de [&#8230;]
