{"id":47441,"date":"2025-09-20T13:10:09","date_gmt":"2025-09-20T13:10:09","guid":{"rendered":"https:\/\/www.wallamascotas.com\/web3\/?post_type=product&#038;p=47441"},"modified":"2025-09-20T13:10:10","modified_gmt":"2025-09-20T13:10:10","slug":"vicky-cordoba","status":"publish","type":"product","link":"https:\/\/www.wallamascotas.com\/web3\/mascota\/vicky-cordoba\/","title":{"rendered":"VICKY"},"content":{"rendered":"<p><a href=\"https:\/\/www.wallamascotas.com\/web3\/wp-content\/uploads\/2025\/09\/u9586-1000026011.jpg\"><img decoding=\"async\" class=\"attachment-thumbnail size-thumbnail\" src=\"https:\/\/www.wallamascotas.com\/web3\/wp-content\/uploads\/2025\/09\/u9586-1000026011-150x150.jpg\" alt=\"\" \/><\/a><a href=\"https:\/\/www.wallamascotas.com\/web3\/wp-content\/uploads\/2025\/09\/u9586-1000026008.jpg\"><img decoding=\"async\" class=\"attachment-thumbnail size-thumbnail\" src=\"https:\/\/www.wallamascotas.com\/web3\/wp-content\/uploads\/2025\/09\/u9586-1000026008-150x150.jpg\" alt=\"\" \/><\/a><a href=\"https:\/\/www.wallamascotas.com\/web3\/wp-content\/uploads\/2025\/09\/u9586-1000025984.jpg\"><img decoding=\"async\" class=\"attachment-thumbnail size-thumbnail\" src=\"https:\/\/www.wallamascotas.com\/web3\/wp-content\/uploads\/2025\/09\/u9586-1000025984-150x150.jpg\" alt=\"\" \/><\/a><\/p>\n<p>\ud83c\udf40\u0f3a\ud835\ude51\ud835\ude44\ud835\ude3e\ud835\ude46\ud835\ude54\u0f3b\ud83c\udf40<br \/>\nActualizaci\u00f3n 11\/09 sigue buscando una FAMILIA&#8212;&#8212;&#8212;&#8212;&#8212;&#8212;&#8212;&#8212;&#8212;&#8212;&#8212;&#8212;&#8211;<br \/>\nVicky, con poco m\u00e1s de un a\u00f1o ha vivido ABANDONO Y MALTRATO\ud83e\udd2c<\/p>\n<p>Vicky fue abandonada en la perrera de C\u00f3rdoba para posteriormente ser adoptada por una persona que la maltrat\u00f3 teni\u00e9ndola encerrada durante meses sin salir de una habitaci\u00f3n y rodeada de excrementos y basura\ud83d\udc94<\/p>\n<p>Actualmente, rescatada de su maltratador vive muy querida y cuidada por su casa de acogida\ud83c\udfe0 pero URGE adopci\u00f3n para esta perrita ya que por motivos laborales se ausentan mucho de la vivienda y Vicky es una perrita muy activa que necesita tiempo para juegos y largos paseos<\/p>\n<p>\u2666\ufe0fFcha nacimiento: 24\/05\/24<br \/>\n\u2666\ufe0fCar\u00e1cter: Es una perra muy activa, cari\u00f1osa y juguetona, amigable con todos los animales (se relacionado perfectamente tanto con perros como con gatos) y muy sociable con las personas<br \/>\n\u2666\ufe0fSalud: es una perrita sana que se entrega con todo al d\u00eda y castrada<br \/>\n\u2666\ufe0fPeso: 16 kg<\/p>\n<p>Se prioriza vivienda con espacio exterior<\/p>\n<p>Si quieres abrir las puertas de tu hogar a Vicky y tratarla como un miembro m\u00e1s de la Familia para el resto de su vida, contacta con nosotras y te informamos sin compromiso<\/p>\n<ul class=\"wpuf_customs\">            <li class=\"wpuf-field-data wpuf-field-data-radio_field\">\n                                    <label>Tipo:<\/label>\n                                Perro            <\/li>\n                    <li class=\"wpuf-field-data wpuf-field-data-radio_field\">\n                                    <label>Es un perro:<\/label>\n                                Nervioso            <\/li>\n                    <li class=\"wpuf-field-data wpuf-field-data-radio_field\">\n                                    <label>Amigable con perros:<\/label>\n                                Es amigo de tod@s            <\/li>\n                    <li class=\"wpuf-field-data wpuf-field-data-radio_field\">\n                                    <label>Con personas extra\u00f1as:<\/label>\n                                Amigable            <\/li>\n                    <li class=\"wpuf-field-data wpuf-field-data-radio_field\">\n                                    <label>Ladrador:<\/label>\n                                Calladito            <\/li>\n                    <li class=\"wpuf-field-data wpuf-field-data-radio_field\">\n                                    <label>Necesita licencia PPP:<\/label>\n                                NO            <\/li>\n                    <li class=\"wpuf-field-data wpuf-field-data-checkbox_field\">\n                                    <label>Enfermedades:<\/label>\n                                Ninguna            <\/li>\n                    <li class=\"wpuf-field-data wpuf-field-data-checkbox_field\">\n                                    <label>Se entrega:<\/label>\n                                Con cartilla sanitaria | Vacunado | Esterilizado | Desparasitado | Microchip            <\/li>\n                    <li class=\"wpuf-field-data wpuf-field-data-checkbox_field\">\n                                    <label>M\u00e1s informaci\u00f3n:<\/label>\n                                Bueno con perros | Bueno con gatos | Bueno con ni\u00f1os | Bueno en casa | Bueno en el coche | Le gusta pasear | Obediente            <\/li>\n                    <li class=\"wpuf-field-data wpuf-field-data-radio_field\">\n                                    <label>Se env\u00eda la mascota:<\/label>\n                                SI            <\/li>\n                    <li class=\"wpuf-field-data wpuf-field-data-radio_field\">\n                                    <label>En caso de env\u00edo, detallar:<\/label>\n                                A otra CCAA espa\u00f1ola            <\/li>\n                    <li class=\"wpuf-field-data wpuf-field-data-radio_field\">\n                                    <label>Origen:<\/label>\n                                Asociaci\u00f3n            <\/li>\n        <li><label>Fecha de publicaci\u00f3n:<\/label> 20\/09\/2025 00:56<\/li>            <li class=\"wpuf-field-data wpuf-field-data-radio_field\">\n                                    <label>La mascota ha sido adoptada:<\/label>\n                                NO            <\/li>\n                    <li class=\"wpuf-field-data wpuf-field-data-email_address\">\n                                    <label>Direcci\u00f3n de correo:<\/label>\n                                <a href=\"mailto:asociacionrescatadoscordoba@gmail.com\">asociacionrescatadoscordoba@gmail.com<\/a>            <\/li>\n                    <li class=\"wpuf-field-data wpuf-field-data-numeric_text_field\">\n                                    <label>Tel\u00e9fono:<\/label>\n                                666740292            <\/li>\n        <\/ul>","protected":false},"excerpt":{"rendered":"<p>\ud83c\udf40\u0f3a\ud835\ude51\ud835\ude44\ud835\ude3e\ud835\ude46\ud835\ude54\u0f3b\ud83c\udf40 Actualizaci\u00f3n 11\/09 sigue buscando una FAMILIA&#8212;&#8212;&#8212;&#8212;&#8212;&#8212;&#8212;&#8212;&#8212;&#8212;&#8212;&#8212;&#8211; Vicky, con poco m\u00e1s de un a\u00f1o ha vivido ABANDONO Y MALTRATO\ud83e\udd2c Vicky fue abandonada en la perrera de C\u00f3rdoba para posteriormente ser adoptada por una persona que la maltrat\u00f3 teni\u00e9ndola encerrada durante meses sin salir de una habitaci\u00f3n y rodeada de excrementos y basura\ud83d\udc94 Actualmente, rescatada de [&#8230;]\n","protected":false},"featured_media":47435,"template":"","meta":{"_acf_changed":false},"product_brand":[],"product_cat":[15,1000],"product_tag":[],"class_list":{"0":"post-47441","1":"product","2":"type-product","3":"status-publish","4":"has-post-thumbnail","6":"product_cat-adoptar_perro_adoptar_mascota","7":"product_cat-adoptar-perro-gato-adoptar-mascota-es","8":"pa_edad-b","9":"pa_fecha-nacimiento-ano-3473","10":"pa_fecha-nacimiento-mes-05-mayo","11":"pa_origen-asociacion-rescatados-cordoba","12":"pa_provincia-cordoba","13":"pa_raza-mestizo","14":"pa_sexo-macho","15":"pa_tamano-c","17":"first","18":"instock","19":"taxable","20":"shipping-taxable","21":"product-type-simple"},"acf":[],"_links":{"self":[{"href":"https:\/\/www.wallamascotas.com\/web3\/wp-json\/wp\/v2\/product\/47441","targetHints":{"allow":["GET"]}}],"collection":[{"href":"https:\/\/www.wallamascotas.com\/web3\/wp-json\/wp\/v2\/product"}],"about":[{"href":"https:\/\/www.wallamascotas.com\/web3\/wp-json\/wp\/v2\/types\/product"}],"wp:featuredmedia":[{"embeddable":true,"href":"https:\/\/www.wallamascotas.com\/web3\/wp-json\/wp\/v2\/media\/47435"}],"wp:attachment":[{"href":"https:\/\/www.wallamascotas.com\/web3\/wp-json\/wp\/v2\/media?parent=47441"}],"wp:term":[{"taxonomy":"product_brand","embeddable":true,"href":"https:\/\/www.wallamascotas.com\/web3\/wp-json\/wp\/v2\/product_brand?post=47441"},{"taxonomy":"product_cat","embeddable":true,"href":"https:\/\/www.wallamascotas.com\/web3\/wp-json\/wp\/v2\/product_cat?post=47441"},{"taxonomy":"product_tag","embeddable":true,"href":"https:\/\/www.wallamascotas.com\/web3\/wp-json\/wp\/v2\/product_tag?post=47441"}],"curies":[{"name":"wp","href":"https:\/\/api.w.org\/{rel}","templated":true}]}}

<p><a href="https://www.wallamascotas.com/web3/wp-content/uploads/2025/09/u9586-1000026011.jpg"><img decoding="async" class="attachment-thumbnail size-thumbnail" src="https://www.wallamascotas.com/web3/wp-content/uploads/2025/09/u9586-1000026011-150x150.jpg" alt="" /></a><a href="https://www.wallamascotas.com/web3/wp-content/uploads/2025/09/u9586-1000026008.jpg"><img decoding="async" class="attachment-thumbnail size-thumbnail" src="https://www.wallamascotas.com/web3/wp-content/uploads/2025/09/u9586-1000026008-150x150.jpg" alt="" /></a><a href="https://www.wallamascotas.com/web3/wp-content/uploads/2025/09/u9586-1000025984.jpg"><img decoding="async" class="attachment-thumbnail size-thumbnail" src="https://www.wallamascotas.com/web3/wp-content/uploads/2025/09/u9586-1000025984-150x150.jpg" alt="" /></a></p>
<p>🍀༺𝙑𝙄𝘾𝙆𝙔༻🍀<br />
Actualización 11/09 sigue buscando una FAMILIA&#8212;&#8212;&#8212;&#8212;&#8212;&#8212;&#8212;&#8212;&#8212;&#8212;&#8212;&#8212;&#8211;<br />
Vicky, con poco más de un año ha vivido ABANDONO Y MALTRATO🤬</p>
<p>Vicky fue abandonada en la perrera de Córdoba para posteriormente ser adoptada por una persona que la maltrató teniéndola encerrada durante meses sin salir de una habitación y rodeada de excrementos y basura💔</p>
<p>Actualmente, rescatada de su maltratador vive muy querida y cuidada por su casa de acogida🏠 pero URGE adopción para esta perrita ya que por motivos laborales se ausentan mucho de la vivienda y Vicky es una perrita muy activa que necesita tiempo para juegos y largos paseos</p>
<p>♦️Fcha nacimiento: 24/05/24<br />
♦️Carácter: Es una perra muy activa, cariñosa y juguetona, amigable con todos los animales (se relacionado perfectamente tanto con perros como con gatos) y muy sociable con las personas<br />
♦️Salud: es una perrita sana que se entrega con todo al día y castrada<br />
♦️Peso: 16 kg</p>
<p>Se prioriza vivienda con espacio exterior</p>
<p>Si quieres abrir las puertas de tu hogar a Vicky y tratarla como un miembro más de la Familia para el resto de su vida, contacta con nosotras y te informamos sin compromiso</p>
<ul class="wpuf_customs">            <li class="wpuf-field-data wpuf-field-data-radio_field">
                                    <label>Tipo:</label>
                                Perro            </li>
                    <li class="wpuf-field-data wpuf-field-data-radio_field">
                                    <label>Es un perro:</label>
                                Nervioso            </li>
                    <li class="wpuf-field-data wpuf-field-data-radio_field">
                                    <label>Amigable con perros:</label>
                                Es amigo de tod@s            </li>
                    <li class="wpuf-field-data wpuf-field-data-radio_field">
                                    <label>Con personas extrañas:</label>
                                Amigable            </li>
                    <li class="wpuf-field-data wpuf-field-data-radio_field">
                                    <label>Ladrador:</label>
                                Calladito            </li>
                    <li class="wpuf-field-data wpuf-field-data-radio_field">
                                    <label>Necesita licencia PPP:</label>
                                NO            </li>
                    <li class="wpuf-field-data wpuf-field-data-checkbox_field">
                                    <label>Enfermedades:</label>
                                Ninguna            </li>
                    <li class="wpuf-field-data wpuf-field-data-checkbox_field">
                                    <label>Se entrega:</label>
                                Con cartilla sanitaria | Vacunado | Esterilizado | Desparasitado | Microchip            </li>
                    <li class="wpuf-field-data wpuf-field-data-checkbox_field">
                                    <label>Más información:</label>
                                Bueno con perros | Bueno con gatos | Bueno con niños | Bueno en casa | Bueno en el coche | Le gusta pasear | Obediente            </li>
                    <li class="wpuf-field-data wpuf-field-data-radio_field">
                                    <label>Se envía la mascota:</label>
                                SI            </li>
                    <li class="wpuf-field-data wpuf-field-data-radio_field">
                                    <label>En caso de envío, detallar:</label>
                                A otra CCAA española            </li>
                    <li class="wpuf-field-data wpuf-field-data-radio_field">
                                    <label>Origen:</label>
                                Asociación            </li>
        <li><label>Fecha de publicación:</label> 20/09/2025 00:56</li>            <li class="wpuf-field-data wpuf-field-data-radio_field">
                                    <label>La mascota ha sido adoptada:</label>
                                NO            </li>
                    <li class="wpuf-field-data wpuf-field-data-email_address">
                                    <label>Dirección de correo:</label>
                                <a href="mailto:asociacionrescatadoscordoba@gmail.com">asociacionrescatadoscordoba@gmail.com</a>            </li>
                    <li class="wpuf-field-data wpuf-field-data-numeric_text_field">
                                    <label>Teléfono:</label>
                                666740292            </li>
        </ul>

<p>🍀༺𝙑𝙄𝘾𝙆𝙔༻🍀 Actualización 11/09 sigue buscando una FAMILIA&#8212;&#8212;&#8212;&#8212;&#8212;&#8212;&#8212;&#8212;&#8212;&#8212;&#8212;&#8212;&#8211; Vicky, con poco más de un año ha vivido ABANDONO Y MALTRATO🤬 Vicky fue abandonada en la perrera de Córdoba para posteriormente ser adoptada por una persona que la maltrató teniéndola encerrada durante meses sin salir de una habitación y rodeada de excrementos y basura💔 Actualmente, rescatada de [&#8230;]
