{"id":47541,"date":"2025-09-23T11:19:41","date_gmt":"2025-09-23T11:19:41","guid":{"rendered":"https:\/\/www.wallamascotas.com\/web3\/?post_type=product&#038;p=47541"},"modified":"2025-09-23T11:19:42","modified_gmt":"2025-09-23T11:19:42","slug":"mimi-y-duende-madrid","status":"publish","type":"product","link":"https:\/\/www.wallamascotas.com\/web3\/mascota\/mimi-y-duende-madrid\/","title":{"rendered":"MIMI y DUENDE"},"content":{"rendered":"<h3><b>Ayuda urgente: Buscamos un hogar para los gatos de mi hermana<\/b><\/h3>\n<p>Mi hermana ha fallecido recientemente, y en un momento de gran dolor, nos enfrentamos a la dif\u00edcil situaci\u00f3n de encontrar un hogar para sus dos queridos gatos. Me llamo Javier, soy su hermano, y soy al\u00e9rgico al epitelio de los gatos, lo que me provoca problemas respiratorios graves. Mis padres, de 75 y 79 a\u00f1os, tampoco pueden hacerse cargo de ellos por su edad y problemas de salud.<\/p>\n<p>Estamos en una situaci\u00f3n l\u00edmite y necesitamos encontrarles un hogar seguro de manera urgente. Por favor, ay\u00fadanos a encontrar una familia que les d\u00e9 el amor y la seguridad que necesitan.<\/p>\n<p><b>DUENDE<\/b> es muy cari\u00f1oso, dormil\u00f3n, juguet\u00f3n y le encanta cazar juguetes, muy tranquilo y se pasa mucho tiempo disfrutando de los rayos del sol. Es un gato muy apegado a las personas y busca compa\u00f1\u00eda constantemente.<\/p>\n<p><b>MIMI<\/b> es m\u00e1s independiente, pero adora las caricias, curioso y sociable. Le encanta observar a los p\u00e1jaros desde la ventana.<\/p>\n<p>Ambos gatos est\u00e1n esterilizados, desparasitados y tienen cartilla sanitaria. Son sanos y han vivido siempre en un hogar, por lo que est\u00e1n acostumbrados a un ambiente familiar.<\/p>\n<p>Mimi y Duende han estado juntos toda su vida y se dan apoyo mutuamente. Lo ideal ser\u00eda que pudieran ser adoptados juntos para no separarlos en un momento tan dif\u00edcil para ellos.<\/p>\n<p>Si puedes darles un hogar o conoces a alguien que est\u00e9 buscando un compa\u00f1ero felino, por favor, ponte en contacto conmigo lo antes posible.<\/p>\n<ul class=\"wpuf_customs\">            <li class=\"wpuf-field-data wpuf-field-data-radio_field\">\n                                    <label>Tipo:<\/label>\n                                Gato            <\/li>\n                    <li class=\"wpuf-field-data wpuf-field-data-radio_field\">\n                                    <label>Es un perro:<\/label>\n                                Tranquilo            <\/li>\n                    <li class=\"wpuf-field-data wpuf-field-data-radio_field\">\n                                    <label>Amigable con perros:<\/label>\n                                Es amigo de tod@s            <\/li>\n                    <li class=\"wpuf-field-data wpuf-field-data-radio_field\">\n                                    <label>Con personas extra\u00f1as:<\/label>\n                                Amigable            <\/li>\n                    <li class=\"wpuf-field-data wpuf-field-data-radio_field\">\n                                    <label>Ladrador:<\/label>\n                                Calladito            <\/li>\n                    <li class=\"wpuf-field-data wpuf-field-data-radio_field\">\n                                    <label>Necesita licencia PPP:<\/label>\n                                NO            <\/li>\n                    <li class=\"wpuf-field-data wpuf-field-data-checkbox_field\">\n                                    <label>Enfermedades:<\/label>\n                                Ninguna            <\/li>\n                    <li class=\"wpuf-field-data wpuf-field-data-checkbox_field\">\n                                    <label>Se entrega:<\/label>\n                                Con cartilla sanitaria | Vacunado | Esterilizado | Desparasitado            <\/li>\n                    <li class=\"wpuf-field-data wpuf-field-data-checkbox_field\">\n                                    <label>M\u00e1s informaci\u00f3n:<\/label>\n                                Bueno con gatos | Bueno en casa            <\/li>\n                    <li class=\"wpuf-field-data wpuf-field-data-radio_field\">\n                                    <label>Se env\u00eda la mascota:<\/label>\n                                SI            <\/li>\n                    <li class=\"wpuf-field-data wpuf-field-data-radio_field\">\n                                    <label>En caso de env\u00edo, detallar:<\/label>\n                                A otra CCAA espa\u00f1ola            <\/li>\n                    <li class=\"wpuf-field-data wpuf-field-data-radio_field\">\n                                    <label>Origen:<\/label>\n                                Particular            <\/li>\n        <li><label>Fecha de publicaci\u00f3n:<\/label> 23\/09\/2025 00:00<\/li>            <li class=\"wpuf-field-data wpuf-field-data-radio_field\">\n                                    <label>La mascota ha sido adoptada:<\/label>\n                                NO            <\/li>\n                    <li class=\"wpuf-field-data wpuf-field-data-email_address\">\n                                    <label>Direcci\u00f3n de correo:<\/label>\n                                <a href=\"mailto:javicopyweb@gmail.com\">javicopyweb@gmail.com<\/a>            <\/li>\n        <\/ul>","protected":false},"excerpt":{"rendered":"<p>Ayuda urgente: Buscamos un hogar para los gatos de mi hermana Mi hermana ha fallecido recientemente, y en un momento de gran dolor, nos enfrentamos a la dif\u00edcil situaci\u00f3n de encontrar un hogar para sus dos queridos gatos. Me llamo Javier, soy su hermano, y soy al\u00e9rgico al epitelio de los gatos, lo que me [&#8230;]\n","protected":false},"featured_media":47540,"template":"","meta":{"_acf_changed":false},"product_brand":[],"product_cat":[16,1000],"product_tag":[],"class_list":{"0":"post-47541","1":"product","2":"type-product","3":"status-publish","4":"has-post-thumbnail","6":"product_cat-adoptargato","7":"product_cat-adoptar-perro-gato-adoptar-mascota-es","8":"pa_edad-b","9":"pa_fecha-nacimiento-ano-3443","10":"pa_fecha-nacimiento-mes-06-junio","11":"pa_provincia-madrid","12":"pa_raza-mestizo","13":"pa_sexo-macho","14":"pa_tamano-c","16":"first","17":"instock","18":"taxable","19":"shipping-taxable","20":"product-type-simple"},"acf":[],"_links":{"self":[{"href":"https:\/\/www.wallamascotas.com\/web3\/wp-json\/wp\/v2\/product\/47541","targetHints":{"allow":["GET"]}}],"collection":[{"href":"https:\/\/www.wallamascotas.com\/web3\/wp-json\/wp\/v2\/product"}],"about":[{"href":"https:\/\/www.wallamascotas.com\/web3\/wp-json\/wp\/v2\/types\/product"}],"wp:featuredmedia":[{"embeddable":true,"href":"https:\/\/www.wallamascotas.com\/web3\/wp-json\/wp\/v2\/media\/47540"}],"wp:attachment":[{"href":"https:\/\/www.wallamascotas.com\/web3\/wp-json\/wp\/v2\/media?parent=47541"}],"wp:term":[{"taxonomy":"product_brand","embeddable":true,"href":"https:\/\/www.wallamascotas.com\/web3\/wp-json\/wp\/v2\/product_brand?post=47541"},{"taxonomy":"product_cat","embeddable":true,"href":"https:\/\/www.wallamascotas.com\/web3\/wp-json\/wp\/v2\/product_cat?post=47541"},{"taxonomy":"product_tag","embeddable":true,"href":"https:\/\/www.wallamascotas.com\/web3\/wp-json\/wp\/v2\/product_tag?post=47541"}],"curies":[{"name":"wp","href":"https:\/\/api.w.org\/{rel}","templated":true}]}}

<h3><b>Ayuda urgente: Buscamos un hogar para los gatos de mi hermana</b></h3>
<p>Mi hermana ha fallecido recientemente, y en un momento de gran dolor, nos enfrentamos a la difícil situación de encontrar un hogar para sus dos queridos gatos. Me llamo Javier, soy su hermano, y soy alérgico al epitelio de los gatos, lo que me provoca problemas respiratorios graves. Mis padres, de 75 y 79 años, tampoco pueden hacerse cargo de ellos por su edad y problemas de salud.</p>
<p>Estamos en una situación límite y necesitamos encontrarles un hogar seguro de manera urgente. Por favor, ayúdanos a encontrar una familia que les dé el amor y la seguridad que necesitan.</p>
<p><b>DUENDE</b> es muy cariñoso, dormilón, juguetón y le encanta cazar juguetes, muy tranquilo y se pasa mucho tiempo disfrutando de los rayos del sol. Es un gato muy apegado a las personas y busca compañía constantemente.</p>
<p><b>MIMI</b> es más independiente, pero adora las caricias, curioso y sociable. Le encanta observar a los pájaros desde la ventana.</p>
<p>Ambos gatos están esterilizados, desparasitados y tienen cartilla sanitaria. Son sanos y han vivido siempre en un hogar, por lo que están acostumbrados a un ambiente familiar.</p>
<p>Mimi y Duende han estado juntos toda su vida y se dan apoyo mutuamente. Lo ideal sería que pudieran ser adoptados juntos para no separarlos en un momento tan difícil para ellos.</p>
<p>Si puedes darles un hogar o conoces a alguien que esté buscando un compañero felino, por favor, ponte en contacto conmigo lo antes posible.</p>
<ul class="wpuf_customs">            <li class="wpuf-field-data wpuf-field-data-radio_field">
                                    <label>Tipo:</label>
                                Gato            </li>
                    <li class="wpuf-field-data wpuf-field-data-radio_field">
                                    <label>Es un perro:</label>
                                Tranquilo            </li>
                    <li class="wpuf-field-data wpuf-field-data-radio_field">
                                    <label>Amigable con perros:</label>
                                Es amigo de tod@s            </li>
                    <li class="wpuf-field-data wpuf-field-data-radio_field">
                                    <label>Con personas extrañas:</label>
                                Amigable            </li>
                    <li class="wpuf-field-data wpuf-field-data-radio_field">
                                    <label>Ladrador:</label>
                                Calladito            </li>
                    <li class="wpuf-field-data wpuf-field-data-radio_field">
                                    <label>Necesita licencia PPP:</label>
                                NO            </li>
                    <li class="wpuf-field-data wpuf-field-data-checkbox_field">
                                    <label>Enfermedades:</label>
                                Ninguna            </li>
                    <li class="wpuf-field-data wpuf-field-data-checkbox_field">
                                    <label>Se entrega:</label>
                                Con cartilla sanitaria | Vacunado | Esterilizado | Desparasitado            </li>
                    <li class="wpuf-field-data wpuf-field-data-checkbox_field">
                                    <label>Más información:</label>
                                Bueno con gatos | Bueno en casa            </li>
                    <li class="wpuf-field-data wpuf-field-data-radio_field">
                                    <label>Se envía la mascota:</label>
                                SI            </li>
                    <li class="wpuf-field-data wpuf-field-data-radio_field">
                                    <label>En caso de envío, detallar:</label>
                                A otra CCAA española            </li>
                    <li class="wpuf-field-data wpuf-field-data-radio_field">
                                    <label>Origen:</label>
                                Particular            </li>
        <li><label>Fecha de publicación:</label> 23/09/2025 00:00</li>            <li class="wpuf-field-data wpuf-field-data-radio_field">
                                    <label>La mascota ha sido adoptada:</label>
                                NO            </li>
                    <li class="wpuf-field-data wpuf-field-data-email_address">
                                    <label>Dirección de correo:</label>
                                <a href="mailto:javicopyweb@gmail.com">javicopyweb@gmail.com</a>            </li>
        </ul>

<p>Ayuda urgente: Buscamos un hogar para los gatos de mi hermana Mi hermana ha fallecido recientemente, y en un momento de gran dolor, nos enfrentamos a la difícil situación de encontrar un hogar para sus dos queridos gatos. Me llamo Javier, soy su hermano, y soy alérgico al epitelio de los gatos, lo que me [&#8230;]
