{"id":47556,"date":"2025-09-24T11:58:05","date_gmt":"2025-09-24T11:58:05","guid":{"rendered":"https:\/\/www.wallamascotas.com\/web3\/?post_type=product&#038;p=47556"},"modified":"2025-09-24T11:58:06","modified_gmt":"2025-09-24T11:58:06","slug":"mistela-valencia","status":"publish","type":"product","link":"https:\/\/www.wallamascotas.com\/web3\/mascota\/mistela-valencia\/","title":{"rendered":"Mistela"},"content":{"rendered":"<p style=\"text-align: center;\"><a href=\"https:\/\/www.wallamascotas.com\/web3\/wp-content\/uploads\/2025\/09\/u9794-IMG_1082-scaled.jpeg\"><img decoding=\"async\" class=\"attachment-thumbnail size-thumbnail\" src=\"https:\/\/www.wallamascotas.com\/web3\/wp-content\/uploads\/2025\/09\/u9794-IMG_1082-150x150.jpeg\" alt=\"\" \/><\/a><a href=\"https:\/\/www.wallamascotas.com\/web3\/wp-content\/uploads\/2025\/09\/u9794-IMG_2669-scaled.jpeg\"><img decoding=\"async\" class=\"attachment-thumbnail size-thumbnail\" src=\"https:\/\/www.wallamascotas.com\/web3\/wp-content\/uploads\/2025\/09\/u9794-IMG_2669-150x150.jpeg\" alt=\"\" \/><\/a><a href=\"https:\/\/www.wallamascotas.com\/web3\/wp-content\/uploads\/2025\/09\/u9794-IMG_0647-scaled.jpeg\"><img decoding=\"async\" class=\"attachment-thumbnail size-thumbnail\" src=\"https:\/\/www.wallamascotas.com\/web3\/wp-content\/uploads\/2025\/09\/u9794-IMG_0647-150x150.jpeg\" alt=\"\" \/><\/a><a href=\"https:\/\/www.wallamascotas.com\/web3\/wp-content\/uploads\/2025\/09\/u9794-IMG_0300-scaled.jpeg\"><img decoding=\"async\" class=\"attachment-thumbnail size-thumbnail\" src=\"https:\/\/www.wallamascotas.com\/web3\/wp-content\/uploads\/2025\/09\/u9794-IMG_0300-150x150.jpeg\" alt=\"\" \/><\/a><a href=\"https:\/\/www.wallamascotas.com\/web3\/wp-content\/uploads\/2025\/09\/u9794-IMG_3705-scaled.jpeg\"><img decoding=\"async\" class=\"attachment-thumbnail size-thumbnail\" src=\"https:\/\/www.wallamascotas.com\/web3\/wp-content\/uploads\/2025\/09\/u9794-IMG_3705-150x150.jpeg\" alt=\"\" \/><\/a><\/p>\n<p>\ud83d\udc3e Mistela busca un hogar lleno de amor\ud83d\udc3e<\/p>\n<p>Con much\u00edsima pena en el coraz\u00f3n, tengo que dar en adopci\u00f3n a mi gata. Por motivos de una mudanza no puedo llevarla conmigo, y aunque me duele profundamente, lo m\u00e1s importante para m\u00ed es que pueda seguir teniendo una vida feliz y rodeada de cari\u00f1o.<\/p>\n<p>Ella ha sido mi compa\u00f1era durante estos a\u00f1os: es una gata muy dulce, graciosa, tranquila y muy cari\u00f1osa. Le encanta estar acompa\u00f1ada, recibir mimos y descansar cerca de ti. Siempre ha estado cuidada y sana. Viene de protectora por lo que no creo que tenga problema para convivir con m\u00e1s gatos.<\/p>\n<p>Lo \u00fanico que pido es que la persona o familia que la adopte le d\u00e9 el amor y los cuidados que yo siempre le he dado, porque se merece un hogar donde la quieran tanto como yo la quiero.<\/p>\n<p>\ud83d\udce9 Si crees que puedes ser ese hogar especial, por favor escr\u00edbeme y te cuento lo que necesites.<\/p>\n<ul class=\"wpuf_customs\">            <li class=\"wpuf-field-data wpuf-field-data-radio_field\">\n                                    <label>Tipo:<\/label>\n                                Gato            <\/li>\n                    <li class=\"wpuf-field-data wpuf-field-data-radio_field\">\n                                    <label>Es un perro:<\/label>\n                                Tranquilo            <\/li>\n                    <li class=\"wpuf-field-data wpuf-field-data-radio_field\">\n                                    <label>Amigable con perros:<\/label>\n                                Desconocido            <\/li>\n                    <li class=\"wpuf-field-data wpuf-field-data-radio_field\">\n                                    <label>Con personas extra\u00f1as:<\/label>\n                                Miedoso            <\/li>\n                    <li class=\"wpuf-field-data wpuf-field-data-radio_field\">\n                                    <label>Ladrador:<\/label>\n                                Calladito            <\/li>\n                    <li class=\"wpuf-field-data wpuf-field-data-radio_field\">\n                                    <label>Necesita licencia PPP:<\/label>\n                                NO            <\/li>\n                    <li class=\"wpuf-field-data wpuf-field-data-checkbox_field\">\n                                    <label>Enfermedades:<\/label>\n                                Ninguna            <\/li>\n                    <li class=\"wpuf-field-data wpuf-field-data-checkbox_field\">\n                                    <label>Se entrega:<\/label>\n                                Con cartilla sanitaria | Vacunado | Esterilizado | Desparasitado            <\/li>\n                    <li class=\"wpuf-field-data wpuf-field-data-checkbox_field\">\n                                    <label>M\u00e1s informaci\u00f3n:<\/label>\n                                Bueno con ni\u00f1os | Bueno en casa            <\/li>\n                    <li class=\"wpuf-field-data wpuf-field-data-radio_field\">\n                                    <label>Se env\u00eda la mascota:<\/label>\n                                SI            <\/li>\n                    <li class=\"wpuf-field-data wpuf-field-data-radio_field\">\n                                    <label>En caso de env\u00edo, detallar:<\/label>\n                                A otra CCAA espa\u00f1ola            <\/li>\n                    <li class=\"wpuf-field-data wpuf-field-data-radio_field\">\n                                    <label>Origen:<\/label>\n                                Asociaci\u00f3n            <\/li>\n        <li><label>Fecha de publicaci\u00f3n:<\/label> 23\/09\/2023<\/li>            <li class=\"wpuf-field-data wpuf-field-data-radio_field\">\n                                    <label>La mascota ha sido adoptada:<\/label>\n                                NO            <\/li>\n                    <li class=\"wpuf-field-data wpuf-field-data-email_address\">\n                                    <label>Direcci\u00f3n de correo:<\/label>\n                                <a href=\"mailto:anacrura@gmail.com\">anacrura@gmail.com<\/a>            <\/li>\n                    <li class=\"wpuf-field-data wpuf-field-data-numeric_text_field\">\n                                    <label>Tel\u00e9fono:<\/label>\n                                616101642            <\/li>\n        <\/ul>","protected":false},"excerpt":{"rendered":"<p>\ud83d\udc3e Mistela busca un hogar lleno de amor\ud83d\udc3e Con much\u00edsima pena en el coraz\u00f3n, tengo que dar en adopci\u00f3n a mi gata. Por motivos de una mudanza no puedo llevarla conmigo, y aunque me duele profundamente, lo m\u00e1s importante para m\u00ed es que pueda seguir teniendo una vida feliz y rodeada de cari\u00f1o. Ella ha [&#8230;]\n","protected":false},"featured_media":47550,"template":"","meta":{"_acf_changed":false},"product_brand":[],"product_cat":[16,1000],"product_tag":[],"class_list":{"0":"post-47556","1":"product","2":"type-product","3":"status-publish","4":"has-post-thumbnail","6":"product_cat-adoptargato","7":"product_cat-adoptar-perro-gato-adoptar-mascota-es","8":"pa_edad-b","9":"pa_fecha-nacimiento-ano-3443","10":"pa_fecha-nacimiento-mes-09-septiembre","11":"pa_provincia-valencia","12":"pa_raza-gato-comun","13":"pa_sexo-hembra","14":"pa_tamano-b","16":"first","17":"instock","18":"taxable","19":"shipping-taxable","20":"product-type-simple"},"acf":[],"_links":{"self":[{"href":"https:\/\/www.wallamascotas.com\/web3\/wp-json\/wp\/v2\/product\/47556","targetHints":{"allow":["GET"]}}],"collection":[{"href":"https:\/\/www.wallamascotas.com\/web3\/wp-json\/wp\/v2\/product"}],"about":[{"href":"https:\/\/www.wallamascotas.com\/web3\/wp-json\/wp\/v2\/types\/product"}],"wp:featuredmedia":[{"embeddable":true,"href":"https:\/\/www.wallamascotas.com\/web3\/wp-json\/wp\/v2\/media\/47550"}],"wp:attachment":[{"href":"https:\/\/www.wallamascotas.com\/web3\/wp-json\/wp\/v2\/media?parent=47556"}],"wp:term":[{"taxonomy":"product_brand","embeddable":true,"href":"https:\/\/www.wallamascotas.com\/web3\/wp-json\/wp\/v2\/product_brand?post=47556"},{"taxonomy":"product_cat","embeddable":true,"href":"https:\/\/www.wallamascotas.com\/web3\/wp-json\/wp\/v2\/product_cat?post=47556"},{"taxonomy":"product_tag","embeddable":true,"href":"https:\/\/www.wallamascotas.com\/web3\/wp-json\/wp\/v2\/product_tag?post=47556"}],"curies":[{"name":"wp","href":"https:\/\/api.w.org\/{rel}","templated":true}]}}

<p style="text-align: center;"><a href="https://www.wallamascotas.com/web3/wp-content/uploads/2025/09/u9794-IMG_1082-scaled.jpeg"><img decoding="async" class="attachment-thumbnail size-thumbnail" src="https://www.wallamascotas.com/web3/wp-content/uploads/2025/09/u9794-IMG_1082-150x150.jpeg" alt="" /></a><a href="https://www.wallamascotas.com/web3/wp-content/uploads/2025/09/u9794-IMG_2669-scaled.jpeg"><img decoding="async" class="attachment-thumbnail size-thumbnail" src="https://www.wallamascotas.com/web3/wp-content/uploads/2025/09/u9794-IMG_2669-150x150.jpeg" alt="" /></a><a href="https://www.wallamascotas.com/web3/wp-content/uploads/2025/09/u9794-IMG_0647-scaled.jpeg"><img decoding="async" class="attachment-thumbnail size-thumbnail" src="https://www.wallamascotas.com/web3/wp-content/uploads/2025/09/u9794-IMG_0647-150x150.jpeg" alt="" /></a><a href="https://www.wallamascotas.com/web3/wp-content/uploads/2025/09/u9794-IMG_0300-scaled.jpeg"><img decoding="async" class="attachment-thumbnail size-thumbnail" src="https://www.wallamascotas.com/web3/wp-content/uploads/2025/09/u9794-IMG_0300-150x150.jpeg" alt="" /></a><a href="https://www.wallamascotas.com/web3/wp-content/uploads/2025/09/u9794-IMG_3705-scaled.jpeg"><img decoding="async" class="attachment-thumbnail size-thumbnail" src="https://www.wallamascotas.com/web3/wp-content/uploads/2025/09/u9794-IMG_3705-150x150.jpeg" alt="" /></a></p>
<p>🐾 Mistela busca un hogar lleno de amor🐾</p>
<p>Con muchísima pena en el corazón, tengo que dar en adopción a mi gata. Por motivos de una mudanza no puedo llevarla conmigo, y aunque me duele profundamente, lo más importante para mí es que pueda seguir teniendo una vida feliz y rodeada de cariño.</p>
<p>Ella ha sido mi compañera durante estos años: es una gata muy dulce, graciosa, tranquila y muy cariñosa. Le encanta estar acompañada, recibir mimos y descansar cerca de ti. Siempre ha estado cuidada y sana. Viene de protectora por lo que no creo que tenga problema para convivir con más gatos.</p>
<p>Lo único que pido es que la persona o familia que la adopte le dé el amor y los cuidados que yo siempre le he dado, porque se merece un hogar donde la quieran tanto como yo la quiero.</p>
<p>📩 Si crees que puedes ser ese hogar especial, por favor escríbeme y te cuento lo que necesites.</p>
<ul class="wpuf_customs">            <li class="wpuf-field-data wpuf-field-data-radio_field">
                                    <label>Tipo:</label>
                                Gato            </li>
                    <li class="wpuf-field-data wpuf-field-data-radio_field">
                                    <label>Es un perro:</label>
                                Tranquilo            </li>
                    <li class="wpuf-field-data wpuf-field-data-radio_field">
                                    <label>Amigable con perros:</label>
                                Desconocido            </li>
                    <li class="wpuf-field-data wpuf-field-data-radio_field">
                                    <label>Con personas extrañas:</label>
                                Miedoso            </li>
                    <li class="wpuf-field-data wpuf-field-data-radio_field">
                                    <label>Ladrador:</label>
                                Calladito            </li>
                    <li class="wpuf-field-data wpuf-field-data-radio_field">
                                    <label>Necesita licencia PPP:</label>
                                NO            </li>
                    <li class="wpuf-field-data wpuf-field-data-checkbox_field">
                                    <label>Enfermedades:</label>
                                Ninguna            </li>
                    <li class="wpuf-field-data wpuf-field-data-checkbox_field">
                                    <label>Se entrega:</label>
                                Con cartilla sanitaria | Vacunado | Esterilizado | Desparasitado            </li>
                    <li class="wpuf-field-data wpuf-field-data-checkbox_field">
                                    <label>Más información:</label>
                                Bueno con niños | Bueno en casa            </li>
                    <li class="wpuf-field-data wpuf-field-data-radio_field">
                                    <label>Se envía la mascota:</label>
                                SI            </li>
                    <li class="wpuf-field-data wpuf-field-data-radio_field">
                                    <label>En caso de envío, detallar:</label>
                                A otra CCAA española            </li>
                    <li class="wpuf-field-data wpuf-field-data-radio_field">
                                    <label>Origen:</label>
                                Asociación            </li>
        <li><label>Fecha de publicación:</label> 23/09/2023</li>            <li class="wpuf-field-data wpuf-field-data-radio_field">
                                    <label>La mascota ha sido adoptada:</label>
                                NO            </li>
                    <li class="wpuf-field-data wpuf-field-data-email_address">
                                    <label>Dirección de correo:</label>
                                <a href="mailto:anacrura@gmail.com">anacrura@gmail.com</a>            </li>
                    <li class="wpuf-field-data wpuf-field-data-numeric_text_field">
                                    <label>Teléfono:</label>
                                616101642            </li>
        </ul>

<p>🐾 Mistela busca un hogar lleno de amor🐾 Con muchísima pena en el corazón, tengo que dar en adopción a mi gata. Por motivos de una mudanza no puedo llevarla conmigo, y aunque me duele profundamente, lo más importante para mí es que pueda seguir teniendo una vida feliz y rodeada de cariño. Ella ha [&#8230;]
