{"id":47621,"date":"2026-01-12T09:28:15","date_gmt":"2026-01-12T09:28:15","guid":{"rendered":"https:\/\/www.wallamascotas.com\/web3\/?post_type=product&#038;p=47621"},"modified":"2026-04-13T08:10:35","modified_gmt":"2026-04-13T08:10:35","slug":"melisa-ciudad-real","status":"publish","type":"product","link":"https:\/\/www.wallamascotas.com\/web3\/mascota\/melisa-ciudad-real\/","title":{"rendered":"Melisa"},"content":{"rendered":"<p data-start=\"124\" data-end=\"369\">NO DISPONIBLE PARA ADOPCION. Melisa ya est\u00e1 lista para encontrar su hogar definitivo. Acaba de hacerse los test de leucemia, inmunodeficiencia y filaria, y todos dieron negativo. Est\u00e1 desparasitada tanto interna como externamente y ya tiene su primera vacuna pentavalente.<\/p>\n<p data-start=\"371\" data-end=\"652\">Es una gata muy sociable, confiada y cari\u00f1osa. Le encanta jugar y comer churus, que pide con unos maullidos tan dulces que derriten el coraz\u00f3n. Adem\u00e1s, no puede ser m\u00e1s guapa: su pelaje combina atigrado y calico, y sus enormes ojos verdes impresionan a cualquiera que la conozca.<\/p>\n<p data-start=\"654\" data-end=\"919\">Melisa tiene aproximadamente un a\u00f1o. Fue recogida de una colonia porque era imposible ignorarla: tan cari\u00f1osa y necesitada de atenci\u00f3n que segu\u00eda a las personas calle arriba y abajo. Tambi\u00e9n necesitaba curar una herida en la cara, pero ni eso le quita su encanto.<\/p>\n<p data-start=\"921\" data-end=\"1042\">Melisa puede viajar y est\u00e1 lista para encontrar una familia que la quiera y le d\u00e9 todo el amor que ella tiene para dar.<\/p>\n<p data-start=\"921\" data-end=\"1042\"><a href=\"https:\/\/www.wallamascotas.com\/web3\/wp-content\/uploads\/2025\/09\/u9428-68abb7d9481509.370476851756084185.jpg\"><img decoding=\"async\" class=\"attachment-thumbnail size-thumbnail\" src=\"https:\/\/www.wallamascotas.com\/web3\/wp-content\/uploads\/2025\/09\/u9428-68abb7d9481509.370476851756084185-150x150.jpg\" alt=\"\" \/><\/a><a href=\"https:\/\/www.wallamascotas.com\/web3\/wp-content\/uploads\/2025\/09\/u9428-68abb7dac69720.369142501756084186.jpg\"><img decoding=\"async\" class=\"attachment-thumbnail size-thumbnail\" src=\"https:\/\/www.wallamascotas.com\/web3\/wp-content\/uploads\/2025\/09\/u9428-68abb7dac69720.369142501756084186-150x150.jpg\" alt=\"\" \/><\/a><a href=\"https:\/\/www.wallamascotas.com\/web3\/wp-content\/uploads\/2025\/09\/u9428-68abb7dbe0e663.519652791756084187.jpg\"><img decoding=\"async\" class=\"attachment-thumbnail size-thumbnail\" src=\"https:\/\/www.wallamascotas.com\/web3\/wp-content\/uploads\/2025\/09\/u9428-68abb7dbe0e663.519652791756084187-150x150.jpg\" alt=\"\" \/><\/a><\/p>\n<ul class=\"wpuf_customs\">            <li class=\"wpuf-field-data wpuf-field-data-radio_field\">\n                                    <label>Tipo:<\/label>\n                                Gato            <\/li>\n                    <li class=\"wpuf-field-data wpuf-field-data-radio_field\">\n                                    <label>Es un perro:<\/label>\n                                Cari\u00f1oso            <\/li>\n                    <li class=\"wpuf-field-data wpuf-field-data-radio_field\">\n                                    <label>Amigable con perros:<\/label>\n                                Desconocido            <\/li>\n                    <li class=\"wpuf-field-data wpuf-field-data-radio_field\">\n                                    <label>Con personas extra\u00f1as:<\/label>\n                                Desconocido            <\/li>\n                    <li class=\"wpuf-field-data wpuf-field-data-radio_field\">\n                                    <label>Ladrador:<\/label>\n                                Desconocido            <\/li>\n                    <li class=\"wpuf-field-data wpuf-field-data-radio_field\">\n                                    <label>Necesita licencia PPP:<\/label>\n                                NO            <\/li>\n                    <li class=\"wpuf-field-data wpuf-field-data-checkbox_field\">\n                                    <label>Enfermedades:<\/label>\n                                Ninguna            <\/li>\n                    <li class=\"wpuf-field-data wpuf-field-data-checkbox_field\">\n                                    <label>Se entrega:<\/label>\n                                Con cartilla sanitaria | Vacunado | Esterilizado | Desparasitado | Microchip            <\/li>\n                    <li class=\"wpuf-field-data wpuf-field-data-checkbox_field\">\n                                    <label>M\u00e1s informaci\u00f3n:<\/label>\n                                Bueno con perros | Bueno con gatos | Bueno con ni\u00f1os | Bueno en casa            <\/li>\n                    <li class=\"wpuf-field-data wpuf-field-data-radio_field\">\n                                    <label>Se env\u00eda la mascota:<\/label>\n                                SI            <\/li>\n                    <li class=\"wpuf-field-data wpuf-field-data-radio_field\">\n                                    <label>En caso de env\u00edo, detallar:<\/label>\n                                A otra CCAA espa\u00f1ola            <\/li>\n                    <li class=\"wpuf-field-data wpuf-field-data-radio_field\">\n                                    <label>Origen:<\/label>\n                                Asociaci\u00f3n            <\/li>\n        <li><label>Fecha de publicaci\u00f3n:<\/label> 23\/09\/2025 23:50<\/li>            <li class=\"wpuf-field-data wpuf-field-data-radio_field\">\n                                    <label>La mascota ha sido adoptada:<\/label>\n                                NO            <\/li>\n                    <li class=\"wpuf-field-data wpuf-field-data-email_address\">\n                                    <label>Direcci\u00f3n de correo:<\/label>\n                                <a href=\"mailto:asociacion3patas@gmail.com\">asociacion3patas@gmail.com<\/a>            <\/li>\n                    <li class=\"wpuf-field-data wpuf-field-data-numeric_text_field\">\n                                    <label>Tel\u00e9fono:<\/label>\n                                637949939            <\/li>\n        <\/ul>","protected":false},"excerpt":{"rendered":"<p>NO DISPONIBLE PARA ADOPCION. Melisa ya est\u00e1 lista para encontrar su hogar definitivo. Acaba de hacerse los test de leucemia, inmunodeficiencia y filaria, y todos dieron negativo. Est\u00e1 desparasitada tanto interna como externamente y ya tiene su primera vacuna pentavalente. Es una gata muy sociable, confiada y cari\u00f1osa. Le encanta jugar y comer churus, que [&#8230;]\n","protected":false},"featured_media":47617,"template":"","meta":{"_acf_changed":false},"product_brand":[],"product_cat":[16,1000],"product_tag":[],"class_list":{"0":"post-47621","1":"product","2":"type-product","3":"status-publish","4":"has-post-thumbnail","6":"product_cat-adoptargato","7":"product_cat-adoptar-perro-gato-adoptar-mascota-es","8":"pa_edad-b","9":"pa_fecha-nacimiento-ano-3473","10":"pa_fecha-nacimiento-mes-08-agosto","11":"pa_origen-conciencia-animal-3-patas","12":"pa_provincia-ciudad-real","13":"pa_raza-gato-comun-europeo","14":"pa_sexo-hembra","15":"pa_tamano-b","17":"first","18":"instock","19":"taxable","20":"shipping-taxable","21":"product-type-simple"},"acf":[],"_links":{"self":[{"href":"https:\/\/www.wallamascotas.com\/web3\/wp-json\/wp\/v2\/product\/47621","targetHints":{"allow":["GET"]}}],"collection":[{"href":"https:\/\/www.wallamascotas.com\/web3\/wp-json\/wp\/v2\/product"}],"about":[{"href":"https:\/\/www.wallamascotas.com\/web3\/wp-json\/wp\/v2\/types\/product"}],"wp:featuredmedia":[{"embeddable":true,"href":"https:\/\/www.wallamascotas.com\/web3\/wp-json\/wp\/v2\/media\/47617"}],"wp:attachment":[{"href":"https:\/\/www.wallamascotas.com\/web3\/wp-json\/wp\/v2\/media?parent=47621"}],"wp:term":[{"taxonomy":"product_brand","embeddable":true,"href":"https:\/\/www.wallamascotas.com\/web3\/wp-json\/wp\/v2\/product_brand?post=47621"},{"taxonomy":"product_cat","embeddable":true,"href":"https:\/\/www.wallamascotas.com\/web3\/wp-json\/wp\/v2\/product_cat?post=47621"},{"taxonomy":"product_tag","embeddable":true,"href":"https:\/\/www.wallamascotas.com\/web3\/wp-json\/wp\/v2\/product_tag?post=47621"}],"curies":[{"name":"wp","href":"https:\/\/api.w.org\/{rel}","templated":true}]}}

<p data-start="124" data-end="369">NO DISPONIBLE PARA ADOPCION. Melisa ya está lista para encontrar su hogar definitivo. Acaba de hacerse los test de leucemia, inmunodeficiencia y filaria, y todos dieron negativo. Está desparasitada tanto interna como externamente y ya tiene su primera vacuna pentavalente.</p>
<p data-start="371" data-end="652">Es una gata muy sociable, confiada y cariñosa. Le encanta jugar y comer churus, que pide con unos maullidos tan dulces que derriten el corazón. Además, no puede ser más guapa: su pelaje combina atigrado y calico, y sus enormes ojos verdes impresionan a cualquiera que la conozca.</p>
<p data-start="654" data-end="919">Melisa tiene aproximadamente un año. Fue recogida de una colonia porque era imposible ignorarla: tan cariñosa y necesitada de atención que seguía a las personas calle arriba y abajo. También necesitaba curar una herida en la cara, pero ni eso le quita su encanto.</p>
<p data-start="921" data-end="1042">Melisa puede viajar y está lista para encontrar una familia que la quiera y le dé todo el amor que ella tiene para dar.</p>
<p data-start="921" data-end="1042"><a href="https://www.wallamascotas.com/web3/wp-content/uploads/2025/09/u9428-68abb7d9481509.370476851756084185.jpg"><img decoding="async" class="attachment-thumbnail size-thumbnail" src="https://www.wallamascotas.com/web3/wp-content/uploads/2025/09/u9428-68abb7d9481509.370476851756084185-150x150.jpg" alt="" /></a><a href="https://www.wallamascotas.com/web3/wp-content/uploads/2025/09/u9428-68abb7dac69720.369142501756084186.jpg"><img decoding="async" class="attachment-thumbnail size-thumbnail" src="https://www.wallamascotas.com/web3/wp-content/uploads/2025/09/u9428-68abb7dac69720.369142501756084186-150x150.jpg" alt="" /></a><a href="https://www.wallamascotas.com/web3/wp-content/uploads/2025/09/u9428-68abb7dbe0e663.519652791756084187.jpg"><img decoding="async" class="attachment-thumbnail size-thumbnail" src="https://www.wallamascotas.com/web3/wp-content/uploads/2025/09/u9428-68abb7dbe0e663.519652791756084187-150x150.jpg" alt="" /></a></p>
<ul class="wpuf_customs">            <li class="wpuf-field-data wpuf-field-data-radio_field">
                                    <label>Tipo:</label>
                                Gato            </li>
                    <li class="wpuf-field-data wpuf-field-data-radio_field">
                                    <label>Es un perro:</label>
                                Cariñoso            </li>
                    <li class="wpuf-field-data wpuf-field-data-radio_field">
                                    <label>Amigable con perros:</label>
                                Desconocido            </li>
                    <li class="wpuf-field-data wpuf-field-data-radio_field">
                                    <label>Con personas extrañas:</label>
                                Desconocido            </li>
                    <li class="wpuf-field-data wpuf-field-data-radio_field">
                                    <label>Ladrador:</label>
                                Desconocido            </li>
                    <li class="wpuf-field-data wpuf-field-data-radio_field">
                                    <label>Necesita licencia PPP:</label>
                                NO            </li>
                    <li class="wpuf-field-data wpuf-field-data-checkbox_field">
                                    <label>Enfermedades:</label>
                                Ninguna            </li>
                    <li class="wpuf-field-data wpuf-field-data-checkbox_field">
                                    <label>Se entrega:</label>
                                Con cartilla sanitaria | Vacunado | Esterilizado | Desparasitado | Microchip            </li>
                    <li class="wpuf-field-data wpuf-field-data-checkbox_field">
                                    <label>Más información:</label>
                                Bueno con perros | Bueno con gatos | Bueno con niños | Bueno en casa            </li>
                    <li class="wpuf-field-data wpuf-field-data-radio_field">
                                    <label>Se envía la mascota:</label>
                                SI            </li>
                    <li class="wpuf-field-data wpuf-field-data-radio_field">
                                    <label>En caso de envío, detallar:</label>
                                A otra CCAA española            </li>
                    <li class="wpuf-field-data wpuf-field-data-radio_field">
                                    <label>Origen:</label>
                                Asociación            </li>
        <li><label>Fecha de publicación:</label> 23/09/2025 23:50</li>            <li class="wpuf-field-data wpuf-field-data-radio_field">
                                    <label>La mascota ha sido adoptada:</label>
                                NO            </li>
                    <li class="wpuf-field-data wpuf-field-data-email_address">
                                    <label>Dirección de correo:</label>
                                <a href="mailto:asociacion3patas@gmail.com">asociacion3patas@gmail.com</a>            </li>
                    <li class="wpuf-field-data wpuf-field-data-numeric_text_field">
                                    <label>Teléfono:</label>
                                637949939            </li>
        </ul>

<p>NO DISPONIBLE PARA ADOPCION. Melisa ya está lista para encontrar su hogar definitivo. Acaba de hacerse los test de leucemia, inmunodeficiencia y filaria, y todos dieron negativo. Está desparasitada tanto interna como externamente y ya tiene su primera vacuna pentavalente. Es una gata muy sociable, confiada y cariñosa. Le encanta jugar y comer churus, que [&#8230;]
