{"id":47695,"date":"2025-09-29T08:55:38","date_gmt":"2025-09-29T08:55:38","guid":{"rendered":"https:\/\/www.wallamascotas.com\/web3\/?post_type=product&#038;p=47695"},"modified":"2025-09-29T08:55:39","modified_gmt":"2025-09-29T08:55:39","slug":"logan-madrid","status":"publish","type":"product","link":"https:\/\/www.wallamascotas.com\/web3\/mascota\/logan-madrid\/","title":{"rendered":"LOGAN"},"content":{"rendered":"<p><a href=\"https:\/\/www.wallamascotas.com\/web3\/wp-content\/uploads\/2025\/09\/u9801-IMG_20220202_170305_01-scaled.jpg\"><img decoding=\"async\" class=\"attachment-thumbnail size-thumbnail\" src=\"https:\/\/www.wallamascotas.com\/web3\/wp-content\/uploads\/2025\/09\/u9801-IMG_20220202_170305_01-150x150.jpg\" alt=\"\" \/><\/a><a href=\"https:\/\/www.wallamascotas.com\/web3\/wp-content\/uploads\/2025\/09\/u9801-IMG_20220202_170220-scaled.jpg\"><img decoding=\"async\" class=\"attachment-thumbnail size-thumbnail\" src=\"https:\/\/www.wallamascotas.com\/web3\/wp-content\/uploads\/2025\/09\/u9801-IMG_20220202_170220-150x150.jpg\" alt=\"\" \/><\/a><a href=\"https:\/\/www.wallamascotas.com\/web3\/wp-content\/uploads\/2025\/09\/u9801-IMG_20220202_170226-scaled.jpg\"><img decoding=\"async\" class=\"attachment-thumbnail size-thumbnail\" src=\"https:\/\/www.wallamascotas.com\/web3\/wp-content\/uploads\/2025\/09\/u9801-IMG_20220202_170226-150x150.jpg\" alt=\"\" \/><\/a><\/p>\n<p>Logan, machote con 4 a\u00f1os de edad, es un perro joven, cruce de madre pura pastor alem\u00e1n pelo corto y padre puro pastor cauc\u00e1sico (ejemplar importado enorme magnifico y poderoso), padres excepcionales no de mi propiedad.<\/p>\n<p>Est\u00e1 pesando 45 kg. atl\u00e9tico con gran fuerza y resistencia, mide 74 cm hasta la cruz.<\/p>\n<p>Tiene transpondedor espa\u00f1ol y cartilla de vacunaciones, est\u00e1 san\u00edsimo y lo hemos cuidado y mimado mucho, siempre bien atendido y no le ha faltado nunca de nada, bastante sibarita con la comida.<\/p>\n<p>Es equilibrado, obediente, noble, gentil, fiel, algo inocente a veces y le gusta que le presten atenci\u00f3n y mucho juego (de eso no se cansa). Es muy en\u00e9rgico, alegre y vivaz, no es un perro nervioso-alocado (si necesita buena cantidad de movimiento-ejercicio diario). No muestra rarezas extra\u00f1as ni comportamientos anormales.<\/p>\n<p>Se adapta (y lo ha demostrado) a cualquier ambiente-entorno, creci\u00f3 viviendo en chalet urbano, otro poco tiempo en una mobile home sobre ruedas, y al final permaneci\u00f3 un par de a\u00f1os en una casa rural de campo aislada con terreno y nunca ha dado ning\u00fan problema, se comporta bien estando dentro y fuera de casa. Es un perro apto para llevar de paseo (en bici no) puede tirar algo a veces, pero es f\u00e1cil de controlar, podr\u00eda recibir adiestramiento especial. No se altera-molesta a no ser que pase algo de verdad-cr\u00edtico. No es un perro que ladre sin motivo, no da falsas alarmas, no es ruidoso salvo que presienta algo raro amenazante o peligroso, tiene buen dormir y por la noche no es molesto (algo que para m\u00ed es muy importante). Con otros perros (que no sean del entorno familiar = desconocidos) es medianamente tolerante y no habr\u00e1 problema con la mayor\u00eda, pero se debe tener cuidado y evitar encuentro-contacto con perros de su categor\u00eda y dominantes (machos mayormente), l\u00f3gicamente no es para llevarlo suelto en zona urbana, pero podr\u00eda ser (dependiendo) en entornos abiertos aislados y tranquilos. Con los humanos (incluyendo a todos) es un perro amistoso pero prudente-precavido-desconfiado, tiene buen trato con las personas en general.<\/p>\n<p>El \u00fanico motivo por el que hemos tomado la dif\u00edcil pero clara decisi\u00f3n de darlo en adopci\u00f3n y encontrarle nuevo hogar-due\u00f1o para \u00e9l es por haber vendido la quinta donde se encontraba hasta ahora y volver al chalet, pero nos hemos juntado con 3 perros aqu\u00ed (\u00e9l y otros 2 que ya ten\u00edamos mucho antes de \u00e9l y de menor tama\u00f1o), adem\u00e1s de estar cinco personas de la familia viviendo en el mismo lugar.<\/p>\n<ul class=\"wpuf_customs\">            <li class=\"wpuf-field-data wpuf-field-data-radio_field\">\n                                    <label>Tipo:<\/label>\n                                Perro            <\/li>\n                    <li class=\"wpuf-field-data wpuf-field-data-radio_field\">\n                                    <label>Es un perro:<\/label>\n                                Tranquilo            <\/li>\n                    <li class=\"wpuf-field-data wpuf-field-data-radio_field\">\n                                    <label>Amigable con perros:<\/label>\n                                Solo con perras            <\/li>\n                    <li class=\"wpuf-field-data wpuf-field-data-radio_field\">\n                                    <label>Con personas extra\u00f1as:<\/label>\n                                Desconocido            <\/li>\n                    <li class=\"wpuf-field-data wpuf-field-data-radio_field\">\n                                    <label>Ladrador:<\/label>\n                                Desconocido            <\/li>\n                    <li class=\"wpuf-field-data wpuf-field-data-radio_field\">\n                                    <label>Necesita licencia PPP:<\/label>\n                                NO            <\/li>\n                    <li class=\"wpuf-field-data wpuf-field-data-checkbox_field\">\n                                    <label>Enfermedades:<\/label>\n                                Ninguna            <\/li>\n                    <li class=\"wpuf-field-data wpuf-field-data-checkbox_field\">\n                                    <label>Se entrega:<\/label>\n                                Con cartilla sanitaria | Vacunado | Desparasitado | Microchip | Solo la mascota sin paso previo por veterinario            <\/li>\n                    <li class=\"wpuf-field-data wpuf-field-data-checkbox_field\">\n                                    <label>M\u00e1s informaci\u00f3n:<\/label>\n                                Bueno con ni\u00f1os | Bueno en casa | Bueno en el coche | Le gusta pasear | Obediente            <\/li>\n                    <li class=\"wpuf-field-data wpuf-field-data-radio_field\">\n                                    <label>Se env\u00eda la mascota:<\/label>\n                                NO            <\/li>\n                    <li class=\"wpuf-field-data wpuf-field-data-radio_field\">\n                                    <label>Origen:<\/label>\n                                Particular            <\/li>\n        <li><label>Fecha de publicaci\u00f3n:<\/label> 25\/09\/2025 00:00<\/li>            <li class=\"wpuf-field-data wpuf-field-data-radio_field\">\n                                    <label>La mascota ha sido adoptada:<\/label>\n                                NO            <\/li>\n                    <li class=\"wpuf-field-data wpuf-field-data-email_address\">\n                                    <label>Direcci\u00f3n de correo:<\/label>\n                                <a href=\"mailto:davidmanzanogarcia1@gmail.com\">davidmanzanogarcia1@gmail.com<\/a>            <\/li>\n                    <li class=\"wpuf-field-data wpuf-field-data-numeric_text_field\">\n                                    <label>Tel\u00e9fono:<\/label>\n                                611051823            <\/li>\n        <\/ul>","protected":false},"excerpt":{"rendered":"<p>Logan, machote con 4 a\u00f1os de edad, es un perro joven, cruce de madre pura pastor alem\u00e1n pelo corto y padre puro pastor cauc\u00e1sico (ejemplar importado enorme magnifico y poderoso), padres excepcionales no de mi propiedad. Est\u00e1 pesando 45 kg. atl\u00e9tico con gran fuerza y resistencia, mide 74 cm hasta la cruz. Tiene transpondedor espa\u00f1ol [&#8230;]\n","protected":false},"featured_media":47691,"template":"","meta":{"_acf_changed":false},"product_brand":[],"product_cat":[15,1000],"product_tag":[],"class_list":{"0":"post-47695","1":"product","2":"type-product","3":"status-publish","4":"has-post-thumbnail","6":"product_cat-adoptar_perro_adoptar_mascota","7":"product_cat-adoptar-perro-gato-adoptar-mascota-es","8":"pa_edad-b","9":"pa_fecha-nacimiento-ano-3443","10":"pa_fecha-nacimiento-mes-03-marzo","11":"pa_provincia-madrid","12":"pa_raza-mestizo-mastin","13":"pa_sexo-macho","14":"pa_tamano-d","16":"first","17":"instock","18":"taxable","19":"shipping-taxable","20":"product-type-simple"},"acf":[],"_links":{"self":[{"href":"https:\/\/www.wallamascotas.com\/web3\/wp-json\/wp\/v2\/product\/47695","targetHints":{"allow":["GET"]}}],"collection":[{"href":"https:\/\/www.wallamascotas.com\/web3\/wp-json\/wp\/v2\/product"}],"about":[{"href":"https:\/\/www.wallamascotas.com\/web3\/wp-json\/wp\/v2\/types\/product"}],"wp:featuredmedia":[{"embeddable":true,"href":"https:\/\/www.wallamascotas.com\/web3\/wp-json\/wp\/v2\/media\/47691"}],"wp:attachment":[{"href":"https:\/\/www.wallamascotas.com\/web3\/wp-json\/wp\/v2\/media?parent=47695"}],"wp:term":[{"taxonomy":"product_brand","embeddable":true,"href":"https:\/\/www.wallamascotas.com\/web3\/wp-json\/wp\/v2\/product_brand?post=47695"},{"taxonomy":"product_cat","embeddable":true,"href":"https:\/\/www.wallamascotas.com\/web3\/wp-json\/wp\/v2\/product_cat?post=47695"},{"taxonomy":"product_tag","embeddable":true,"href":"https:\/\/www.wallamascotas.com\/web3\/wp-json\/wp\/v2\/product_tag?post=47695"}],"curies":[{"name":"wp","href":"https:\/\/api.w.org\/{rel}","templated":true}]}}