{"id":49121,"date":"2026-01-08T12:16:15","date_gmt":"2026-01-08T12:16:15","guid":{"rendered":"https:\/\/www.wallamascotas.com\/web3\/?post_type=product&#038;p=49121"},"modified":"2026-01-08T12:16:17","modified_gmt":"2026-01-08T12:16:17","slug":"lince-avila","status":"publish","type":"product","link":"https:\/\/www.wallamascotas.com\/web3\/mascota\/lince-avila\/","title":{"rendered":"LINCE"},"content":{"rendered":"<div dir=\"auto\"><a href=\"https:\/\/www.wallamascotas.com\/web3\/wp-content\/uploads\/2026\/01\/u9905-612336352_893393316555849_1248252082499228750_n.jpg\"><img decoding=\"async\" class=\"attachment-thumbnail size-thumbnail\" src=\"https:\/\/www.wallamascotas.com\/web3\/wp-content\/uploads\/2026\/01\/u9905-612336352_893393316555849_1248252082499228750_n-150x150.jpg\" alt=\"\" \/><\/a><a href=\"https:\/\/www.wallamascotas.com\/web3\/wp-content\/uploads\/2026\/01\/u9905-603796532_881748001053714_8981139334198788291_n-1.jpg\"><img decoding=\"async\" class=\"attachment-thumbnail size-thumbnail\" src=\"https:\/\/www.wallamascotas.com\/web3\/wp-content\/uploads\/2026\/01\/u9905-603796532_881748001053714_8981139334198788291_n-1-150x150.jpg\" alt=\"\" \/><\/a><\/div>\n<div class=\"xdj266r x14z9mp xat24cr x1lziwak x1vvkbs x126k92a\">\n<div dir=\"auto\"><\/div>\n<div dir=\"auto\"><strong>GATITA EN ADOPCI\u00d3N RESPONSABLE\u00a0MADRID-\u00c1VILA<\/strong><\/div>\n<\/div>\n<div class=\"x14z9mp xat24cr x1lziwak x1vvkbs xtlvy1s x126k92a\">\n<div dir=\"auto\"><span class=\"html-span xexx8yu xyri2b x18d9i69 x1c1uobl x1hl2dhg x16tdsg8 x1vvkbs x3nfvp2 x1j61x8r x1fcty0u xdj266r xat24cr xm2jcoa x1mpyi22 xxymvpz xlup9mm x1kky2od\"><img loading=\"lazy\" decoding=\"async\" class=\"xz74otr x15mokao x1ga7v0g x16uus16 xbiv7yw\" src=\"https:\/\/static.xx.fbcdn.net\/images\/emoji.php\/v9\/t1f\/2\/16\/27a1.png\" alt=\"\u27a1\ufe0f\" width=\"16\" height=\"16\" \/><\/span> <span class=\"html-span xexx8yu xyri2b x18d9i69 x1c1uobl x1hl2dhg x16tdsg8 x1vvkbs x3nfvp2 x1j61x8r x1fcty0u xdj266r xat24cr xm2jcoa x1mpyi22 xxymvpz xlup9mm x1kky2od\"><img loading=\"lazy\" decoding=\"async\" class=\"xz74otr x15mokao x1ga7v0g x16uus16 xbiv7yw\" src=\"https:\/\/static.xx.fbcdn.net\/images\/emoji.php\/v9\/t5d\/2\/16\/26a0.png\" alt=\"\u26a0\ufe0f\" width=\"16\" height=\"16\" \/><\/span>IMPORTANTE: Es imprescindible contar con protecciones en ventanas y terrazas (redes, mallas, etc.) para evitar ca\u00eddas accidentales <span class=\"html-span xexx8yu xyri2b x18d9i69 x1c1uobl x1hl2dhg x16tdsg8 x1vvkbs x3nfvp2 x1j61x8r x1fcty0u xdj266r xat24cr xm2jcoa x1mpyi22 xxymvpz xlup9mm x1kky2od\"><img loading=\"lazy\" decoding=\"async\" class=\"xz74otr x15mokao x1ga7v0g x16uus16 xbiv7yw\" src=\"https:\/\/static.xx.fbcdn.net\/images\/emoji.php\/v9\/t5d\/2\/16\/26a0.png\" alt=\"\u26a0\ufe0f\" width=\"16\" height=\"16\" \/><\/span><\/div>\n<\/div>\n<div class=\"x14z9mp xat24cr x1lziwak x1vvkbs xtlvy1s x126k92a\">\n<div dir=\"auto\">Estoy ayudando a una chica a encontrar adoptantes para este gatita callejera de 4 meses de edad que se encuentra en una zona rural de \u00c1vila, pero podr\u00eda acercarse a Madrid.<\/div>\n<\/div>\n<div class=\"x14z9mp xat24cr x1lziwak x1vvkbs xtlvy1s x126k92a\">\n<div dir=\"auto\"><span class=\"html-span xexx8yu xyri2b x18d9i69 x1c1uobl x1hl2dhg x16tdsg8 x1vvkbs x3nfvp2 x1j61x8r x1fcty0u xdj266r xat24cr xm2jcoa x1mpyi22 xxymvpz xlup9mm x1kky2od\"><img loading=\"lazy\" decoding=\"async\" class=\"xz74otr x15mokao x1ga7v0g x16uus16 xbiv7yw\" src=\"https:\/\/static.xx.fbcdn.net\/images\/emoji.php\/v9\/t75\/2\/16\/2728.png\" alt=\"\u2728\" width=\"16\" height=\"16\" \/><\/span>Lo ideal ser\u00eda que el adoptante ya tuviera otro gato\/a en casa, para que no crezca sola y pueda socializar mejor. Es un poco t\u00edmida y no est\u00e1 acostumbrada al contacto humano por lo que habr\u00e1 que tener paciencia para lograr una adecuada adaptaci\u00f3n.<\/div>\n<\/div>\n<div class=\"x14z9mp xat24cr x1lziwak x1vvkbs xtlvy1s x126k92a\">\n<div dir=\"auto\"><span class=\"html-span xexx8yu xyri2b x18d9i69 x1c1uobl x1hl2dhg x16tdsg8 x1vvkbs x3nfvp2 x1j61x8r x1fcty0u xdj266r xat24cr xm2jcoa x1mpyi22 xxymvpz xlup9mm x1kky2od\"><img loading=\"lazy\" decoding=\"async\" class=\"xz74otr x15mokao x1ga7v0g x16uus16 xbiv7yw\" src=\"https:\/\/static.xx.fbcdn.net\/images\/emoji.php\/v9\/tca\/2\/16\/1f4cb.png\" alt=\"\ud83d\udccb\" width=\"16\" height=\"16\" \/><\/span> Los gastos veterinarios corren a cargo del adoptante y se realizar\u00e1 seguimiento para asegurar su bienestar. La gatita no esta testada ni ha pasado revisi\u00f3n veterinaria, aunque sus hermanos (ya adoptados) han dado negativo.<\/div>\n<\/div>\n<div class=\"x14z9mp xat24cr x1lziwak x1vvkbs xtlvy1s x126k92a\">\n<div dir=\"auto\"><span class=\"html-span xexx8yu xyri2b x18d9i69 x1c1uobl x1hl2dhg x16tdsg8 x1vvkbs x3nfvp2 x1j61x8r x1fcty0u xdj266r xat24cr xm2jcoa x1mpyi22 xxymvpz xlup9mm x1kky2od\"><img loading=\"lazy\" decoding=\"async\" class=\"xz74otr x15mokao x1ga7v0g x16uus16 xbiv7yw\" src=\"https:\/\/static.xx.fbcdn.net\/images\/emoji.php\/v9\/t5f\/2\/16\/1f4e9.png\" alt=\"\ud83d\udce9\" width=\"16\" height=\"16\" \/><\/span> Si est\u00e1s interesado\/a o quieres m\u00e1s informaci\u00f3n, escr\u00edbeme al correo y si se cumplen todos los requisitos, te paso el contacto de la persona que la da en adopci\u00f3n.<\/div>\n<\/div>\n<ul class=\"wpuf_customs\">            <li class=\"wpuf-field-data wpuf-field-data-radio_field\">\n                                    <label>Tipo:<\/label>\n                                Gato            <\/li>\n                    <li class=\"wpuf-field-data wpuf-field-data-radio_field\">\n                                    <label>Es un perro:<\/label>\n                                Desconocido            <\/li>\n                    <li class=\"wpuf-field-data wpuf-field-data-radio_field\">\n                                    <label>Amigable con perros:<\/label>\n                                Desconocido            <\/li>\n                    <li class=\"wpuf-field-data wpuf-field-data-radio_field\">\n                                    <label>Con personas extra\u00f1as:<\/label>\n                                Desconocido            <\/li>\n                    <li class=\"wpuf-field-data wpuf-field-data-radio_field\">\n                                    <label>Ladrador:<\/label>\n                                Desconocido            <\/li>\n                    <li class=\"wpuf-field-data wpuf-field-data-radio_field\">\n                                    <label>Necesita licencia PPP:<\/label>\n                                NO            <\/li>\n                    <li class=\"wpuf-field-data wpuf-field-data-checkbox_field\">\n                                    <label>Enfermedades:<\/label>\n                                Ninguna            <\/li>\n                    <li class=\"wpuf-field-data wpuf-field-data-checkbox_field\">\n                                    <label>Se entrega:<\/label>\n                                Solo la mascota sin paso previo por veterinario            <\/li>\n                    <li class=\"wpuf-field-data wpuf-field-data-checkbox_field\">\n                                    <label>M\u00e1s informaci\u00f3n:<\/label>\n                                Bueno con gatos            <\/li>\n                    <li class=\"wpuf-field-data wpuf-field-data-radio_field\">\n                                    <label>Se env\u00eda la mascota:<\/label>\n                                NO            <\/li>\n                    <li class=\"wpuf-field-data wpuf-field-data-radio_field\">\n                                    <label>Origen:<\/label>\n                                Particular            <\/li>\n        <li><label>Fecha de publicaci\u00f3n:<\/label> 7\/01\/2025<\/li>            <li class=\"wpuf-field-data wpuf-field-data-radio_field\">\n                                    <label>La mascota ha sido adoptada:<\/label>\n                                NO            <\/li>\n                    <li class=\"wpuf-field-data wpuf-field-data-email_address\">\n                                    <label>Direcci\u00f3n de correo:<\/label>\n                                <a href=\"mailto:juliaperezglez15@gmail.com\">juliaperezglez15@gmail.com<\/a>            <\/li>\n        <\/ul>","protected":false},"excerpt":{"rendered":"<p>GATITA EN ADOPCI\u00d3N RESPONSABLE\u00a0MADRID-\u00c1VILA IMPORTANTE: Es imprescindible contar con protecciones en ventanas y terrazas (redes, mallas, etc.) para evitar ca\u00eddas accidentales Estoy ayudando a una chica a encontrar adoptantes para este gatita callejera de 4 meses de edad que se encuentra en una zona rural de \u00c1vila, pero podr\u00eda acercarse a Madrid. Lo ideal ser\u00eda [&#8230;]\n","protected":false},"featured_media":49117,"template":"","meta":{"_acf_changed":false},"product_brand":[],"product_cat":[16,1000],"product_tag":[],"class_list":{"0":"post-49121","1":"product","2":"type-product","3":"status-publish","4":"has-post-thumbnail","6":"product_cat-adoptargato","7":"product_cat-adoptar-perro-gato-adoptar-mascota-es","8":"pa_edad-a","9":"pa_fecha-nacimiento-ano-3513","10":"pa_fecha-nacimiento-mes-09-septiembre","11":"pa_provincia-avila","12":"pa_raza-gato-comun","13":"pa_sexo-hembra","14":"pa_tamano-b","16":"first","17":"instock","18":"taxable","19":"shipping-taxable","20":"product-type-simple"},"acf":[],"_links":{"self":[{"href":"https:\/\/www.wallamascotas.com\/web3\/wp-json\/wp\/v2\/product\/49121","targetHints":{"allow":["GET"]}}],"collection":[{"href":"https:\/\/www.wallamascotas.com\/web3\/wp-json\/wp\/v2\/product"}],"about":[{"href":"https:\/\/www.wallamascotas.com\/web3\/wp-json\/wp\/v2\/types\/product"}],"wp:featuredmedia":[{"embeddable":true,"href":"https:\/\/www.wallamascotas.com\/web3\/wp-json\/wp\/v2\/media\/49117"}],"wp:attachment":[{"href":"https:\/\/www.wallamascotas.com\/web3\/wp-json\/wp\/v2\/media?parent=49121"}],"wp:term":[{"taxonomy":"product_brand","embeddable":true,"href":"https:\/\/www.wallamascotas.com\/web3\/wp-json\/wp\/v2\/product_brand?post=49121"},{"taxonomy":"product_cat","embeddable":true,"href":"https:\/\/www.wallamascotas.com\/web3\/wp-json\/wp\/v2\/product_cat?post=49121"},{"taxonomy":"product_tag","embeddable":true,"href":"https:\/\/www.wallamascotas.com\/web3\/wp-json\/wp\/v2\/product_tag?post=49121"}],"curies":[{"name":"wp","href":"https:\/\/api.w.org\/{rel}","templated":true}]}}

<div dir="auto"><a href="https://www.wallamascotas.com/web3/wp-content/uploads/2026/01/u9905-612336352_893393316555849_1248252082499228750_n.jpg"><img decoding="async" class="attachment-thumbnail size-thumbnail" src="https://www.wallamascotas.com/web3/wp-content/uploads/2026/01/u9905-612336352_893393316555849_1248252082499228750_n-150x150.jpg" alt="" /></a><a href="https://www.wallamascotas.com/web3/wp-content/uploads/2026/01/u9905-603796532_881748001053714_8981139334198788291_n-1.jpg"><img decoding="async" class="attachment-thumbnail size-thumbnail" src="https://www.wallamascotas.com/web3/wp-content/uploads/2026/01/u9905-603796532_881748001053714_8981139334198788291_n-1-150x150.jpg" alt="" /></a></div>
<div class="xdj266r x14z9mp xat24cr x1lziwak x1vvkbs x126k92a">
<div dir="auto"></div>
<div dir="auto"><strong>GATITA EN ADOPCIÓN RESPONSABLE MADRID-ÁVILA</strong></div>
</div>
<div class="x14z9mp xat24cr x1lziwak x1vvkbs xtlvy1s x126k92a">
<div dir="auto"><span class="html-span xexx8yu xyri2b x18d9i69 x1c1uobl x1hl2dhg x16tdsg8 x1vvkbs x3nfvp2 x1j61x8r x1fcty0u xdj266r xat24cr xm2jcoa x1mpyi22 xxymvpz xlup9mm x1kky2od"><img loading="lazy" decoding="async" class="xz74otr x15mokao x1ga7v0g x16uus16 xbiv7yw" src="https://static.xx.fbcdn.net/images/emoji.php/v9/t1f/2/16/27a1.png" alt="➡️" width="16" height="16" /></span> <span class="html-span xexx8yu xyri2b x18d9i69 x1c1uobl x1hl2dhg x16tdsg8 x1vvkbs x3nfvp2 x1j61x8r x1fcty0u xdj266r xat24cr xm2jcoa x1mpyi22 xxymvpz xlup9mm x1kky2od"><img loading="lazy" decoding="async" class="xz74otr x15mokao x1ga7v0g x16uus16 xbiv7yw" src="https://static.xx.fbcdn.net/images/emoji.php/v9/t5d/2/16/26a0.png" alt="⚠️" width="16" height="16" /></span>IMPORTANTE: Es imprescindible contar con protecciones en ventanas y terrazas (redes, mallas, etc.) para evitar caídas accidentales <span class="html-span xexx8yu xyri2b x18d9i69 x1c1uobl x1hl2dhg x16tdsg8 x1vvkbs x3nfvp2 x1j61x8r x1fcty0u xdj266r xat24cr xm2jcoa x1mpyi22 xxymvpz xlup9mm x1kky2od"><img loading="lazy" decoding="async" class="xz74otr x15mokao x1ga7v0g x16uus16 xbiv7yw" src="https://static.xx.fbcdn.net/images/emoji.php/v9/t5d/2/16/26a0.png" alt="⚠️" width="16" height="16" /></span></div>
</div>
<div class="x14z9mp xat24cr x1lziwak x1vvkbs xtlvy1s x126k92a">
<div dir="auto">Estoy ayudando a una chica a encontrar adoptantes para este gatita callejera de 4 meses de edad que se encuentra en una zona rural de Ávila, pero podría acercarse a Madrid.</div>
</div>
<div class="x14z9mp xat24cr x1lziwak x1vvkbs xtlvy1s x126k92a">
<div dir="auto"><span class="html-span xexx8yu xyri2b x18d9i69 x1c1uobl x1hl2dhg x16tdsg8 x1vvkbs x3nfvp2 x1j61x8r x1fcty0u xdj266r xat24cr xm2jcoa x1mpyi22 xxymvpz xlup9mm x1kky2od"><img loading="lazy" decoding="async" class="xz74otr x15mokao x1ga7v0g x16uus16 xbiv7yw" src="https://static.xx.fbcdn.net/images/emoji.php/v9/t75/2/16/2728.png" alt="✨" width="16" height="16" /></span>Lo ideal sería que el adoptante ya tuviera otro gato/a en casa, para que no crezca sola y pueda socializar mejor. Es un poco tímida y no está acostumbrada al contacto humano por lo que habrá que tener paciencia para lograr una adecuada adaptación.</div>
</div>
<div class="x14z9mp xat24cr x1lziwak x1vvkbs xtlvy1s x126k92a">
<div dir="auto"><span class="html-span xexx8yu xyri2b x18d9i69 x1c1uobl x1hl2dhg x16tdsg8 x1vvkbs x3nfvp2 x1j61x8r x1fcty0u xdj266r xat24cr xm2jcoa x1mpyi22 xxymvpz xlup9mm x1kky2od"><img loading="lazy" decoding="async" class="xz74otr x15mokao x1ga7v0g x16uus16 xbiv7yw" src="https://static.xx.fbcdn.net/images/emoji.php/v9/tca/2/16/1f4cb.png" alt="📋" width="16" height="16" /></span> Los gastos veterinarios corren a cargo del adoptante y se realizará seguimiento para asegurar su bienestar. La gatita no esta testada ni ha pasado revisión veterinaria, aunque sus hermanos (ya adoptados) han dado negativo.</div>
</div>
<div class="x14z9mp xat24cr x1lziwak x1vvkbs xtlvy1s x126k92a">
<div dir="auto"><span class="html-span xexx8yu xyri2b x18d9i69 x1c1uobl x1hl2dhg x16tdsg8 x1vvkbs x3nfvp2 x1j61x8r x1fcty0u xdj266r xat24cr xm2jcoa x1mpyi22 xxymvpz xlup9mm x1kky2od"><img loading="lazy" decoding="async" class="xz74otr x15mokao x1ga7v0g x16uus16 xbiv7yw" src="https://static.xx.fbcdn.net/images/emoji.php/v9/t5f/2/16/1f4e9.png" alt="📩" width="16" height="16" /></span> Si estás interesado/a o quieres más información, escríbeme al correo y si se cumplen todos los requisitos, te paso el contacto de la persona que la da en adopción.</div>
</div>
<ul class="wpuf_customs">            <li class="wpuf-field-data wpuf-field-data-radio_field">
                                    <label>Tipo:</label>
                                Gato            </li>
                    <li class="wpuf-field-data wpuf-field-data-radio_field">
                                    <label>Es un perro:</label>
                                Desconocido            </li>
                    <li class="wpuf-field-data wpuf-field-data-radio_field">
                                    <label>Amigable con perros:</label>
                                Desconocido            </li>
                    <li class="wpuf-field-data wpuf-field-data-radio_field">
                                    <label>Con personas extrañas:</label>
                                Desconocido            </li>
                    <li class="wpuf-field-data wpuf-field-data-radio_field">
                                    <label>Ladrador:</label>
                                Desconocido            </li>
                    <li class="wpuf-field-data wpuf-field-data-radio_field">
                                    <label>Necesita licencia PPP:</label>
                                NO            </li>
                    <li class="wpuf-field-data wpuf-field-data-checkbox_field">
                                    <label>Enfermedades:</label>
                                Ninguna            </li>
                    <li class="wpuf-field-data wpuf-field-data-checkbox_field">
                                    <label>Se entrega:</label>
                                Solo la mascota sin paso previo por veterinario            </li>
                    <li class="wpuf-field-data wpuf-field-data-checkbox_field">
                                    <label>Más información:</label>
                                Bueno con gatos            </li>
                    <li class="wpuf-field-data wpuf-field-data-radio_field">
                                    <label>Se envía la mascota:</label>
                                NO            </li>
                    <li class="wpuf-field-data wpuf-field-data-radio_field">
                                    <label>Origen:</label>
                                Particular            </li>
        <li><label>Fecha de publicación:</label> 7/01/2025</li>            <li class="wpuf-field-data wpuf-field-data-radio_field">
                                    <label>La mascota ha sido adoptada:</label>
                                NO            </li>
                    <li class="wpuf-field-data wpuf-field-data-email_address">
                                    <label>Dirección de correo:</label>
                                <a href="mailto:juliaperezglez15@gmail.com">juliaperezglez15@gmail.com</a>            </li>
        </ul>

<p>GATITA EN ADOPCIÓN RESPONSABLE MADRID-ÁVILA IMPORTANTE: Es imprescindible contar con protecciones en ventanas y terrazas (redes, mallas, etc.) para evitar caídas accidentales Estoy ayudando a una chica a encontrar adoptantes para este gatita callejera de 4 meses de edad que se encuentra en una zona rural de Ávila, pero podría acercarse a Madrid. Lo ideal sería [&#8230;]
