{"id":49218,"date":"2026-01-13T10:09:24","date_gmt":"2026-01-13T10:09:24","guid":{"rendered":"https:\/\/www.wallamascotas.com\/web3\/?post_type=product&#038;p=49218"},"modified":"2026-01-13T10:09:26","modified_gmt":"2026-01-13T10:09:26","slug":"rubi-malaga","status":"publish","type":"product","link":"https:\/\/www.wallamascotas.com\/web3\/mascota\/rubi-malaga\/","title":{"rendered":"RUBI"},"content":{"rendered":"<p>Gato macho. Viv\u00eda en la calle desde este verano. Se ha recogido y est\u00e1 reci\u00e9n castrado y vacunado de enfermedades. El veterinario ha informado que tendr\u00e1 sobre a\u00f1o y medio. Es un gato MUY cari\u00f1oso, le encanta que le rasquen y es sociable tanto como con gatos como con perros.<\/p>\n<p><a href=\"https:\/\/www.wallamascotas.com\/web3\/wp-content\/uploads\/2026\/01\/u9967-81C02D3A-10F3-4B3C-B2CD-039C893CDF68-scaled.jpeg\"><img decoding=\"async\" class=\"attachment-thumbnail size-thumbnail\" src=\"https:\/\/www.wallamascotas.com\/web3\/wp-content\/uploads\/2026\/01\/u9967-81C02D3A-10F3-4B3C-B2CD-039C893CDF68-150x150.jpeg\" alt=\"\" \/><\/a><a href=\"https:\/\/www.wallamascotas.com\/web3\/wp-content\/uploads\/2026\/01\/u9967-081D1526-4921-47E2-AC0D-83C7F39DA482-scaled.jpeg\"><img decoding=\"async\" class=\"attachment-thumbnail size-thumbnail\" src=\"https:\/\/www.wallamascotas.com\/web3\/wp-content\/uploads\/2026\/01\/u9967-081D1526-4921-47E2-AC0D-83C7F39DA482-150x150.jpeg\" alt=\"\" \/><\/a><\/p>\n<ul class=\"wpuf_customs\">            <li class=\"wpuf-field-data wpuf-field-data-radio_field\">\n                                    <label>Tipo:<\/label>\n                                Gato            <\/li>\n                    <li class=\"wpuf-field-data wpuf-field-data-radio_field\">\n                                    <label>Es un perro:<\/label>\n                                Cari\u00f1oso            <\/li>\n                    <li class=\"wpuf-field-data wpuf-field-data-radio_field\">\n                                    <label>Amigable con perros:<\/label>\n                                Es amigo de tod@s            <\/li>\n                    <li class=\"wpuf-field-data wpuf-field-data-radio_field\">\n                                    <label>Con personas extra\u00f1as:<\/label>\n                                Amigable            <\/li>\n                    <li class=\"wpuf-field-data wpuf-field-data-radio_field\">\n                                    <label>Ladrador:<\/label>\n                                Calladito            <\/li>\n                    <li class=\"wpuf-field-data wpuf-field-data-radio_field\">\n                                    <label>Necesita licencia PPP:<\/label>\n                                NO            <\/li>\n                    <li class=\"wpuf-field-data wpuf-field-data-checkbox_field\">\n                                    <label>Enfermedades:<\/label>\n                                Ninguna            <\/li>\n                    <li class=\"wpuf-field-data wpuf-field-data-checkbox_field\">\n                                    <label>Se entrega:<\/label>\n                                Vacunado | Esterilizado            <\/li>\n                    <li class=\"wpuf-field-data wpuf-field-data-checkbox_field\">\n                                    <label>M\u00e1s informaci\u00f3n:<\/label>\n                                Bueno con perros | Bueno con gatos | Bueno con ni\u00f1os | Bueno en casa | Bueno en el coche            <\/li>\n                    <li class=\"wpuf-field-data wpuf-field-data-radio_field\">\n                                    <label>Se env\u00eda la mascota:<\/label>\n                                SI            <\/li>\n                    <li class=\"wpuf-field-data wpuf-field-data-radio_field\">\n                                    <label>En caso de env\u00edo, detallar:<\/label>\n                                Dentro de la provincia            <\/li>\n                    <li class=\"wpuf-field-data wpuf-field-data-radio_field\">\n                                    <label>Origen:<\/label>\n                                Particular            <\/li>\n        <li><label>Fecha de publicaci\u00f3n:<\/label> 12\/01\/2026 19:43<\/li>            <li class=\"wpuf-field-data wpuf-field-data-radio_field\">\n                                    <label>La mascota ha sido adoptada:<\/label>\n                                NO            <\/li>\n                    <li class=\"wpuf-field-data wpuf-field-data-email_address\">\n                                    <label>Direcci\u00f3n de correo:<\/label>\n                                <a href=\"mailto:m_mariagesus@hotmail.com\">m_mariagesus@hotmail.com<\/a>            <\/li>\n                    <li class=\"wpuf-field-data wpuf-field-data-numeric_text_field\">\n                                    <label>Tel\u00e9fono:<\/label>\n                                667351209            <\/li>\n        <\/ul>","protected":false},"excerpt":{"rendered":"<p>Gato macho. Viv\u00eda en la calle desde este verano. Se ha recogido y est\u00e1 reci\u00e9n castrado y vacunado de enfermedades. El veterinario ha informado que tendr\u00e1 sobre a\u00f1o y medio. Es un gato MUY cari\u00f1oso, le encanta que le rasquen y es sociable tanto como con gatos como con perros. Tipo: Gato Es un perro: [&#8230;]\n","protected":false},"featured_media":49213,"template":"","meta":{"_acf_changed":false},"product_brand":[],"product_cat":[16,1000],"product_tag":[],"class_list":{"0":"post-49218","1":"product","2":"type-product","3":"status-publish","4":"has-post-thumbnail","6":"product_cat-adoptargato","7":"product_cat-adoptar-perro-gato-adoptar-mascota-es","8":"pa_edad-b","9":"pa_fecha-nacimiento-ano-3473","10":"pa_fecha-nacimiento-mes-08-agosto","11":"pa_provincia-malaga","12":"pa_raza-gato-comun-europeo","13":"pa_sexo-macho","14":"pa_tamano-b","16":"first","17":"instock","18":"taxable","19":"shipping-taxable","20":"product-type-simple"},"acf":[],"_links":{"self":[{"href":"https:\/\/www.wallamascotas.com\/web3\/wp-json\/wp\/v2\/product\/49218","targetHints":{"allow":["GET"]}}],"collection":[{"href":"https:\/\/www.wallamascotas.com\/web3\/wp-json\/wp\/v2\/product"}],"about":[{"href":"https:\/\/www.wallamascotas.com\/web3\/wp-json\/wp\/v2\/types\/product"}],"wp:featuredmedia":[{"embeddable":true,"href":"https:\/\/www.wallamascotas.com\/web3\/wp-json\/wp\/v2\/media\/49213"}],"wp:attachment":[{"href":"https:\/\/www.wallamascotas.com\/web3\/wp-json\/wp\/v2\/media?parent=49218"}],"wp:term":[{"taxonomy":"product_brand","embeddable":true,"href":"https:\/\/www.wallamascotas.com\/web3\/wp-json\/wp\/v2\/product_brand?post=49218"},{"taxonomy":"product_cat","embeddable":true,"href":"https:\/\/www.wallamascotas.com\/web3\/wp-json\/wp\/v2\/product_cat?post=49218"},{"taxonomy":"product_tag","embeddable":true,"href":"https:\/\/www.wallamascotas.com\/web3\/wp-json\/wp\/v2\/product_tag?post=49218"}],"curies":[{"name":"wp","href":"https:\/\/api.w.org\/{rel}","templated":true}]}}

<p>Gato macho. Vivía en la calle desde este verano. Se ha recogido y está recién castrado y vacunado de enfermedades. El veterinario ha informado que tendrá sobre año y medio. Es un gato MUY cariñoso, le encanta que le rasquen y es sociable tanto como con gatos como con perros.</p>
<p><a href="https://www.wallamascotas.com/web3/wp-content/uploads/2026/01/u9967-81C02D3A-10F3-4B3C-B2CD-039C893CDF68-scaled.jpeg"><img decoding="async" class="attachment-thumbnail size-thumbnail" src="https://www.wallamascotas.com/web3/wp-content/uploads/2026/01/u9967-81C02D3A-10F3-4B3C-B2CD-039C893CDF68-150x150.jpeg" alt="" /></a><a href="https://www.wallamascotas.com/web3/wp-content/uploads/2026/01/u9967-081D1526-4921-47E2-AC0D-83C7F39DA482-scaled.jpeg"><img decoding="async" class="attachment-thumbnail size-thumbnail" src="https://www.wallamascotas.com/web3/wp-content/uploads/2026/01/u9967-081D1526-4921-47E2-AC0D-83C7F39DA482-150x150.jpeg" alt="" /></a></p>
<ul class="wpuf_customs">            <li class="wpuf-field-data wpuf-field-data-radio_field">
                                    <label>Tipo:</label>
                                Gato            </li>
                    <li class="wpuf-field-data wpuf-field-data-radio_field">
                                    <label>Es un perro:</label>
                                Cariñoso            </li>
                    <li class="wpuf-field-data wpuf-field-data-radio_field">
                                    <label>Amigable con perros:</label>
                                Es amigo de tod@s            </li>
                    <li class="wpuf-field-data wpuf-field-data-radio_field">
                                    <label>Con personas extrañas:</label>
                                Amigable            </li>
                    <li class="wpuf-field-data wpuf-field-data-radio_field">
                                    <label>Ladrador:</label>
                                Calladito            </li>
                    <li class="wpuf-field-data wpuf-field-data-radio_field">
                                    <label>Necesita licencia PPP:</label>
                                NO            </li>
                    <li class="wpuf-field-data wpuf-field-data-checkbox_field">
                                    <label>Enfermedades:</label>
                                Ninguna            </li>
                    <li class="wpuf-field-data wpuf-field-data-checkbox_field">
                                    <label>Se entrega:</label>
                                Vacunado | Esterilizado            </li>
                    <li class="wpuf-field-data wpuf-field-data-checkbox_field">
                                    <label>Más información:</label>
                                Bueno con perros | Bueno con gatos | Bueno con niños | Bueno en casa | Bueno en el coche            </li>
                    <li class="wpuf-field-data wpuf-field-data-radio_field">
                                    <label>Se envía la mascota:</label>
                                SI            </li>
                    <li class="wpuf-field-data wpuf-field-data-radio_field">
                                    <label>En caso de envío, detallar:</label>
                                Dentro de la provincia            </li>
                    <li class="wpuf-field-data wpuf-field-data-radio_field">
                                    <label>Origen:</label>
                                Particular            </li>
        <li><label>Fecha de publicación:</label> 12/01/2026 19:43</li>            <li class="wpuf-field-data wpuf-field-data-radio_field">
                                    <label>La mascota ha sido adoptada:</label>
                                NO            </li>
                    <li class="wpuf-field-data wpuf-field-data-email_address">
                                    <label>Dirección de correo:</label>
                                <a href="mailto:m_mariagesus@hotmail.com">m_mariagesus@hotmail.com</a>            </li>
                    <li class="wpuf-field-data wpuf-field-data-numeric_text_field">
                                    <label>Teléfono:</label>
                                667351209            </li>
        </ul>

<p>Gato macho. Vivía en la calle desde este verano. Se ha recogido y está recién castrado y vacunado de enfermedades. El veterinario ha informado que tendrá sobre año y medio. Es un gato MUY cariñoso, le encanta que le rasquen y es sociable tanto como con gatos como con perros. Tipo: Gato Es un perro: [&#8230;]
